Last updated on 2025-02-02 07:50:12 CET.
Flavor | Version | Tinstall | Tcheck | Ttotal | Status | Flags |
---|---|---|---|---|---|---|
r-devel-linux-x86_64-debian-clang | 1.0.2.1 | 37.21 | 90.65 | 127.86 | NOTE | |
r-devel-linux-x86_64-debian-gcc | 1.0.2.1 | 22.83 | 64.05 | 86.88 | NOTE | |
r-devel-linux-x86_64-fedora-clang | 1.0.2.1 | 230.00 | NOTE | |||
r-devel-linux-x86_64-fedora-gcc | 1.0.2.1 | 241.64 | NOTE | |||
r-devel-windows-x86_64 | 1.0.2.1 | 41.00 | 128.00 | 169.00 | NOTE | |
r-patched-linux-x86_64 | 1.0.2.1 | 33.87 | 89.87 | 123.74 | NOTE | |
r-release-linux-x86_64 | 1.0.2.1 | 33.52 | 88.47 | 121.99 | NOTE | |
r-release-macos-arm64 | 1.0.2.1 | 59.00 | NOTE | |||
r-release-macos-x86_64 | 1.0.2.1 | 86.00 | NOTE | |||
r-release-windows-x86_64 | 1.0.2.1 | 42.00 | 135.00 | 177.00 | NOTE | |
r-oldrel-macos-arm64 | 1.0.2.1 | 68.00 | NOTE | |||
r-oldrel-macos-x86_64 | 1.0.2.1 | 109.00 | NOTE | |||
r-oldrel-windows-x86_64 | 1.0.2.1 | 48.00 | 154.00 | 202.00 | NOTE |
Version: 1.0.2.1
Check: C++ specification
Result: NOTE
Specified C++11: please drop specification unless essential
Flavors: r-devel-linux-x86_64-debian-clang, r-devel-linux-x86_64-debian-gcc, r-devel-linux-x86_64-fedora-clang, r-devel-linux-x86_64-fedora-gcc, r-devel-windows-x86_64, r-patched-linux-x86_64, r-release-linux-x86_64, r-release-macos-arm64, r-release-macos-x86_64, r-release-windows-x86_64, r-oldrel-macos-arm64, r-oldrel-macos-x86_64, r-oldrel-windows-x86_64
Version: 1.0.2.1
Check: Rd files
Result: NOTE
checkRd: (-1) oversample.Rd:23-24: Lost braces
23 | minority examples and majority ones, that is, the quotient {size of
| ^
checkRd: (-1) oversample.Rd:24: Lost braces; missing escapes or markup?
24 | minority class}/{size of majority class}. There are methods, such as
| ^
Flavors: r-devel-linux-x86_64-debian-clang, r-devel-linux-x86_64-debian-gcc, r-devel-linux-x86_64-fedora-clang, r-devel-linux-x86_64-fedora-gcc, r-devel-windows-x86_64, r-patched-linux-x86_64, r-release-linux-x86_64, r-release-macos-arm64, r-release-macos-x86_64, r-release-windows-x86_64
These binaries (installable software) and packages are in development.
They may not be fully stable and should be used with caution. We make no claims about them.
Health stats visible at Monitor.