Last updated on 2025-10-09 20:04:10 CEST.
Flavor | Version | Tinstall | Tcheck | Ttotal | Status | Flags |
---|---|---|---|---|---|---|
r-devel-linux-x86_64-debian-clang | 1.0.2.1 | 35.76 | 97.89 | 133.65 | WARN | |
r-devel-linux-x86_64-debian-gcc | 1.0.2.1 | 20.96 | 69.14 | 90.10 | WARN | |
r-devel-linux-x86_64-fedora-clang | 1.0.2.1 | 249.40 | NOTE | |||
r-devel-linux-x86_64-fedora-gcc | 1.0.2.1 | 219.19 | NOTE | |||
r-devel-windows-x86_64 | 1.0.2.1 | 46.00 | 143.00 | 189.00 | NOTE | |
r-patched-linux-x86_64 | 1.0.2.1 | 33.40 | 96.34 | 129.74 | NOTE | |
r-release-linux-x86_64 | 1.0.2.1 | 33.83 | 94.25 | 128.08 | NOTE | |
r-release-macos-arm64 | 1.0.2.1 | 73.00 | NOTE | |||
r-release-macos-x86_64 | 1.0.2.1 | 104.00 | NOTE | |||
r-release-windows-x86_64 | 1.0.2.1 | 44.00 | 136.00 | 180.00 | NOTE | |
r-oldrel-macos-arm64 | 1.0.2.1 | 59.00 | NOTE | |||
r-oldrel-macos-x86_64 | 1.0.2.1 | 86.00 | NOTE | |||
r-oldrel-windows-x86_64 | 1.0.2.1 | 52.00 | 167.00 | 219.00 | NOTE |
Version: 1.0.2.1
Check: CRAN incoming feasibility
Result: NOTE
Maintainer: ‘Ignacio Cordón <nacho.cordon.castillo@gmail.com>’
Package CITATION file contains call(s) to old-style citEntry(). Please
use bibentry() instead.
Flavors: r-devel-linux-x86_64-debian-clang, r-devel-linux-x86_64-debian-gcc
Version: 1.0.2.1
Check: whether package can be installed
Result: WARN
Found the following significant warnings:
/home/hornik/tmp/R.check/r-devel-clang/Work/build/Packages/RcppArmadillo/include/RcppArmadillo/version/arma.h:66:17: warning: Using fallback compilation with Armadillo 14.6.3. Please consider defining -DARMA_USE_CURRENT and also removing C++11 compilation directive. See GitHub issue #475 for more. [-W#pragma-messages]
See ‘/home/hornik/tmp/R.check/r-devel-clang/Work/PKGS/imbalance.Rcheck/00install.out’ for details.
* used C++ compiler: ‘Debian clang version 19.1.7 (7)’
Flavor: r-devel-linux-x86_64-debian-clang
Version: 1.0.2.1
Check: C++ specification
Result: NOTE
Specified C++11: please drop specification unless essential
Flavors: r-devel-linux-x86_64-debian-clang, r-devel-linux-x86_64-debian-gcc, r-devel-linux-x86_64-fedora-clang, r-devel-linux-x86_64-fedora-gcc, r-devel-windows-x86_64, r-patched-linux-x86_64, r-release-linux-x86_64, r-release-macos-arm64, r-release-macos-x86_64, r-release-windows-x86_64, r-oldrel-macos-arm64, r-oldrel-macos-x86_64, r-oldrel-windows-x86_64
Version: 1.0.2.1
Check: Rd files
Result: NOTE
checkRd: (-1) oversample.Rd:23-24: Lost braces
23 | minority examples and majority ones, that is, the quotient {size of
| ^
checkRd: (-1) oversample.Rd:24: Lost braces; missing escapes or markup?
24 | minority class}/{size of majority class}. There are methods, such as
| ^
Flavors: r-devel-linux-x86_64-debian-clang, r-devel-linux-x86_64-debian-gcc, r-devel-linux-x86_64-fedora-clang, r-devel-linux-x86_64-fedora-gcc, r-devel-windows-x86_64, r-patched-linux-x86_64, r-release-linux-x86_64, r-release-macos-arm64, r-release-macos-x86_64, r-release-windows-x86_64, r-oldrel-macos-arm64, r-oldrel-macos-x86_64, r-oldrel-windows-x86_64
Version: 1.0.2.1
Check: whether package can be installed
Result: WARN
Found the following significant warnings:
/home/hornik/tmp/R.check/r-devel-gcc/Work/build/Packages/RcppArmadillo/include/RcppArmadillo/version/arma.h:66:199: note: ‘#pragma message: Using fallback compilation with Armadillo 14.6.3. Please consider defining -DARMA_USE_CURRENT and also removing C++11 compilation directive. See GitHub issue #475 for more.’
See ‘/home/hornik/tmp/R.check/r-devel-gcc/Work/PKGS/imbalance.Rcheck/00install.out’ for details.
* used C++ compiler: ‘g++-15 (Debian 15.2.0-4) 15.2.0’
Flavor: r-devel-linux-x86_64-debian-gcc
These binaries (installable software) and packages are in development.
They may not be fully stable and should be used with caution. We make no claims about them.
Health stats visible at Monitor.