Last updated on 2025-11-01 19:53:56 CET.
| Flavor | Version | Tinstall | Tcheck | Ttotal | Status | Flags |
|---|---|---|---|---|---|---|
| r-devel-linux-x86_64-debian-clang | 2.1.3 | 51.38 | 90.86 | 142.24 | OK | |
| r-devel-linux-x86_64-debian-gcc | 2.1.3 | 29.32 | 63.38 | 92.70 | OK | |
| r-devel-linux-x86_64-fedora-clang | 2.1.3 | 134.00 | 118.87 | 252.87 | OK | |
| r-devel-linux-x86_64-fedora-gcc | 2.1.3 | 29.00 | 204.06 | 233.06 | OK | |
| r-devel-windows-x86_64 | 2.1.3 | 57.00 | 191.00 | 248.00 | OK | |
| r-patched-linux-x86_64 | 2.1.3 | 49.04 | 85.70 | 134.74 | OK | |
| r-release-linux-x86_64 | 2.1.2 | 47.38 | 85.31 | 132.69 | WARN | |
| r-release-macos-arm64 | 2.1.3 | 19.00 | 126.00 | 145.00 | OK | |
| r-release-macos-x86_64 | 2.1.3 | 45.00 | 336.00 | 381.00 | OK | |
| r-release-windows-x86_64 | 2.1.3 | 55.00 | 202.00 | 257.00 | OK | |
| r-oldrel-macos-arm64 | 2.1.3 | 19.00 | 83.00 | 102.00 | OK | |
| r-oldrel-macos-x86_64 | 2.1.3 | 56.00 | 686.00 | 742.00 | OK | |
| r-oldrel-windows-x86_64 | 2.1.3 | 69.00 | 233.00 | 302.00 | OK |
Version: 2.1.2
Check: whether package can be installed
Result: WARN
Found the following significant warnings:
agenbag-gradients.cpp:100:57: warning: ‘static out_eT arma::conv_to<out_eT>::from(const arma::Base<eT2, expr>&, const typename arma::arma_not_cx<in_eT>::result*) [with in_eT = double; T1 = arma::Mat<double>; out_eT = double; typename arma::arma_not_cx<in_eT>::result = double]’ is deprecated: replace conv_to<...>::from(X) with as_scalar(X) [-Wdeprecated-declarations]
convolution-with-quantiles.cpp:85:57: warning: ‘static out_eT arma::conv_to<out_eT>::from(const arma::Base<eT2, expr>&, const typename arma::arma_not_cx<in_eT>::result*) [with in_eT = double; T1 = arma::Mat<double>; out_eT = double; typename arma::arma_not_cx<in_eT>::result = double]’ is deprecated: replace conv_to<...>::from(X) with as_scalar(X) [-Wdeprecated-declarations]
quantile-filter.cpp:67:57: warning: ‘static out_eT arma::conv_to<out_eT>::from(const arma::Base<eT2, expr>&, const typename arma::arma_not_cx<in_eT>::result*) [with in_eT = double; T1 = arma::Mat<double>; out_eT = double; typename arma::arma_not_cx<in_eT>::result = double]’ is deprecated: replace conv_to<...>::from(X) with as_scalar(X) [-Wdeprecated-declarations]
See ‘/home/hornik/tmp/R.check/r-release-gcc/Work/PKGS/imagine.Rcheck/00install.out’ for details.
* used C++ compiler: ‘g++-14 (Debian 14.3.0-8) 14.3.0’
Flavor: r-release-linux-x86_64
These binaries (installable software) and packages are in development.
They may not be fully stable and should be used with caution. We make no claims about them.
Health stats visible at Monitor.