Last updated on 2025-10-30 23:50:11 CET.
| Flavor | Version | Tinstall | Tcheck | Ttotal | Status | Flags | 
|---|---|---|---|---|---|---|
| r-devel-linux-x86_64-debian-clang | 0.5.0 | 11.06 | 100.40 | 111.46 | NOTE | |
| r-devel-linux-x86_64-debian-gcc | 0.5.0 | 8.38 | 72.01 | 80.39 | NOTE | |
| r-devel-linux-x86_64-fedora-clang | 0.5.0 | 53.00 | 119.09 | 172.09 | NOTE | |
| r-devel-linux-x86_64-fedora-gcc | 0.5.0 | 21.00 | 145.40 | 166.40 | NOTE | |
| r-devel-windows-x86_64 | 0.5.0 | 13.00 | 103.00 | 116.00 | NOTE | |
| r-patched-linux-x86_64 | 0.5.0 | 10.25 | 92.56 | 102.81 | NOTE | |
| r-release-linux-x86_64 | 0.5.0 | 9.82 | 90.71 | 100.53 | NOTE | |
| r-release-macos-arm64 | 0.5.0 | 5.00 | 60.00 | 65.00 | NOTE | |
| r-release-macos-x86_64 | 0.5.0 | 9.00 | 91.00 | 100.00 | NOTE | |
| r-release-windows-x86_64 | 0.5.0 | 12.00 | 106.00 | 118.00 | NOTE | |
| r-oldrel-macos-arm64 | 0.5.0 | 5.00 | 45.00 | 50.00 | NOTE | |
| r-oldrel-macos-x86_64 | 0.5.0 | 7.00 | 72.00 | 79.00 | NOTE | |
| r-oldrel-windows-x86_64 | 0.5.0 | 17.00 | 126.00 | 143.00 | NOTE | 
Version: 0.5.0
Check: CRAN incoming feasibility
Result: NOTE
  Maintainer: ‘Juergen Niedballa <niedballa@izw-berlin.de>’
  
  The Description field contains
    <arXiv:1505.04597> and the U-Net++ architecture by Zhou et al. (2018)
    <arXiv:1807.10165>. We provide pre-trained models for assessing canopy
  Please refer to arXiv e-prints via their arXiv DOI <doi:10.48550/arXiv.YYMM.NNNNN>.
Flavors: r-devel-linux-x86_64-debian-clang, r-devel-linux-x86_64-debian-gcc
Version: 0.5.0
Check: Rd files
Result: NOTE
  checkRd: (-1) imagesToKerasInput.Rd:23: Lost braces
      23 | \item{grayscale}{logical. Defines color channels of images: 1 if code{TRUE}, 3 if \code{FALSE}.}
         |                                                                      ^
Flavors: r-devel-linux-x86_64-debian-clang, r-devel-linux-x86_64-debian-gcc, r-devel-linux-x86_64-fedora-clang, r-devel-linux-x86_64-fedora-gcc, r-devel-windows-x86_64, r-patched-linux-x86_64, r-release-linux-x86_64, r-release-macos-arm64, r-release-macos-x86_64, r-release-windows-x86_64, r-oldrel-macos-arm64, r-oldrel-macos-x86_64, r-oldrel-windows-x86_64
These binaries (installable software) and packages are in development.
They may not be fully stable and should be used with caution. We make no claims about them.
Health stats visible at Monitor.