Last updated on 2025-10-30 23:50:11 CET.
| Flavor | Version | Tinstall | Tcheck | Ttotal | Status | Flags | 
|---|---|---|---|---|---|---|
| r-devel-linux-x86_64-debian-clang | 1.3.2 | 57.57 | 73.54 | 131.11 | NOTE | |
| r-devel-linux-x86_64-debian-gcc | 1.3.2 | 37.66 | 56.91 | 94.57 | NOTE | |
| r-devel-linux-x86_64-fedora-clang | 1.3.2 | 223.00 | 32.36 | 255.36 | OK | |
| r-devel-linux-x86_64-fedora-gcc | 1.3.2 | 114.00 | 109.76 | 223.76 | OK | |
| r-devel-windows-x86_64 | 1.3.2 | 67.00 | 115.00 | 182.00 | OK | |
| r-patched-linux-x86_64 | 1.3.2 | 58.58 | 69.89 | 128.47 | OK | |
| r-release-linux-x86_64 | 1.3.2 | 58.07 | 69.60 | 127.67 | OK | |
| r-release-macos-arm64 | 1.3.2 | 22.00 | 52.00 | 74.00 | OK | |
| r-release-macos-x86_64 | 1.3.2 | 19.00 | 101.00 | 120.00 | OK | |
| r-release-windows-x86_64 | 1.3.2 | 67.00 | 114.00 | 181.00 | OK | |
| r-oldrel-macos-arm64 | 1.3.2 | 24.00 | 44.00 | 68.00 | OK | |
| r-oldrel-macos-x86_64 | 1.3.2 | 19.00 | 62.00 | 81.00 | OK | |
| r-oldrel-windows-x86_64 | 1.3.2 | 80.00 | 140.00 | 220.00 | OK | 
Version: 1.3.2
Check: CRAN incoming feasibility
Result: NOTE
  Maintainer: ‘Shota Ochi <shotaochi1990@gmail.com>’
  
  Found the following URLs which should use \doi (with the DOI name only):
    File ‘BalanceSimplest.Rd’:
      https://doi.org/10.5201/ipol.2011.llmps-scb
    File ‘DenoiseDCT.Rd’:
      https://doi.org/10.5201/ipol.2011.ys-dct
    File ‘EqualizePiecewise.Rd’:
      https://doi.org/10.5201/ipol.2012.lps-pae
    File ‘SPE.Rd’:
      https://doi.org/10.5201/ipol.2014.84
Flavors: r-devel-linux-x86_64-debian-clang, r-devel-linux-x86_64-debian-gcc
These binaries (installable software) and packages are in development.
They may not be fully stable and should be used with caution. We make no claims about them.
Health stats visible at Monitor.