Last updated on 2025-10-30 13:48:41 CET.
| Flavor | Version | Tinstall | Tcheck | Ttotal | Status | Flags |
|---|---|---|---|---|---|---|
| r-devel-linux-x86_64-debian-clang | 0.1.64 | 13.46 | 115.54 | 129.00 | NOTE | |
| r-devel-linux-x86_64-debian-gcc | 0.1.64 | 7.68 | 78.53 | 86.21 | NOTE | |
| r-devel-linux-x86_64-fedora-clang | 0.1.64 | 55.00 | 157.66 | 212.66 | NOTE | |
| r-devel-linux-x86_64-fedora-gcc | 0.1.64 | 58.00 | 160.41 | 218.41 | NOTE | |
| r-devel-windows-x86_64 | 0.1.64 | 15.00 | 128.00 | 143.00 | OK | |
| r-patched-linux-x86_64 | 0.1.64 | 12.83 | 108.28 | 121.11 | OK | |
| r-release-linux-x86_64 | 0.1.64 | 9.86 | 107.07 | 116.93 | OK | |
| r-release-macos-arm64 | 0.1.64 | 6.00 | 48.00 | 54.00 | OK | |
| r-release-macos-x86_64 | 0.1.64 | 10.00 | 94.00 | 104.00 | OK | |
| r-release-windows-x86_64 | 0.1.64 | 15.00 | 128.00 | 143.00 | OK | |
| r-oldrel-macos-arm64 | 0.1.64 | 5.00 | 51.00 | 56.00 | OK | |
| r-oldrel-macos-x86_64 | 0.1.64 | 10.00 | 96.00 | 106.00 | OK | |
| r-oldrel-windows-x86_64 | 0.1.64 | 20.00 | 158.00 | 178.00 | OK |
Version: 0.1.64
Check: Rd files
Result: NOTE
checkRd: (-1) imageData-pkg.Rd:20-133: Only 2 columns allowed in this table (row 1 has 1)
checkRd: (-1) imageData-pkg.Rd:20-133: Only 2 columns allowed in this table (row 2 has 1)
checkRd: (-1) imageData-pkg.Rd:20-133: Only 2 columns allowed in this table (row 4 has 1)
checkRd: (-1) imageData-pkg.Rd:20-133: Only 2 columns allowed in this table (row 5 has 1)
checkRd: (-1) imageData-pkg.Rd:20-133: Only 2 columns allowed in this table (row 6 has 1)
checkRd: (-1) imageData-pkg.Rd:20-133: Only 2 columns allowed in this table (row 7 has 1)
checkRd: (-1) imageData-pkg.Rd:20-133: Only 2 columns allowed in this table (row 19 has 1)
checkRd: (-1) imageData-pkg.Rd:20-133: Only 2 columns allowed in this table (row 20 has 1)
checkRd: (-1) imageData-pkg.Rd:20-133: Only 2 columns allowed in this table (row 21 has 1)
checkRd: (-1) imageData-pkg.Rd:20-133: Only 2 columns allowed in this table (row 35 has 1)
checkRd: (-1) imageData-pkg.Rd:20-133: Only 2 columns allowed in this table (row 36 has 1)
checkRd: (-1) imageData-pkg.Rd:20-133: Only 2 columns allowed in this table (row 37 has 1)
checkRd: (-1) imageData-pkg.Rd:20-133: Only 2 columns allowed in this table (row 50 has 1)
checkRd: (-1) imageData-pkg.Rd:20-133: Only 2 columns allowed in this table (row 51 has 1)
checkRd: (-1) imageData-pkg.Rd:20-133: Only 2 columns allowed in this table (row 52 has 1)
checkRd: (-1) imageData-pkg.Rd:20-133: Only 2 columns allowed in this table (row 65 has 1)
checkRd: (-1) imageData-pkg.Rd:20-133: Only 2 columns allowed in this table (row 66 has 1)
checkRd: (-1) imageData-pkg.Rd:20-133: Only 2 columns allowed in this table (row 67 has 1)
checkRd: (-1) imageData-pkg.Rd:20-133: Only 2 columns allowed in this table (row 76 has 1)
checkRd: (-1) imageData-pkg.Rd:20-133: Only 2 columns allowed in this table (row 77 has 1)
checkRd: (-1) imageData-pkg.Rd:20-133: Only 2 columns allowed in this table (row 78 has 1)
Flavors: r-devel-linux-x86_64-debian-clang, r-devel-linux-x86_64-debian-gcc, r-devel-linux-x86_64-fedora-clang, r-devel-linux-x86_64-fedora-gcc
These binaries (installable software) and packages are in development.
They may not be fully stable and should be used with caution. We make no claims about them.
Health stats visible at Monitor.