CRAN Package Check Results for Package image.CornerDetectionF9

Last updated on 2025-05-17 13:49:40 CEST.

Flavor Version Tinstall Tcheck Ttotal Status Flags
r-devel-linux-x86_64-debian-clang 0.1.0 12.22 26.70 38.92 NOTE
r-devel-linux-x86_64-debian-gcc 0.1.0 9.31 20.81 30.12 NOTE
r-devel-linux-x86_64-fedora-clang 0.1.0 65.61 OK
r-devel-linux-x86_64-fedora-gcc 0.1.0 69.48 OK
r-devel-windows-x86_64 0.1.0 16.00 63.00 79.00 OK
r-patched-linux-x86_64 0.1.0 11.59 24.29 35.88 OK
r-release-linux-x86_64 0.1.0 14.10 24.21 38.31 OK
r-release-macos-arm64 0.1.0 22.00 OK
r-release-macos-x86_64 0.1.0 36.00 OK
r-release-windows-x86_64 0.1.0 17.00 71.00 88.00 OK
r-oldrel-macos-arm64 0.1.0 23.00 OK
r-oldrel-macos-x86_64 0.1.0 31.00 OK
r-oldrel-windows-x86_64 0.1.0 16.00 75.00 91.00 OK

Check Details

Version: 0.1.0
Check: CRAN incoming feasibility
Result: NOTE Maintainer: ‘Jan Wijffels <jwijffels@bnosac.be>’ The Description field contains <arXiv:0810.2434>. The package allows to detect corners in digital Please refer to arXiv e-prints via their arXiv DOI <doi:10.48550/arXiv.YYMM.NNNNN>. Flavors: r-devel-linux-x86_64-debian-clang, r-devel-linux-x86_64-debian-gcc

These binaries (installable software) and packages are in development.
They may not be fully stable and should be used with caution. We make no claims about them.
Health stats visible at Monitor.