Last updated on 2025-02-23 15:49:45 CET.
Flavor | Version | Tinstall | Tcheck | Ttotal | Status | Flags |
---|---|---|---|---|---|---|
r-devel-linux-x86_64-debian-clang | 2.1.1 | 1.90 | 19.80 | 21.70 | NOTE | |
r-devel-linux-x86_64-debian-gcc | 2.1.1 | 1.56 | 16.43 | 17.99 | NOTE | |
r-devel-linux-x86_64-fedora-clang | 2.1.1 | 34.16 | NOTE | |||
r-devel-linux-x86_64-fedora-gcc | 2.1.1 | 33.13 | NOTE | |||
r-devel-macos-arm64 | 2.1.1 | 15.00 | NOTE | |||
r-devel-macos-x86_64 | 2.1.1 | 24.00 | NOTE | |||
r-devel-windows-x86_64 | 2.1.1 | 3.00 | 44.00 | 47.00 | NOTE | |
r-patched-linux-x86_64 | 2.1.1 | 2.24 | 18.75 | 20.99 | NOTE | |
r-release-linux-x86_64 | 2.1.1 | 1.84 | 18.69 | 20.53 | NOTE | |
r-release-macos-arm64 | 2.1.1 | 15.00 | NOTE | |||
r-release-macos-x86_64 | 2.1.1 | 23.00 | NOTE | |||
r-release-windows-x86_64 | 2.1.1 | 4.00 | 42.00 | 46.00 | NOTE | |
r-oldrel-macos-arm64 | 2.1.1 | 15.00 | OK | |||
r-oldrel-macos-x86_64 | 2.1.1 | 21.00 | OK | |||
r-oldrel-windows-x86_64 | 2.1.1 | 3.00 | 42.00 | 45.00 | OK |
Version: 2.1.1
Check: Rd files
Result: NOTE
checkRd: (-1) Bpa.Rd:39-40: Lost braces
39 | stocks. \doi{10.17895/ices.pub.3036}{\emph{ICES Advice
| ^
checkRd: (-1) Fpa.Rd:42-43: Lost braces
42 | stocks. \doi{10.17895/ices.pub.3036}{\emph{ICES Advice
| ^
checkRd: (-1) icesRound.Rd:64-65: Lost braces
64 | \doi{10.17895/ices.pub.3038}{\emph{ICES Advice Technical
| ^
checkRd: (-1) mohn.Rd:71-72: Lost braces
71 | \doi{10.17895/ices.pub.5997}{\emph{ICES Scientific Reports
| ^
Flavors: r-devel-linux-x86_64-debian-clang, r-devel-linux-x86_64-debian-gcc, r-devel-linux-x86_64-fedora-clang, r-devel-linux-x86_64-fedora-gcc, r-devel-macos-arm64, r-devel-macos-x86_64, r-devel-windows-x86_64, r-patched-linux-x86_64, r-release-linux-x86_64, r-release-macos-arm64, r-release-macos-x86_64, r-release-windows-x86_64
These binaries (installable software) and packages are in development.
They may not be fully stable and should be used with caution. We make no claims about them.
Health stats visible at Monitor.