CRAN Package Check Results for Package icenReg

Last updated on 2025-02-23 19:51:07 CET.

Flavor Version Tinstall Tcheck Ttotal Status Flags
r-devel-linux-x86_64-debian-clang 2.0.16 56.08 123.59 179.67 OK
r-devel-linux-x86_64-debian-gcc 2.0.16 46.87 94.05 140.92 OK
r-devel-linux-x86_64-fedora-clang 2.0.16 308.02 OK
r-devel-linux-x86_64-fedora-gcc 2.0.16 339.26 OK
r-devel-macos-arm64 2.0.16 98.00 OK
r-devel-macos-x86_64 2.0.16 198.00 OK
r-devel-windows-x86_64 2.0.16 57.00 258.00 315.00 OK
r-patched-linux-x86_64 2.0.16 61.51 126.49 188.00 OK
r-release-linux-x86_64 2.0.16 66.26 127.11 193.37 OK
r-release-macos-arm64 2.0.16 94.00 NOTE
r-release-macos-x86_64 2.0.16 163.00 NOTE
r-release-windows-x86_64 2.0.16 58.00 255.00 313.00 OK
r-oldrel-macos-arm64 2.0.16 121.00 NOTE
r-oldrel-macos-x86_64 2.0.16 261.00 NOTE
r-oldrel-windows-x86_64 2.0.16 73.00 292.00 365.00 OK

Check Details

Version: 2.0.16
Check: installed package size
Result: NOTE installed size is 19.3Mb sub-directories of 1Mb or more: libs 17.8Mb Flavors: r-release-macos-arm64, r-release-macos-x86_64, r-oldrel-macos-arm64, r-oldrel-macos-x86_64

These binaries (installable software) and packages are in development.
They may not be fully stable and should be used with caution. We make no claims about them.
Health stats visible at Monitor.