Last updated on 2024-05-02 09:51:43 CEST.
Flavor | Version | Tinstall | Tcheck | Ttotal | Status | Flags |
---|---|---|---|---|---|---|
r-devel-linux-x86_64-debian-clang | 1.0 | 59.70 | 30.86 | 90.56 | NOTE | |
r-devel-linux-x86_64-debian-gcc | 1.0 | 51.82 | 24.43 | 76.25 | NOTE | |
r-devel-linux-x86_64-fedora-clang | 1.0 | 130.58 | NOTE | |||
r-devel-linux-x86_64-fedora-gcc | 1.0 | 124.83 | NOTE | |||
r-devel-windows-x86_64 | 1.0 | 56.00 | 47.00 | 103.00 | NOTE | |
r-patched-linux-x86_64 | 1.0 | 57.62 | 29.81 | 87.43 | NOTE | |
r-release-linux-x86_64 | 1.0 | 63.22 | 29.77 | 92.99 | NOTE | |
r-release-macos-arm64 | 1.0 | 52.00 | NOTE | |||
r-release-windows-x86_64 | 1.0 | 56.00 | 48.00 | 104.00 | NOTE | |
r-oldrel-macos-arm64 | 1.0 | 58.00 | NOTE | |||
r-oldrel-macos-x86_64 | 1.0 | 84.00 | NOTE | |||
r-oldrel-windows-x86_64 | 1.0 | 54.00 | 48.00 | 102.00 | NOTE |
Version: 1.0
Check: package dependencies
Result: NOTE
Package suggested but not available for checking: ‘icd’
Flavors: r-devel-linux-x86_64-debian-clang, r-devel-linux-x86_64-debian-gcc, r-devel-linux-x86_64-fedora-clang, r-devel-linux-x86_64-fedora-gcc, r-devel-windows-x86_64, r-patched-linux-x86_64, r-release-linux-x86_64, r-release-macos-arm64, r-release-windows-x86_64, r-oldrel-macos-arm64, r-oldrel-macos-x86_64, r-oldrel-windows-x86_64
Version: 1.0
Check: data for non-ASCII characters
Result: NOTE
Note: found 55 marked UTF-8 strings
Flavors: r-devel-linux-x86_64-fedora-clang, r-devel-linux-x86_64-fedora-gcc
Version: 1.0
Check: installed package size
Result: NOTE
installed size is 5.8Mb
sub-directories of 1Mb or more:
data 5.6Mb
Flavors: r-release-macos-arm64, r-oldrel-macos-arm64, r-oldrel-macos-x86_64
These binaries (installable software) and packages are in development.
They may not be fully stable and should be used with caution. We make no claims about them.
Health stats visible at Monitor.