Last updated on 2025-05-03 22:49:57 CEST.
Flavor | Version | Tinstall | Tcheck | Ttotal | Status | Flags |
---|---|---|---|---|---|---|
r-devel-linux-x86_64-debian-clang | 1.7 | 7.33 | 57.37 | 64.70 | NOTE | |
r-devel-linux-x86_64-debian-gcc | 1.7 | 4.91 | 40.94 | 45.85 | NOTE | |
r-devel-linux-x86_64-fedora-clang | 1.7 | 92.75 | NOTE | |||
r-devel-linux-x86_64-fedora-gcc | 1.7 | 97.97 | NOTE | |||
r-devel-windows-x86_64 | 1.7 | 10.00 | 68.00 | 78.00 | OK | |
r-patched-linux-x86_64 | 1.7 | 7.04 | 53.71 | 60.75 | OK | |
r-release-linux-x86_64 | OK | |||||
r-release-macos-arm64 | 1.7 | 29.00 | OK | |||
r-release-macos-x86_64 | 1.7 | 50.00 | OK | |||
r-release-windows-x86_64 | 1.7 | 9.00 | 72.00 | 81.00 | OK | |
r-oldrel-macos-arm64 | 1.7 | 31.00 | OK | |||
r-oldrel-macos-x86_64 | 1.7 | 44.00 | OK | |||
r-oldrel-windows-x86_64 | 1.7 | 13.00 | 86.00 | 99.00 | OK |
Version: 1.7
Check: CRAN incoming feasibility
Result: NOTE
Maintainer: ‘Luiz Henrique Keng Queiroz Junior <keng@ufg.br>’
No Authors@R field in DESCRIPTION.
Please add one, modifying
Authors@R: c(person(given = c("Luiz", "Henrique", "Keng", "Queiroz"),
family = "Junior",
role = c("aut", "cre"),
email = "keng@ufg.br"),
person(given = c("Vitor", "Mendes"),
family = "de Oliveira",
role = "aut"))
as necessary.
The BugReports field in DESCRIPTION has
https://github.com/vitor-mendes-iq/iSTATS
which should likely be
https://github.com/vitor-mendes-iq/iSTATS/issues
instead.
Flavors: r-devel-linux-x86_64-debian-clang, r-devel-linux-x86_64-debian-gcc
Version: 1.7
Check: dependencies in R code
Result: NOTE
Namespace in Imports field not imported from: ‘readr’
All declared Imports should be used.
Flavors: r-devel-linux-x86_64-fedora-clang, r-devel-linux-x86_64-fedora-gcc
These binaries (installable software) and packages are in development.
They may not be fully stable and should be used with caution. We make no claims about them.
Health stats visible at Monitor.