Last updated on 2024-05-02 06:11:51 CEST.
Flavor | Version | Tinstall | Tcheck | Ttotal | Status | Flags |
---|---|---|---|---|---|---|
r-devel-linux-x86_64-debian-clang | 3.1.3 | 101.35 | 429.91 | 531.26 | NOTE | |
r-devel-linux-x86_64-debian-gcc | 3.1.3 | 71.95 | 297.66 | 369.61 | NOTE | |
r-devel-linux-x86_64-fedora-clang | 3.1.3 | 642.37 | NOTE | |||
r-devel-linux-x86_64-fedora-gcc | 3.1.3 | 614.63 | NOTE | |||
r-devel-windows-x86_64 | 3.1.3 | 67.00 | 290.00 | 357.00 | NOTE | |
r-patched-linux-x86_64 | 3.1.3 | 67.34 | 247.57 | 314.91 | NOTE | |
r-release-linux-x86_64 | 3.1.3 | 67.61 | 401.35 | 468.96 | NOTE | |
r-release-macos-arm64 | 3.1.3 | 144.00 | NOTE | |||
r-release-macos-x86_64 | 3.1.4 | 471.00 | NOTE | |||
r-release-windows-x86_64 | 3.1.3 | 66.00 | 287.00 | 353.00 | NOTE | |
r-oldrel-macos-arm64 | 3.1.3 | 187.00 | NOTE | |||
r-oldrel-macos-x86_64 | 3.1.4 | 382.00 | NOTE | |||
r-oldrel-windows-x86_64 | 3.1.3 | 87.00 | 393.00 | 480.00 | OK |
Version: 3.1.3
Check: Rd files
Result: NOTE
checkRd: (-1) hypervolume_set.Rd:42: Lost braces; missing escapes or markup?
42 | By default, the function uses \code{check.memory=TRUE} which will provide an estimate of the computational cost of the set operations. The function should then be re-run with {check_memory=FALSE} if the cost is acceptable. This algorithm's memory and time cost scale quadratically with the number of input points, so large datasets can have disproportionately high costs. This error-checking is intended to prevent the user from large accidental memory allocation.
| ^
Flavors: r-devel-linux-x86_64-debian-clang, r-devel-linux-x86_64-debian-gcc, r-devel-linux-x86_64-fedora-clang, r-devel-linux-x86_64-fedora-gcc, r-devel-windows-x86_64, r-patched-linux-x86_64, r-release-linux-x86_64, r-release-macos-arm64, r-release-windows-x86_64
Version: 3.1.3
Check: package dependencies
Result: NOTE
Imports includes 22 non-default packages.
Importing from so many packages makes the package vulnerable to any of
them becoming unavailable. Move as many as possible to Suggests and
use conditionally.
Flavor: r-devel-linux-x86_64-fedora-clang
Version: 3.1.3
Check: dependencies in R code
Result: NOTE
Namespace in Imports field not imported from: ‘raster’
All declared Imports should be used.
Flavors: r-devel-linux-x86_64-fedora-clang, r-devel-linux-x86_64-fedora-gcc
Version: 3.1.3
Check: installed package size
Result: NOTE
installed size is 5.8Mb
sub-directories of 1Mb or more:
doc 2.8Mb
libs 1.8Mb
Flavors: r-release-macos-arm64, r-oldrel-macos-arm64
Version: 3.1.4
Check: installed package size
Result: NOTE
installed size is 5.8Mb
sub-directories of 1Mb or more:
doc 2.8Mb
libs 1.8Mb
Flavors: r-release-macos-x86_64, r-oldrel-macos-x86_64
These binaries (installable software) and packages are in development.
They may not be fully stable and should be used with caution. We make no claims about them.
Health stats visible at Monitor.