Last updated on 2025-02-23 19:51:07 CET.
Flavor | Version | Tinstall | Tcheck | Ttotal | Status | Flags |
---|---|---|---|---|---|---|
r-devel-linux-x86_64-debian-clang | 1.0.2 | 6.40 | 55.53 | 61.93 | OK | |
r-devel-linux-x86_64-debian-gcc | 1.0.2 | 3.93 | 40.76 | 44.69 | OK | |
r-devel-linux-x86_64-fedora-clang | 1.0.2 | 1870.31 | ERROR | |||
r-devel-linux-x86_64-fedora-gcc | 1.0.2 | 1621.59 | ERROR | |||
r-devel-macos-arm64 | 1.0.2 | 30.00 | OK | |||
r-devel-macos-x86_64 | 1.0.2 | 63.00 | OK | |||
r-devel-windows-x86_64 | 1.0.2 | 7.00 | 70.00 | 77.00 | OK | |
r-patched-linux-x86_64 | 1.0.2 | 5.49 | 51.07 | 56.56 | OK | |
r-release-linux-x86_64 | 1.0.2 | 5.79 | 52.12 | 57.91 | OK | |
r-release-macos-arm64 | 1.0.2 | 33.00 | OK | |||
r-release-macos-x86_64 | 1.0.2 | 59.00 | OK | |||
r-release-windows-x86_64 | 1.0.2 | 9.00 | 66.00 | 75.00 | OK | |
r-oldrel-macos-arm64 | 1.0.2 | 34.00 | OK | |||
r-oldrel-macos-x86_64 | 1.0.2 | 54.00 | OK | |||
r-oldrel-windows-x86_64 | 1.0.2 | 9.00 | 79.00 | 88.00 | OK |
Version: 1.0.2
Check: tests
Result: ERROR
Running ‘testthat.R’ [30m/39m]
Running the tests in ‘tests/testthat.R’ failed.
Complete output:
> # This file is part of the standard setup for testthat.
> # It is recommended that you do not modify it.
> #
> # Where should you do additional test configuration?
> # Learn more about the roles of various files in:
> # * https://r-pkgs.org/tests.html
> # * https://testthat.r-lib.org/reference/test_package.html#special-files
>
> library(testthat)
> library(hyperbolicDEA)
Welcome to hyperbolicDEA
Version: 1.0.2
Visit https://github.com/AlexanderOe/hyperbolicDEA for more information or opening issues. You can also contact me via alexander@ifro.ku.dk.
When using the package, please cite the following paper: Öttl, A., Asmild, M., & Gulde, D. (2023). Data Envelopment Analysis and hyperbolic efficiency measures: Extending applications and possibilities for between-group comparisons.
>
> test_check("hyperbolicDEA")
Error: nlopt_add_equality_mconstraint returned NLOPT_INVALID_ARGS.
Error: nlopt_add_equality_mconstraint returned NLOPT_INVALID_ARGS.
Error: nlopt_add_equality_mconstraint returned NLOPT_INVALID_ARGS.
Error: nlopt_add_equality_mconstraint returned NLOPT_INVALID_ARGS.
Error: nlopt_add_equality_mconstraint returned NLOPT_INVALID_ARGS.
Error: nlopt_add_equality_mconstraint returned NLOPT_INVALID_ARGS.
Error: nlopt_add_equality_mconstraint returned NLOPT_INVALID_ARGS.
Error: nlopt_add_equality_mconstraint returned NLOPT_INVALID_ARGS.
Error: nlopt_add_equality_mconstraint returned NLOPT_INVALID_ARGS.
Error: nlopt_add_equality_mconstraint returned NLOPT_INVALID_ARGS.
Error: nlopt_add_equality_mconstraint returned NLOPT_INVALID_ARGS.
Error: nlopt_add_equality_mconstraint returned NLOPT_INVALID_ARGS.
Error: nlopt_add_equality_mconstraint returned NLOPT_INVALID_ARGS.
Error: nlopt_add_equality_mconstraint returned NLOPT_INVALID_ARGS.
Error: nlopt_add_equality_mconstraint returned NLOPT_INVALID_ARGS.
Error: nlopt_add_equality_mconstraint returned NLOPT_INVALID_ARGS.
Error: nlopt_add_equality_mconstraint returned NLOPT_INVALID_ARGS.
Error: nlopt_add_equality_mconstraint returned NLOPT_INVALID_ARGS.
Error: nlopt_add_equality_mconstraint returned NLOPT_INVALID_ARGS.
Error: nlopt_add_equality_mconstraint returned NLOPT_INVALID_ARGS.
Error: nlopt_add_equality_mconstraint returned NLOPT_INVALID_ARGS.
Error: nlopt_add_equality_mconstraint returned NLOPT_INVALID_ARGS.
Error: nlopt_add_equality_mconstraint returned NLOPT_INVALID_ARGS.
Flavor: r-devel-linux-x86_64-fedora-clang
Version: 1.0.2
Check: tests
Result: ERROR
Running ‘testthat.R’ [26m/90m]
Running the tests in ‘tests/testthat.R’ failed.
Complete output:
> # This file is part of the standard setup for testthat.
> # It is recommended that you do not modify it.
> #
> # Where should you do additional test configuration?
> # Learn more about the roles of various files in:
> # * https://r-pkgs.org/tests.html
> # * https://testthat.r-lib.org/reference/test_package.html#special-files
>
> library(testthat)
> library(hyperbolicDEA)
Welcome to hyperbolicDEA
Version: 1.0.2
Visit https://github.com/AlexanderOe/hyperbolicDEA for more information or opening issues. You can also contact me via alexander@ifro.ku.dk.
When using the package, please cite the following paper: Öttl, A., Asmild, M., & Gulde, D. (2023). Data Envelopment Analysis and hyperbolic efficiency measures: Extending applications and possibilities for between-group comparisons.
>
> test_check("hyperbolicDEA")
Error: nlopt_add_equality_mconstraint returned NLOPT_INVALID_ARGS.
Error: nlopt_add_equality_mconstraint returned NLOPT_INVALID_ARGS.
Error: nlopt_add_equality_mconstraint returned NLOPT_INVALID_ARGS.
Error: nlopt_add_equality_mconstraint returned NLOPT_INVALID_ARGS.
Error: nlopt_add_equality_mconstraint returned NLOPT_INVALID_ARGS.
Error: nlopt_add_equality_mconstraint returned NLOPT_INVALID_ARGS.
Error: nlopt_add_equality_mconstraint returned NLOPT_INVALID_ARGS.
Error: nlopt_add_equality_mconstraint returned NLOPT_INVALID_ARGS.
Error: nlopt_add_equality_mconstraint returned NLOPT_INVALID_ARGS.
Error: nlopt_add_equality_mconstraint returned NLOPT_INVALID_ARGS.
Error: nlopt_add_equality_mconstraint returned NLOPT_INVALID_ARGS.
Error: nlopt_add_equality_mconstraint returned NLOPT_INVALID_ARGS.
Error: nlopt_add_equality_mconstraint returned NLOPT_INVALID_ARGS.
Error: nlopt_add_equality_mconstraint returned NLOPT_INVALID_ARGS.
Error: nlopt_add_equality_mconstraint returned NLOPT_INVALID_ARGS.
Error: nlopt_add_equality_mconstraint returned NLOPT_INVALID_ARGS.
Error: nlopt_add_equality_mconstraint returned NLOPT_INVALID_ARGS.
Error: nlopt_add_equality_mconstraint returned NLOPT_INVALID_ARGS.
Error: nlopt_add_equality_mconstraint returned NLOPT_INVALID_ARGS.
Error: nlopt_add_equality_mconstraint returned NLOPT_INVALID_ARGS.
Error: nlopt_add_equality_mconstraint returned NLOPT_INVALID_ARGS.
Error: nlopt_add_equality_mconstraint returned NLOPT_INVALID_ARGS.
Error: nlopt_add_equality_mconstraint returned NLOPT_INVALID_ARGS.
Execution halted
Flavor: r-devel-linux-x86_64-fedora-gcc
These binaries (installable software) and packages are in development.
They may not be fully stable and should be used with caution. We make no claims about them.
Health stats visible at Monitor.