Last updated on 2024-05-02 08:01:44 CEST.
Flavor | Version | Tinstall | Tcheck | Ttotal | Status | Flags |
---|---|---|---|---|---|---|
r-devel-linux-x86_64-debian-clang | 0.100.0 | 21.58 | 235.48 | 257.06 | NOTE | |
r-devel-linux-x86_64-debian-gcc | 0.100.0 | 14.31 | 247.44 | 261.75 | NOTE | |
r-devel-linux-x86_64-fedora-clang | 0.100.2 | 244.41 | OK | |||
r-devel-linux-x86_64-fedora-gcc | 0.100.0 | 431.70 | NOTE | |||
r-devel-windows-x86_64 | 0.100.0 | 18.00 | 414.00 | 432.00 | NOTE | |
r-patched-linux-x86_64 | 0.100.0 | 14.35 | 197.58 | 211.93 | NOTE | |
r-release-linux-x86_64 | 0.100.0 | 13.15 | 197.61 | 210.76 | NOTE | |
r-release-macos-arm64 | 0.100.2 | 70.00 | OK | |||
r-release-macos-x86_64 | 0.100.2 | 190.00 | OK | |||
r-release-windows-x86_64 | 0.100.0 | 20.00 | 409.00 | 429.00 | NOTE | |
r-oldrel-macos-arm64 | 0.100.2 | 75.00 | OK | |||
r-oldrel-macos-x86_64 | 0.100.2 | 172.00 | OK | |||
r-oldrel-windows-x86_64 | 0.100.0 | 24.00 | 445.00 | 469.00 | NOTE |
Version: 0.100.0
Check: Rd files
Result: NOTE
checkRd: (-1) extractreplace.Rd:36: Lost braces
36 | \code{[[} and code{[[<-} accept indexing with logical matrix or a n by 2
| ^
checkRd: (-1) palettes.Rd:25: Escaped LaTeX specials: \#
Flavors: r-devel-linux-x86_64-debian-clang, r-devel-linux-x86_64-debian-gcc, r-devel-linux-x86_64-fedora-gcc, r-devel-windows-x86_64, r-patched-linux-x86_64, r-release-linux-x86_64, r-release-windows-x86_64
Version: 0.100.0
Check: Rd \usage sections
Result: NOTE
Documented arguments not in \usage in Rd file 'read.txt.Witec.Rd':
‘nwl’ ‘remove.zerospc’
Functions with \usage entries need to have the appropriate \alias
entries, and all their arguments documented.
The \usage entries must correspond to syntactically valid R code.
See chapter ‘Writing R documentation files’ in the ‘Writing R
Extensions’ manual.
Flavors: r-devel-linux-x86_64-debian-clang, r-devel-linux-x86_64-debian-gcc, r-devel-linux-x86_64-fedora-gcc, r-devel-windows-x86_64, r-patched-linux-x86_64, r-release-linux-x86_64, r-release-windows-x86_64
Version: 0.100.0
Check: Rd files
Result: NOTE
checkRd: (-1) palettes.Rd:25: Escaped LaTeX specials: \#
Flavor: r-oldrel-windows-x86_64
These binaries (installable software) and packages are in development.
They may not be fully stable and should be used with caution. We make no claims about them.
Health stats visible at Monitor.