Last updated on 2024-05-02 08:01:44 CEST.
Flavor | Version | Tinstall | Tcheck | Ttotal | Status | Flags |
---|---|---|---|---|---|---|
r-devel-linux-x86_64-debian-clang | 3.0-0 | 44.82 | 563.22 | 608.04 | NOTE | |
r-devel-linux-x86_64-debian-gcc | 3.0-0 | 39.31 | 475.81 | 515.12 | NOTE | |
r-devel-linux-x86_64-fedora-clang | 3.0-0 | 858.89 | NOTE | |||
r-devel-linux-x86_64-fedora-gcc | 3.0-0 | 923.69 | NOTE | |||
r-devel-windows-x86_64 | 3.0-0 | 44.00 | 467.00 | 511.00 | NOTE | |
r-patched-linux-x86_64 | 3.0-0 | 55.54 | 450.46 | 506.00 | NOTE | |
r-release-linux-x86_64 | 3.0-0 | 50.52 | 437.37 | 487.89 | NOTE | |
r-release-macos-arm64 | 3.0-0 | 190.00 | NOTE | |||
r-release-windows-x86_64 | 3.0-0 | 44.00 | 487.00 | 531.00 | NOTE | |
r-oldrel-macos-arm64 | 3.0-0 | 239.00 | OK | |||
r-oldrel-macos-x86_64 | 3.0-0 | 512.00 | NOTE | |||
r-oldrel-windows-x86_64 | 3.0-0 | 53.00 | 745.00 | 798.00 | OK |
Version: 3.0-0
Check: Rd files
Result: NOTE
checkRd: (-1) Ops.hyper2.Rd:48: Lost braces; missing escapes or markup?
48 | Idiom \code{H1-H1} returns {H1 + (-1)*H2}, useful for investigating
| ^
checkRd: (-1) eurodance.Rd:37: Lost braces
37 | 2009---{Wikipedia}{,} The Free Encyclopedia}, 2018,
| ^
checkRd: (-1) eurovision.Rd:45: Lost braces
45 | 2009---{Wikipedia}{,} The Free Encyclopedia}, 2018,
| ^
checkRd: (-1) formula1.Rd:56: Lost braces
56 | Championship---{Wikipedia}{,} The Free Encyclopedia}, 2018.
| ^
checkRd: (-1) pentathlon.Rd:30: Lost braces
30 | Summer Olympics - Men's}. {Wikipedia}{,} The Free Encyclopedia,
| ^
Flavors: r-devel-linux-x86_64-debian-clang, r-devel-linux-x86_64-debian-gcc, r-devel-linux-x86_64-fedora-clang, r-devel-linux-x86_64-fedora-gcc, r-devel-windows-x86_64, r-patched-linux-x86_64, r-release-linux-x86_64, r-release-macos-arm64, r-release-windows-x86_64
Version: 3.0-0
Check: re-building of vignette outputs
Result: NOTE
Error(s) in re-building vignettes:
--- re-building ‘hyper3.Rmd’ using rmarkdown
Pandoc is required to build R Markdown vignettes but not available. Please make sure it is installed.
--- finished re-building ‘hyper3.Rmd’
--- re-building ‘icons.Rmd’ using rmarkdown
Pandoc is required to build R Markdown vignettes but not available. Please make sure it is installed.
--- finished re-building ‘icons.Rmd’
--- re-building ‘hyper2.Rnw’ using Sweave
Loading required package: magrittr
Loading required package: cubature
Attaching package: ‘hyper2’
The following object is masked from ‘package:stats’:
weights
Warning in print.hyper2(res$value) : powers have nonzero sum
Warning in print.hyper2(res$value) : powers have nonzero sum
Warning in print.hyper2(res$value) : powers have nonzero sum
Warning in print.hyper2(res$value) : powers have nonzero sum
Error: processing vignette 'hyper2.Rnw' failed with diagnostics:
Running 'texi2dvi' on 'hyper2.tex' failed.
LaTeX errors:
! LaTeX Error: File `dsfont.sty' not found.
Type X to quit or <RETURN> to proceed,
or enter new name. (Default extension: sty)
! Emergency stop.
<read *>
l.10 \usepackage
{bbm}^^M
! ==> Fatal error occurred, no output PDF file produced!
--- failed re-building ‘hyper2.Rnw’
--- re-building ‘integration.Rnw’ using Sweave
Attaching package: ‘hyper2’
The following object is masked from ‘package:stats’:
weights
Warning in print.hyper2(res$value) : powers have nonzero sum
Error: processing vignette 'integration.Rnw' failed with diagnostics:
Running 'texi2dvi' on 'integration.tex' failed.
LaTeX errors:
! LaTeX Error: File `dsfont.sty' not found.
Type X to quit or <RETURN> to proceed,
or enter new name. (Default extension: sty)
! Emergency stop.
<read *>
l.4 \usepackage
{bbm}^^M
! ==> Fatal error occurred, no output PDF file produced!
--- failed re-building ‘integration.Rnw’
SUMMARY: processing the following files failed:
‘hyper2.Rnw’ ‘integration.Rnw’
Error: Vignette re-building failed.
Execution halted
Flavor: r-oldrel-macos-x86_64
These binaries (installable software) and packages are in development.
They may not be fully stable and should be used with caution. We make no claims about them.
Health stats visible at Monitor.