Last updated on 2025-05-11 11:51:05 CEST.
Flavor | Version | Tinstall | Tcheck | Ttotal | Status | Flags |
---|---|---|---|---|---|---|
r-devel-linux-x86_64-debian-clang | 0.6.0 | 21.55 | 27.38 | 48.93 | NOTE | |
r-devel-linux-x86_64-debian-gcc | 0.6.0 | 16.88 | 21.73 | 38.61 | NOTE | |
r-devel-linux-x86_64-fedora-clang | 0.6.0 | 91.51 | NOTE | |||
r-devel-linux-x86_64-fedora-gcc | 0.6.0 | 112.85 | NOTE | |||
r-devel-windows-x86_64 | 0.6.0 | 28.00 | 67.00 | 95.00 | OK | |
r-patched-linux-x86_64 | 0.6.0 | 23.27 | 26.41 | 49.68 | OK | |
r-release-linux-x86_64 | 0.6.0 | 23.72 | 26.64 | 50.36 | OK | |
r-release-macos-arm64 | 0.6.0 | 33.00 | OK | |||
r-release-macos-x86_64 | 0.6.0 | 56.00 | OK | |||
r-release-windows-x86_64 | 0.6.0 | 27.00 | 64.00 | 91.00 | OK | |
r-oldrel-macos-arm64 | 0.6.0 | 35.00 | NOTE | |||
r-oldrel-macos-x86_64 | 0.6.0 | 70.00 | NOTE | |||
r-oldrel-windows-x86_64 | 0.6.0 | 27.00 | 87.00 | 114.00 | NOTE |
Version: 0.6.0
Check: CRAN incoming feasibility
Result: NOTE
Maintainer: ‘Oliver Keyes <ironholds@gmail.com>’
No Authors@R field in DESCRIPTION.
Please add one, modifying
Authors@R: person(given = "Oliver",
family = "Keyes",
role = c("aut", "cre"),
email = "ironholds@gmail.com")
as necessary.
The Description field contains
(https://github.com/ chovy/humanparser) provides functions for parsing
Please enclose URLs in angle brackets (<...>).
Flavors: r-devel-linux-x86_64-debian-clang, r-devel-linux-x86_64-debian-gcc
Version: 0.6.0
Check: compiled code
Result: NOTE
File ‘humaniformat/libs/humaniformat.so’:
Found no calls to: ‘R_registerRoutines’, ‘R_useDynamicSymbols’
It is good practice to register native routines and to disable symbol
search.
See ‘Writing portable packages’ in the ‘Writing R Extensions’ manual.
Flavors: r-devel-linux-x86_64-fedora-clang, r-devel-linux-x86_64-fedora-gcc
Version: 0.6.0
Check: LazyData
Result: NOTE
'LazyData' is specified without a 'data' directory
Flavors: r-oldrel-macos-arm64, r-oldrel-macos-x86_64, r-oldrel-windows-x86_64
These binaries (installable software) and packages are in development.
They may not be fully stable and should be used with caution. We make no claims about them.
Health stats visible at Monitor.