Last updated on 2025-02-23 19:51:07 CET.
Flavor | Version | Tinstall | Tcheck | Ttotal | Status | Flags |
---|---|---|---|---|---|---|
r-devel-linux-x86_64-debian-clang | 0.2.5 | 7.31 | 109.45 | 116.76 | OK | |
r-devel-linux-x86_64-debian-gcc | 0.2.5 | 4.75 | 76.03 | 80.78 | OK | |
r-devel-linux-x86_64-fedora-clang | 0.2.5 | 184.97 | OK | |||
r-devel-linux-x86_64-fedora-gcc | 0.2.5 | 187.65 | OK | |||
r-devel-macos-arm64 | 0.2.5 | 76.00 | OK | |||
r-devel-macos-x86_64 | 0.2.5 | 80.00 | ERROR | |||
r-devel-windows-x86_64 | 0.2.5 | 9.00 | 125.00 | 134.00 | OK | |
r-patched-linux-x86_64 | 0.2.5 | 5.81 | 99.58 | 105.39 | OK | |
r-release-linux-x86_64 | 0.2.5 | 6.09 | 99.81 | 105.90 | OK | |
r-release-macos-arm64 | 0.2.5 | 74.00 | OK | |||
r-release-macos-x86_64 | 0.2.5 | 165.00 | OK | |||
r-release-windows-x86_64 | 0.2.5 | 9.00 | 128.00 | 137.00 | OK | |
r-oldrel-macos-arm64 | 0.2.5 | 77.00 | OK | |||
r-oldrel-macos-x86_64 | 0.2.5 | 117.00 | OK | |||
r-oldrel-windows-x86_64 | 0.2.5 | 11.00 | 147.00 | 158.00 | OK |
Version: 0.2.5
Check: re-building of vignette outputs
Result: ERROR
Error(s) in re-building vignettes:
--- re-building ‘germinar.Rmd’ using rmarkdown
Quitting from lines 14-16 [setup] (germinar.Rmd)
Error: processing vignette 'germinar.Rmd' failed with diagnostics:
trying to use CRAN without setting a mirror
--- failed re-building ‘germinar.Rmd’
--- re-building ‘huito.Rmd’ using rmarkdown
Quitting from lines 21-23 [setup] (huito.Rmd)
Error: processing vignette 'huito.Rmd' failed with diagnostics:
trying to use CRAN without setting a mirror
--- failed re-building ‘huito.Rmd’
--- re-building ‘labels.Rmd’ using rmarkdown
Quitting from lines 14-15 [setup] (labels.Rmd)
Error: processing vignette 'labels.Rmd' failed with diagnostics:
trying to use CRAN without setting a mirror
--- failed re-building ‘labels.Rmd’
--- re-building ‘stickers.Rmd’ using rmarkdown
Quitting from lines 14-15 [setup] (stickers.Rmd)
Error: processing vignette 'stickers.Rmd' failed with diagnostics:
trying to use CRAN without setting a mirror
--- failed re-building ‘stickers.Rmd’
SUMMARY: processing the following files failed:
‘germinar.Rmd’ ‘huito.Rmd’ ‘labels.Rmd’ ‘stickers.Rmd’
Error: Vignette re-building failed.
Execution halted
Flavor: r-devel-macos-x86_64
These binaries (installable software) and packages are in development.
They may not be fully stable and should be used with caution. We make no claims about them.
Health stats visible at Monitor.