Last updated on 2025-02-02 07:50:12 CET.
Flavor | Version | Tinstall | Tcheck | Ttotal | Status | Flags |
---|---|---|---|---|---|---|
r-devel-linux-x86_64-debian-clang | 0.5.1 | 4.30 | 136.41 | 140.71 | OK | |
r-devel-linux-x86_64-debian-gcc | 0.5.1 | 2.78 | 93.66 | 96.44 | OK | |
r-devel-linux-x86_64-fedora-clang | 0.5.1 | 228.01 | OK | |||
r-devel-linux-x86_64-fedora-gcc | 0.5.1 | 229.36 | OK | |||
r-devel-windows-x86_64 | 0.5.1 | 7.00 | 123.00 | 130.00 | OK | |
r-patched-linux-x86_64 | 0.5.1 | 4.95 | 127.27 | 132.22 | OK | |
r-release-linux-x86_64 | 0.5.1 | 3.22 | 127.11 | 130.33 | OK | |
r-release-macos-arm64 | 0.5.1 | 63.00 | OK | |||
r-release-macos-x86_64 | 0.5.1 | 149.00 | OK | |||
r-release-windows-x86_64 | 0.5.1 | 6.00 | 127.00 | 133.00 | OK | |
r-oldrel-macos-arm64 | 0.5.1 | 65.00 | OK | |||
r-oldrel-macos-x86_64 | 0.5.1 | 177.00 | ERROR | |||
r-oldrel-windows-x86_64 | 0.5.1 | 8.00 | 155.00 | 163.00 | OK |
Version: 0.5.1
Check: re-building of vignette outputs
Result: ERROR
Error(s) in re-building vignettes:
--- re-building ‘data_extraction_naiades.Rmd’ using rmarkdown
Pandoc is required to build R Markdown vignettes but not available. Please make sure it is installed.
--- finished re-building ‘data_extraction_naiades.Rmd’
--- re-building ‘example_ecoulement_api.Rmd’ using rmarkdown
Pandoc is required to build R Markdown vignettes but not available. Please make sure it is installed.
Quitting from lines 101-119 [unnamed-chunk-8] (example_ecoulement_api.Rmd)
Error: processing vignette 'example_ecoulement_api.Rmd' failed with diagnostics:
Chrome debugging port not open after 10 seconds.
--- failed re-building ‘example_ecoulement_api.Rmd’
--- re-building ‘example_niveaux_nappes_api.Rmd’ using rmarkdown
Pandoc is required to build R Markdown vignettes but not available. Please make sure it is installed.
Quitting from lines 176-183 [unnamed-chunk-13] (example_niveaux_nappes_api.Rmd)
Error: processing vignette 'example_niveaux_nappes_api.Rmd' failed with diagnostics:
attempt to apply non-function
--- failed re-building ‘example_niveaux_nappes_api.Rmd’
SUMMARY: processing the following files failed:
‘example_ecoulement_api.Rmd’ ‘example_niveaux_nappes_api.Rmd’
Error: Vignette re-building failed.
Execution halted
Flavor: r-oldrel-macos-x86_64
These binaries (installable software) and packages are in development.
They may not be fully stable and should be used with caution. We make no claims about them.
Health stats visible at Monitor.