Last updated on 2025-02-02 07:50:12 CET.
Flavor | Version | Tinstall | Tcheck | Ttotal | Status | Flags |
---|---|---|---|---|---|---|
r-devel-linux-x86_64-debian-clang | 0.8.7 | 6.21 | 52.87 | 59.08 | NOTE | |
r-devel-linux-x86_64-debian-gcc | 0.8.7 | 4.93 | 39.63 | 44.56 | NOTE | |
r-devel-linux-x86_64-fedora-clang | 0.8.7 | 101.19 | OK | |||
r-devel-linux-x86_64-fedora-gcc | 0.8.7 | 90.89 | OK | |||
r-devel-windows-x86_64 | 0.8.7 | 10.00 | 73.00 | 83.00 | NOTE | |
r-patched-linux-x86_64 | 0.8.7 | 10.67 | 50.50 | 61.17 | OK | |
r-release-linux-x86_64 | 0.8.7 | 6.37 | 50.03 | 56.40 | OK | |
r-release-macos-arm64 | 0.8.7 | 32.00 | OK | |||
r-release-macos-x86_64 | 0.8.7 | 48.00 | OK | |||
r-release-windows-x86_64 | 0.8.7 | 9.00 | 72.00 | 81.00 | OK | |
r-oldrel-macos-arm64 | 0.8.7 | 37.00 | OK | |||
r-oldrel-macos-x86_64 | 0.8.7 | 61.00 | OK | |||
r-oldrel-windows-x86_64 | 0.8.7 | 11.00 | 83.00 | 94.00 | OK |
Version: 0.8.7
Check: Rd cross-references
Result: NOTE
Found the following Rd file(s) with Rd \link{} targets missing package
anchors:
scale_x_percent.Rd: guides
theme_ipsum.Rd: ggplot2
theme_ipsum_es.Rd: ggplot2
theme_ipsum_gs.Rd: ggplot2
theme_ipsum_inter.Rd: ggplot2
theme_ipsum_ps.Rd: ggplot2
theme_ipsum_pub.Rd: ggplot2
theme_ipsum_rc.Rd: ggplot2
Please provide package anchors for all Rd \link{} targets not in the
package itself and the base packages.
Flavors: r-devel-linux-x86_64-debian-clang, r-devel-linux-x86_64-debian-gcc, r-devel-windows-x86_64
These binaries (installable software) and packages are in development.
They may not be fully stable and should be used with caution. We make no claims about them.
Health stats visible at Monitor.