CRAN Package Check Results for Package hnp

Last updated on 2025-11-01 13:48:34 CET.

Flavor Version Tinstall Tcheck Ttotal Status Flags
r-devel-linux-x86_64-debian-clang 1.2-7 4.27 47.52 51.79 NOTE
r-devel-linux-x86_64-debian-gcc 1.2-7 2.61 34.69 37.30 NOTE
r-devel-linux-x86_64-fedora-clang 1.2-7 80.98 NOTE
r-devel-linux-x86_64-fedora-gcc 1.2-7 24.00 58.47 82.47 NOTE
r-devel-windows-x86_64 1.2-7 6.00 64.00 70.00 OK
r-patched-linux-x86_64 1.2-7 4.23 44.71 48.94 OK
r-release-linux-x86_64 1.2-7 4.23 46.49 50.72 OK
r-release-macos-arm64 1.2-7 2.00 49.00 51.00 OK
r-release-macos-x86_64 1.2-7 4.00 65.00 69.00 OK
r-release-windows-x86_64 1.2-7 6.00 64.00 70.00 OK
r-oldrel-macos-arm64 1.2-7 2.00 44.00 46.00 NOTE
r-oldrel-macos-x86_64 1.2-7 3.00 60.00 63.00 NOTE
r-oldrel-windows-x86_64 1.2-7 5.00 77.00 82.00 NOTE

Check Details

Version: 1.2-7
Check: Rd files
Result: NOTE checkRd: (-1) hnp.Rd:43-92: Only 2 columns allowed in this table (row 1 has 1) checkRd: (-1) hnp.Rd:43-92: Only 2 columns allowed in this table (row 2 has 1) checkRd: (-1) hnp.Rd:43-92: Only 2 columns allowed in this table (row 4 has 1) checkRd: (-1) hnp.Rd:43-92: Only 2 columns allowed in this table (row 6 has 1) checkRd: (-1) hnp.Rd:43-92: Only 2 columns allowed in this table (row 8 has 1) checkRd: (-1) hnp.Rd:43-92: Only 2 columns allowed in this table (row 9 has 1) checkRd: (-1) hnp.Rd:43-92: Only 2 columns allowed in this table (row 10 has 1) checkRd: (-1) hnp.Rd:43-92: Only 2 columns allowed in this table (row 12 has 1) checkRd: (-1) hnp.Rd:43-92: Only 2 columns allowed in this table (row 14 has 1) checkRd: (-1) hnp.Rd:43-92: Only 2 columns allowed in this table (row 19 has 1) checkRd: (-1) hnp.Rd:43-92: Only 2 columns allowed in this table (row 24 has 1) checkRd: (-1) hnp.Rd:43-92: Only 2 columns allowed in this table (row 28 has 1) checkRd: (-1) hnp.Rd:43-92: Only 2 columns allowed in this table (row 30 has 1) checkRd: (-1) hnp.Rd:43-92: Only 2 columns allowed in this table (row 31 has 1) checkRd: (-1) hnp.Rd:43-92: Only 2 columns allowed in this table (row 32 has 1) checkRd: (-1) hnp.Rd:43-92: Only 2 columns allowed in this table (row 34 has 1) checkRd: (-1) hnp.Rd:43-92: Only 2 columns allowed in this table (row 36 has 1) checkRd: (-1) hnp.Rd:43-92: Only 2 columns allowed in this table (row 40 has 1) checkRd: (-1) hnp.Rd:43-92: Only 2 columns allowed in this table (row 42 has 1) checkRd: (-1) hnp.Rd:43-92: Only 2 columns allowed in this table (row 44 has 1) checkRd: (-1) hnp.Rd:43-92: Only 2 columns allowed in this table (row 46 has 1) checkRd: (-1) hnp.Rd:43-92: Only 2 columns allowed in this table (row 48 has 1) checkRd: (-1) hnp.Rd:43-92: Only 2 columns allowed in this table (row 49 has 1) checkRd: (-1) hnp.Rd:43-92: Only 2 columns allowed in this table (row 50 has 1) checkRd: (-1) hnp.Rd:43-92: Only 2 columns allowed in this table (row 52 has 1) checkRd: (-1) hnp.Rd:43-92: Only 2 columns allowed in this table (row 54 has 1) checkRd: (-1) wolbachia.Rd:15-21: Only 3 columns allowed in this table (row 1 has 2) checkRd: (-1) wolbachia.Rd:15-21: Only 3 columns allowed in this table (row 2 has 2) checkRd: (-1) wolbachia.Rd:15-21: Only 3 columns allowed in this table (row 3 has 2) checkRd: (-1) wolbachia.Rd:15-21: Only 3 columns allowed in this table (row 4 has 2) checkRd: (-1) wolbachia.Rd:15-21: Only 3 columns allowed in this table (row 5 has 2) Flavors: r-devel-linux-x86_64-debian-clang, r-devel-linux-x86_64-debian-gcc, r-devel-linux-x86_64-fedora-clang, r-devel-linux-x86_64-fedora-gcc

Version: 1.2-7
Check: package dependencies
Result: NOTE Package suggested but not available for checking: ‘glmmADMB’ Flavors: r-oldrel-macos-arm64, r-oldrel-macos-x86_64, r-oldrel-windows-x86_64

These binaries (installable software) and packages are in development.
They may not be fully stable and should be used with caution. We make no claims about them.
Health stats visible at Monitor.