Last updated on 2025-10-09 23:51:15 CEST.
Flavor | Version | Tinstall | Tcheck | Ttotal | Status | Flags |
---|---|---|---|---|---|---|
r-devel-linux-x86_64-debian-clang | 2.1.1 | 131.52 | 452.12 | 583.64 | WARN | |
r-devel-linux-x86_64-debian-gcc | 2.1.1 | 85.84 | 232.30 | 318.14 | WARN | |
r-devel-linux-x86_64-fedora-clang | 2.1.1 | 970.05 | WARN | |||
r-devel-linux-x86_64-fedora-gcc | 2.1.1 | 945.50 | WARN | |||
r-devel-windows-x86_64 | 2.1.1 | 125.00 | 336.00 | 461.00 | WARN | |
r-patched-linux-x86_64 | 2.1.1 | 119.51 | 435.79 | 555.30 | WARN | |
r-release-linux-x86_64 | 2.1.1 | 125.75 | 435.57 | 561.32 | WARN | |
r-release-macos-arm64 | 2.1.1 | 263.00 | OK | |||
r-release-macos-x86_64 | 2.1.1 | 532.00 | OK | |||
r-release-windows-x86_64 | 2.1.1 | 126.00 | 340.00 | 466.00 | WARN | |
r-oldrel-macos-arm64 | 2.1.1 | 251.00 | NOTE | |||
r-oldrel-macos-x86_64 | 2.1.1 | 422.00 | NOTE | |||
r-oldrel-windows-x86_64 | 2.1.1 | 153.00 | 591.00 | 744.00 | WARN |
Version: 2.1.1
Check: whether package can be installed
Result: WARN
Found the following significant warnings:
basic_functions.cpp:178:47: warning: 'from<double, arma::eGlue<arma::Glue<arma::Row<double>, arma::Col<double>, arma::glue_times>, arma::Glue<arma::Row<double>, arma::Op<arma::Row<double>, arma::op_htrans>, arma::glue_times>, arma::eglue_minus>>' is deprecated: replace conv_to<...>::from(X) with as_scalar(X) [-Wdeprecated-declarations]
mcmc_functions.cpp:1459:45: warning: 'from<double, arma::Glue<arma::Op<arma::Col<double>, arma::op_htrans>, arma::Col<double>, arma::glue_times>>' is deprecated: replace conv_to<...>::from(X) with as_scalar(X) [-Wdeprecated-declarations]
mcmc_functions.cpp:1462:45: warning: 'from<double, arma::Glue<arma::Op<arma::Col<double>, arma::op_htrans>, arma::Col<double>, arma::glue_times>>' is deprecated: replace conv_to<...>::from(X) with as_scalar(X) [-Wdeprecated-declarations]
mcmc_functions.cpp:1549:53: warning: 'from<double, arma::Glue<arma::Op<arma::Col<double>, arma::op_htrans>, arma::Col<double>, arma::glue_times>>' is deprecated: replace conv_to<...>::from(X) with as_scalar(X) [-Wdeprecated-declarations]
mcmc_functions.cpp:1550:49: warning: 'from<double, arma::Glue<arma::Op<arma::Col<double>, arma::op_htrans>, arma::Col<double>, arma::glue_times>>' is deprecated: replace conv_to<...>::from(X) with as_scalar(X) [-Wdeprecated-declarations]
mcmc_functions.cpp:1551:55: warning: 'from<double, arma::Glue<arma::Op<arma::Col<double>, arma::op_htrans>, arma::Col<double>, arma::glue_times>>' is deprecated: replace conv_to<...>::from(X) with as_scalar(X) [-Wdeprecated-declarations]
mcmc_functions.cpp:1768:45: warning: 'from<double, arma::Glue<arma::Op<arma::Col<double>, arma::op_htrans>, arma::Col<double>, arma::glue_times>>' is deprecated: replace conv_to<...>::from(X) with as_scalar(X) [-Wdeprecated-declarations]
mcmc_functions.cpp:1771:45: warning: 'from<double, arma::Glue<arma::Op<arma::Col<double>, arma::op_htrans>, arma::Col<double>, arma::glue_times>>' is deprecated: replace conv_to<...>::from(X) with as_scalar(X) [-Wdeprecated-declarations]
See ‘/home/hornik/tmp/R.check/r-devel-clang/Work/PKGS/hmcdm.Rcheck/00install.out’ for details.
* used C++ compiler: ‘Debian clang version 19.1.7 (7)’
Flavor: r-devel-linux-x86_64-debian-clang
Version: 2.1.1
Check: whether package can be installed
Result: WARN
Found the following significant warnings:
basic_functions.cpp:178:51: warning: ‘static out_eT arma::conv_to<out_eT>::from(const arma::Base<eT2, expr>&, const typename arma::arma_not_cx<in_eT>::result*) [with in_eT = double; T1 = arma::eGlue<arma::Glue<arma::Row<double>, arma::Col<double>, arma::glue_times>, arma::Glue<arma::Row<double>, arma::Op<arma::Row<double>, arma::op_htrans>, arma::glue_times>, arma::eglue_minus>; out_eT = double; typename arma::arma_not_cx<in_eT>::result = double]’ is deprecated: replace conv_to<...>::from(X) with as_scalar(X) [-Wdeprecated-declarations]
mcmc_functions.cpp:1459:49: warning: ‘static out_eT arma::conv_to<out_eT>::from(const arma::Base<eT2, expr>&, const typename arma::arma_not_cx<in_eT>::result*) [with in_eT = double; T1 = arma::Glue<arma::Op<arma::Col<double>, arma::op_htrans>, arma::Col<double>, arma::glue_times>; out_eT = double; typename arma::arma_not_cx<in_eT>::result = double]’ is deprecated: replace conv_to<...>::from(X) with as_scalar(X) [-Wdeprecated-declarations]
mcmc_functions.cpp:1462:49: warning: ‘static out_eT arma::conv_to<out_eT>::from(const arma::Base<eT2, expr>&, const typename arma::arma_not_cx<in_eT>::result*) [with in_eT = double; T1 = arma::Glue<arma::Op<arma::Col<double>, arma::op_htrans>, arma::Col<double>, arma::glue_times>; out_eT = double; typename arma::arma_not_cx<in_eT>::result = double]’ is deprecated: replace conv_to<...>::from(X) with as_scalar(X) [-Wdeprecated-declarations]
mcmc_functions.cpp:1549:57: warning: ‘static out_eT arma::conv_to<out_eT>::from(const arma::Base<eT2, expr>&, const typename arma::arma_not_cx<in_eT>::result*) [with in_eT = double; T1 = arma::Glue<arma::Op<arma::Col<double>, arma::op_htrans>, arma::Col<double>, arma::glue_times>; out_eT = double; typename arma::arma_not_cx<in_eT>::result = double]’ is deprecated: replace conv_to<...>::from(X) with as_scalar(X) [-Wdeprecated-declarations]
mcmc_functions.cpp:1550:53: warning: ‘static out_eT arma::conv_to<out_eT>::from(const arma::Base<eT2, expr>&, const typename arma::arma_not_cx<in_eT>::result*) [with in_eT = double; T1 = arma::Glue<arma::Op<arma::Col<double>, arma::op_htrans>, arma::Col<double>, arma::glue_times>; out_eT = double; typename arma::arma_not_cx<in_eT>::result = double]’ is deprecated: replace conv_to<...>::from(X) with as_scalar(X) [-Wdeprecated-declarations]
mcmc_functions.cpp:1551:59: warning: ‘static out_eT arma::conv_to<out_eT>::from(const arma::Base<eT2, expr>&, const typename arma::arma_not_cx<in_eT>::result*) [with in_eT = double; T1 = arma::Glue<arma::Op<arma::Col<double>, arma::op_htrans>, arma::Col<double>, arma::glue_times>; out_eT = double; typename arma::arma_not_cx<in_eT>::result = double]’ is deprecated: replace conv_to<...>::from(X) with as_scalar(X) [-Wdeprecated-declarations]
mcmc_functions.cpp:1768:49: warning: ‘static out_eT arma::conv_to<out_eT>::from(const arma::Base<eT2, expr>&, const typename arma::arma_not_cx<in_eT>::result*) [with in_eT = double; T1 = arma::Glue<arma::Op<arma::Col<double>, arma::op_htrans>, arma::Col<double>, arma::glue_times>; out_eT = double; typename arma::arma_not_cx<in_eT>::result = double]’ is deprecated: replace conv_to<...>::from(X) with as_scalar(X) [-Wdeprecated-declarations]
mcmc_functions.cpp:1771:49: warning: ‘static out_eT arma::conv_to<out_eT>::from(const arma::Base<eT2, expr>&, const typename arma::arma_not_cx<in_eT>::result*) [with in_eT = double; T1 = arma::Glue<arma::Op<arma::Col<double>, arma::op_htrans>, arma::Col<double>, arma::glue_times>; out_eT = double; typename arma::arma_not_cx<in_eT>::result = double]’ is deprecated: replace conv_to<...>::from(X) with as_scalar(X) [-Wdeprecated-declarations]
See ‘/home/hornik/tmp/R.check/r-devel-gcc/Work/PKGS/hmcdm.Rcheck/00install.out’ for details.
* used C++ compiler: ‘g++-15 (Debian 15.2.0-4) 15.2.0’
Flavor: r-devel-linux-x86_64-debian-gcc
Version: 2.1.1
Check: whether package can be installed
Result: WARN
Found the following significant warnings:
basic_functions.cpp:178:47: warning: 'from<double, arma::eGlue<arma::Glue<arma::Row<double>, arma::Col<double>, arma::glue_times>, arma::Glue<arma::Row<double>, arma::Op<arma::Row<double>, arma::op_htrans>, arma::glue_times>, arma::eglue_minus>>' is deprecated: replace conv_to<...>::from(X) with as_scalar(X) [-Wdeprecated-declarations]
mcmc_functions.cpp:1459:45: warning: 'from<double, arma::Glue<arma::Op<arma::Col<double>, arma::op_htrans>, arma::Col<double>, arma::glue_times>>' is deprecated: replace conv_to<...>::from(X) with as_scalar(X) [-Wdeprecated-declarations]
mcmc_functions.cpp:1462:45: warning: 'from<double, arma::Glue<arma::Op<arma::Col<double>, arma::op_htrans>, arma::Col<double>, arma::glue_times>>' is deprecated: replace conv_to<...>::from(X) with as_scalar(X) [-Wdeprecated-declarations]
mcmc_functions.cpp:1549:53: warning: 'from<double, arma::Glue<arma::Op<arma::Col<double>, arma::op_htrans>, arma::Col<double>, arma::glue_times>>' is deprecated: replace conv_to<...>::from(X) with as_scalar(X) [-Wdeprecated-declarations]
mcmc_functions.cpp:1550:49: warning: 'from<double, arma::Glue<arma::Op<arma::Col<double>, arma::op_htrans>, arma::Col<double>, arma::glue_times>>' is deprecated: replace conv_to<...>::from(X) with as_scalar(X) [-Wdeprecated-declarations]
mcmc_functions.cpp:1551:55: warning: 'from<double, arma::Glue<arma::Op<arma::Col<double>, arma::op_htrans>, arma::Col<double>, arma::glue_times>>' is deprecated: replace conv_to<...>::from(X) with as_scalar(X) [-Wdeprecated-declarations]
mcmc_functions.cpp:1768:45: warning: 'from<double, arma::Glue<arma::Op<arma::Col<double>, arma::op_htrans>, arma::Col<double>, arma::glue_times>>' is deprecated: replace conv_to<...>::from(X) with as_scalar(X) [-Wdeprecated-declarations]
mcmc_functions.cpp:1771:45: warning: 'from<double, arma::Glue<arma::Op<arma::Col<double>, arma::op_htrans>, arma::Col<double>, arma::glue_times>>' is deprecated: replace conv_to<...>::from(X) with as_scalar(X) [-Wdeprecated-declarations]
See ‘/data/gannet/ripley/R/packages/tests-clang/hmcdm.Rcheck/00install.out’ for details.
* used C++ compiler: ‘clang version 21.1.2’
Flavor: r-devel-linux-x86_64-fedora-clang
Version: 2.1.1
Check: whether package can be installed
Result: WARN
Found the following significant warnings:
basic_functions.cpp:178:51: warning: ‘static out_eT arma::conv_to<out_eT>::from(const arma::Base<eT2, expr>&, const typename arma::arma_not_cx<in_eT>::result*) [with in_eT = double; T1 = arma::eGlue<arma::Glue<arma::Row<double>, arma::Col<double>, arma::glue_times>, arma::Glue<arma::Row<double>, arma::Op<arma::Row<double>, arma::op_htrans>, arma::glue_times>, arma::eglue_minus>; out_eT = double; typename arma::arma_not_cx<in_eT>::result = double]’ is deprecated: replace conv_to<...>::from(X) with as_scalar(X) [-Wdeprecated-declarations]
mcmc_functions.cpp:1459:49: warning: ‘static out_eT arma::conv_to<out_eT>::from(const arma::Base<eT2, expr>&, const typename arma::arma_not_cx<in_eT>::result*) [with in_eT = double; T1 = arma::Glue<arma::Op<arma::Col<double>, arma::op_htrans>, arma::Col<double>, arma::glue_times>; out_eT = double; typename arma::arma_not_cx<in_eT>::result = double]’ is deprecated: replace conv_to<...>::from(X) with as_scalar(X) [-Wdeprecated-declarations]
mcmc_functions.cpp:1462:49: warning: ‘static out_eT arma::conv_to<out_eT>::from(const arma::Base<eT2, expr>&, const typename arma::arma_not_cx<in_eT>::result*) [with in_eT = double; T1 = arma::Glue<arma::Op<arma::Col<double>, arma::op_htrans>, arma::Col<double>, arma::glue_times>; out_eT = double; typename arma::arma_not_cx<in_eT>::result = double]’ is deprecated: replace conv_to<...>::from(X) with as_scalar(X) [-Wdeprecated-declarations]
mcmc_functions.cpp:1549:57: warning: ‘static out_eT arma::conv_to<out_eT>::from(const arma::Base<eT2, expr>&, const typename arma::arma_not_cx<in_eT>::result*) [with in_eT = double; T1 = arma::Glue<arma::Op<arma::Col<double>, arma::op_htrans>, arma::Col<double>, arma::glue_times>; out_eT = double; typename arma::arma_not_cx<in_eT>::result = double]’ is deprecated: replace conv_to<...>::from(X) with as_scalar(X) [-Wdeprecated-declarations]
mcmc_functions.cpp:1550:53: warning: ‘static out_eT arma::conv_to<out_eT>::from(const arma::Base<eT2, expr>&, const typename arma::arma_not_cx<in_eT>::result*) [with in_eT = double; T1 = arma::Glue<arma::Op<arma::Col<double>, arma::op_htrans>, arma::Col<double>, arma::glue_times>; out_eT = double; typename arma::arma_not_cx<in_eT>::result = double]’ is deprecated: replace conv_to<...>::from(X) with as_scalar(X) [-Wdeprecated-declarations]
mcmc_functions.cpp:1551:59: warning: ‘static out_eT arma::conv_to<out_eT>::from(const arma::Base<eT2, expr>&, const typename arma::arma_not_cx<in_eT>::result*) [with in_eT = double; T1 = arma::Glue<arma::Op<arma::Col<double>, arma::op_htrans>, arma::Col<double>, arma::glue_times>; out_eT = double; typename arma::arma_not_cx<in_eT>::result = double]’ is deprecated: replace conv_to<...>::from(X) with as_scalar(X) [-Wdeprecated-declarations]
mcmc_functions.cpp:1768:49: warning: ‘static out_eT arma::conv_to<out_eT>::from(const arma::Base<eT2, expr>&, const typename arma::arma_not_cx<in_eT>::result*) [with in_eT = double; T1 = arma::Glue<arma::Op<arma::Col<double>, arma::op_htrans>, arma::Col<double>, arma::glue_times>; out_eT = double; typename arma::arma_not_cx<in_eT>::result = double]’ is deprecated: replace conv_to<...>::from(X) with as_scalar(X) [-Wdeprecated-declarations]
mcmc_functions.cpp:1771:49: warning: ‘static out_eT arma::conv_to<out_eT>::from(const arma::Base<eT2, expr>&, const typename arma::arma_not_cx<in_eT>::result*) [with in_eT = double; T1 = arma::Glue<arma::Op<arma::Col<double>, arma::op_htrans>, arma::Col<double>, arma::glue_times>; out_eT = double; typename arma::arma_not_cx<in_eT>::result = double]’ is deprecated: replace conv_to<...>::from(X) with as_scalar(X) [-Wdeprecated-declarations]
See ‘/data/gannet/ripley/R/packages/tests-devel/hmcdm.Rcheck/00install.out’ for details.
* used C++ compiler: ‘g++ (GCC) 15.1.1 20250521 (Red Hat 15.1.1-2)’
Flavor: r-devel-linux-x86_64-fedora-gcc
Version: 2.1.1
Check: whether package can be installed
Result: WARN
Found the following significant warnings:
basic_functions.cpp:178:51: warning: 'static out_eT arma::conv_to<out_eT>::from(const arma::Base<eT2, expr>&, const typename arma::arma_not_cx<in_eT>::result*) [with in_eT = double; T1 = arma::eGlue<arma::Glue<arma::Row<double>, arma::Col<double>, arma::glue_times>, arma::Glue<arma::Row<double>, arma::Op<arma::Row<double>, arma::op_htrans>, arma::glue_times>, arma::eglue_minus>; out_eT = double; typename arma::arma_not_cx<in_eT>::result = double]' is deprecated: replace conv_to<...>::from(X) with as_scalar(X) [-Wdeprecated-declarations]
mcmc_functions.cpp:1459:49: warning: 'static out_eT arma::conv_to<out_eT>::from(const arma::Base<eT2, expr>&, const typename arma::arma_not_cx<in_eT>::result*) [with in_eT = double; T1 = arma::Glue<arma::Op<arma::Col<double>, arma::op_htrans>, arma::Col<double>, arma::glue_times>; out_eT = double; typename arma::arma_not_cx<in_eT>::result = double]' is deprecated: replace conv_to<...>::from(X) with as_scalar(X) [-Wdeprecated-declarations]
mcmc_functions.cpp:1462:49: warning: 'static out_eT arma::conv_to<out_eT>::from(const arma::Base<eT2, expr>&, const typename arma::arma_not_cx<in_eT>::result*) [with in_eT = double; T1 = arma::Glue<arma::Op<arma::Col<double>, arma::op_htrans>, arma::Col<double>, arma::glue_times>; out_eT = double; typename arma::arma_not_cx<in_eT>::result = double]' is deprecated: replace conv_to<...>::from(X) with as_scalar(X) [-Wdeprecated-declarations]
mcmc_functions.cpp:1549:57: warning: 'static out_eT arma::conv_to<out_eT>::from(const arma::Base<eT2, expr>&, const typename arma::arma_not_cx<in_eT>::result*) [with in_eT = double; T1 = arma::Glue<arma::Op<arma::Col<double>, arma::op_htrans>, arma::Col<double>, arma::glue_times>; out_eT = double; typename arma::arma_not_cx<in_eT>::result = double]' is deprecated: replace conv_to<...>::from(X) with as_scalar(X) [-Wdeprecated-declarations]
mcmc_functions.cpp:1550:53: warning: 'static out_eT arma::conv_to<out_eT>::from(const arma::Base<eT2, expr>&, const typename arma::arma_not_cx<in_eT>::result*) [with in_eT = double; T1 = arma::Glue<arma::Op<arma::Col<double>, arma::op_htrans>, arma::Col<double>, arma::glue_times>; out_eT = double; typename arma::arma_not_cx<in_eT>::result = double]' is deprecated: replace conv_to<...>::from(X) with as_scalar(X) [-Wdeprecated-declarations]
mcmc_functions.cpp:1551:59: warning: 'static out_eT arma::conv_to<out_eT>::from(const arma::Base<eT2, expr>&, const typename arma::arma_not_cx<in_eT>::result*) [with in_eT = double; T1 = arma::Glue<arma::Op<arma::Col<double>, arma::op_htrans>, arma::Col<double>, arma::glue_times>; out_eT = double; typename arma::arma_not_cx<in_eT>::result = double]' is deprecated: replace conv_to<...>::from(X) with as_scalar(X) [-Wdeprecated-declarations]
mcmc_functions.cpp:1768:49: warning: 'static out_eT arma::conv_to<out_eT>::from(const arma::Base<eT2, expr>&, const typename arma::arma_not_cx<in_eT>::result*) [with in_eT = double; T1 = arma::Glue<arma::Op<arma::Col<double>, arma::op_htrans>, arma::Col<double>, arma::glue_times>; out_eT = double; typename arma::arma_not_cx<in_eT>::result = double]' is deprecated: replace conv_to<...>::from(X) with as_scalar(X) [-Wdeprecated-declarations]
mcmc_functions.cpp:1771:49: warning: 'static out_eT arma::conv_to<out_eT>::from(const arma::Base<eT2, expr>&, const typename arma::arma_not_cx<in_eT>::result*) [with in_eT = double; T1 = arma::Glue<arma::Op<arma::Col<double>, arma::op_htrans>, arma::Col<double>, arma::glue_times>; out_eT = double; typename arma::arma_not_cx<in_eT>::result = double]' is deprecated: replace conv_to<...>::from(X) with as_scalar(X) [-Wdeprecated-declarations]
See 'd:/Rcompile/CRANpkg/local/4.6/hmcdm.Rcheck/00install.out' for details.
* used C++ compiler: 'g++.exe (GCC) 14.2.0'
Flavor: r-devel-windows-x86_64
Version: 2.1.1
Check: whether package can be installed
Result: WARN
Found the following significant warnings:
basic_functions.cpp:178:51: warning: ‘static out_eT arma::conv_to<out_eT>::from(const arma::Base<eT2, expr>&, const typename arma::arma_not_cx<in_eT>::result*) [with in_eT = double; T1 = arma::eGlue<arma::Glue<arma::Row<double>, arma::Col<double>, arma::glue_times>, arma::Glue<arma::Row<double>, arma::Op<arma::Row<double>, arma::op_htrans>, arma::glue_times>, arma::eglue_minus>; out_eT = double; typename arma::arma_not_cx<in_eT>::result = double]’ is deprecated: replace conv_to<...>::from(X) with as_scalar(X) [-Wdeprecated-declarations]
mcmc_functions.cpp:1459:49: warning: ‘static out_eT arma::conv_to<out_eT>::from(const arma::Base<eT2, expr>&, const typename arma::arma_not_cx<in_eT>::result*) [with in_eT = double; T1 = arma::Glue<arma::Op<arma::Col<double>, arma::op_htrans>, arma::Col<double>, arma::glue_times>; out_eT = double; typename arma::arma_not_cx<in_eT>::result = double]’ is deprecated: replace conv_to<...>::from(X) with as_scalar(X) [-Wdeprecated-declarations]
mcmc_functions.cpp:1462:49: warning: ‘static out_eT arma::conv_to<out_eT>::from(const arma::Base<eT2, expr>&, const typename arma::arma_not_cx<in_eT>::result*) [with in_eT = double; T1 = arma::Glue<arma::Op<arma::Col<double>, arma::op_htrans>, arma::Col<double>, arma::glue_times>; out_eT = double; typename arma::arma_not_cx<in_eT>::result = double]’ is deprecated: replace conv_to<...>::from(X) with as_scalar(X) [-Wdeprecated-declarations]
mcmc_functions.cpp:1549:57: warning: ‘static out_eT arma::conv_to<out_eT>::from(const arma::Base<eT2, expr>&, const typename arma::arma_not_cx<in_eT>::result*) [with in_eT = double; T1 = arma::Glue<arma::Op<arma::Col<double>, arma::op_htrans>, arma::Col<double>, arma::glue_times>; out_eT = double; typename arma::arma_not_cx<in_eT>::result = double]’ is deprecated: replace conv_to<...>::from(X) with as_scalar(X) [-Wdeprecated-declarations]
mcmc_functions.cpp:1550:53: warning: ‘static out_eT arma::conv_to<out_eT>::from(const arma::Base<eT2, expr>&, const typename arma::arma_not_cx<in_eT>::result*) [with in_eT = double; T1 = arma::Glue<arma::Op<arma::Col<double>, arma::op_htrans>, arma::Col<double>, arma::glue_times>; out_eT = double; typename arma::arma_not_cx<in_eT>::result = double]’ is deprecated: replace conv_to<...>::from(X) with as_scalar(X) [-Wdeprecated-declarations]
mcmc_functions.cpp:1551:59: warning: ‘static out_eT arma::conv_to<out_eT>::from(const arma::Base<eT2, expr>&, const typename arma::arma_not_cx<in_eT>::result*) [with in_eT = double; T1 = arma::Glue<arma::Op<arma::Col<double>, arma::op_htrans>, arma::Col<double>, arma::glue_times>; out_eT = double; typename arma::arma_not_cx<in_eT>::result = double]’ is deprecated: replace conv_to<...>::from(X) with as_scalar(X) [-Wdeprecated-declarations]
mcmc_functions.cpp:1768:49: warning: ‘static out_eT arma::conv_to<out_eT>::from(const arma::Base<eT2, expr>&, const typename arma::arma_not_cx<in_eT>::result*) [with in_eT = double; T1 = arma::Glue<arma::Op<arma::Col<double>, arma::op_htrans>, arma::Col<double>, arma::glue_times>; out_eT = double; typename arma::arma_not_cx<in_eT>::result = double]’ is deprecated: replace conv_to<...>::from(X) with as_scalar(X) [-Wdeprecated-declarations]
mcmc_functions.cpp:1771:49: warning: ‘static out_eT arma::conv_to<out_eT>::from(const arma::Base<eT2, expr>&, const typename arma::arma_not_cx<in_eT>::result*) [with in_eT = double; T1 = arma::Glue<arma::Op<arma::Col<double>, arma::op_htrans>, arma::Col<double>, arma::glue_times>; out_eT = double; typename arma::arma_not_cx<in_eT>::result = double]’ is deprecated: replace conv_to<...>::from(X) with as_scalar(X) [-Wdeprecated-declarations]
See ‘/home/hornik/tmp/R.check/r-patched-gcc/Work/PKGS/hmcdm.Rcheck/00install.out’ for details.
* used C++ compiler: ‘g++-14 (Debian 14.3.0-8) 14.3.0’
Flavor: r-patched-linux-x86_64
Version: 2.1.1
Check: whether package can be installed
Result: WARN
Found the following significant warnings:
basic_functions.cpp:178:51: warning: ‘static out_eT arma::conv_to<out_eT>::from(const arma::Base<eT2, expr>&, const typename arma::arma_not_cx<in_eT>::result*) [with in_eT = double; T1 = arma::eGlue<arma::Glue<arma::Row<double>, arma::Col<double>, arma::glue_times>, arma::Glue<arma::Row<double>, arma::Op<arma::Row<double>, arma::op_htrans>, arma::glue_times>, arma::eglue_minus>; out_eT = double; typename arma::arma_not_cx<in_eT>::result = double]’ is deprecated: replace conv_to<...>::from(X) with as_scalar(X) [-Wdeprecated-declarations]
mcmc_functions.cpp:1459:49: warning: ‘static out_eT arma::conv_to<out_eT>::from(const arma::Base<eT2, expr>&, const typename arma::arma_not_cx<in_eT>::result*) [with in_eT = double; T1 = arma::Glue<arma::Op<arma::Col<double>, arma::op_htrans>, arma::Col<double>, arma::glue_times>; out_eT = double; typename arma::arma_not_cx<in_eT>::result = double]’ is deprecated: replace conv_to<...>::from(X) with as_scalar(X) [-Wdeprecated-declarations]
mcmc_functions.cpp:1462:49: warning: ‘static out_eT arma::conv_to<out_eT>::from(const arma::Base<eT2, expr>&, const typename arma::arma_not_cx<in_eT>::result*) [with in_eT = double; T1 = arma::Glue<arma::Op<arma::Col<double>, arma::op_htrans>, arma::Col<double>, arma::glue_times>; out_eT = double; typename arma::arma_not_cx<in_eT>::result = double]’ is deprecated: replace conv_to<...>::from(X) with as_scalar(X) [-Wdeprecated-declarations]
mcmc_functions.cpp:1549:57: warning: ‘static out_eT arma::conv_to<out_eT>::from(const arma::Base<eT2, expr>&, const typename arma::arma_not_cx<in_eT>::result*) [with in_eT = double; T1 = arma::Glue<arma::Op<arma::Col<double>, arma::op_htrans>, arma::Col<double>, arma::glue_times>; out_eT = double; typename arma::arma_not_cx<in_eT>::result = double]’ is deprecated: replace conv_to<...>::from(X) with as_scalar(X) [-Wdeprecated-declarations]
mcmc_functions.cpp:1550:53: warning: ‘static out_eT arma::conv_to<out_eT>::from(const arma::Base<eT2, expr>&, const typename arma::arma_not_cx<in_eT>::result*) [with in_eT = double; T1 = arma::Glue<arma::Op<arma::Col<double>, arma::op_htrans>, arma::Col<double>, arma::glue_times>; out_eT = double; typename arma::arma_not_cx<in_eT>::result = double]’ is deprecated: replace conv_to<...>::from(X) with as_scalar(X) [-Wdeprecated-declarations]
mcmc_functions.cpp:1551:59: warning: ‘static out_eT arma::conv_to<out_eT>::from(const arma::Base<eT2, expr>&, const typename arma::arma_not_cx<in_eT>::result*) [with in_eT = double; T1 = arma::Glue<arma::Op<arma::Col<double>, arma::op_htrans>, arma::Col<double>, arma::glue_times>; out_eT = double; typename arma::arma_not_cx<in_eT>::result = double]’ is deprecated: replace conv_to<...>::from(X) with as_scalar(X) [-Wdeprecated-declarations]
mcmc_functions.cpp:1768:49: warning: ‘static out_eT arma::conv_to<out_eT>::from(const arma::Base<eT2, expr>&, const typename arma::arma_not_cx<in_eT>::result*) [with in_eT = double; T1 = arma::Glue<arma::Op<arma::Col<double>, arma::op_htrans>, arma::Col<double>, arma::glue_times>; out_eT = double; typename arma::arma_not_cx<in_eT>::result = double]’ is deprecated: replace conv_to<...>::from(X) with as_scalar(X) [-Wdeprecated-declarations]
mcmc_functions.cpp:1771:49: warning: ‘static out_eT arma::conv_to<out_eT>::from(const arma::Base<eT2, expr>&, const typename arma::arma_not_cx<in_eT>::result*) [with in_eT = double; T1 = arma::Glue<arma::Op<arma::Col<double>, arma::op_htrans>, arma::Col<double>, arma::glue_times>; out_eT = double; typename arma::arma_not_cx<in_eT>::result = double]’ is deprecated: replace conv_to<...>::from(X) with as_scalar(X) [-Wdeprecated-declarations]
See ‘/home/hornik/tmp/R.check/r-release-gcc/Work/PKGS/hmcdm.Rcheck/00install.out’ for details.
* used C++ compiler: ‘g++-14 (Debian 14.3.0-8) 14.3.0’
Flavor: r-release-linux-x86_64
Version: 2.1.1
Check: whether package can be installed
Result: WARN
Found the following significant warnings:
basic_functions.cpp:178:51: warning: 'static out_eT arma::conv_to<out_eT>::from(const arma::Base<eT2, expr>&, const typename arma::arma_not_cx<in_eT>::result*) [with in_eT = double; T1 = arma::eGlue<arma::Glue<arma::Row<double>, arma::Col<double>, arma::glue_times>, arma::Glue<arma::Row<double>, arma::Op<arma::Row<double>, arma::op_htrans>, arma::glue_times>, arma::eglue_minus>; out_eT = double; typename arma::arma_not_cx<in_eT>::result = double]' is deprecated: replace conv_to<...>::from(X) with as_scalar(X) [-Wdeprecated-declarations]
mcmc_functions.cpp:1459:49: warning: 'static out_eT arma::conv_to<out_eT>::from(const arma::Base<eT2, expr>&, const typename arma::arma_not_cx<in_eT>::result*) [with in_eT = double; T1 = arma::Glue<arma::Op<arma::Col<double>, arma::op_htrans>, arma::Col<double>, arma::glue_times>; out_eT = double; typename arma::arma_not_cx<in_eT>::result = double]' is deprecated: replace conv_to<...>::from(X) with as_scalar(X) [-Wdeprecated-declarations]
mcmc_functions.cpp:1462:49: warning: 'static out_eT arma::conv_to<out_eT>::from(const arma::Base<eT2, expr>&, const typename arma::arma_not_cx<in_eT>::result*) [with in_eT = double; T1 = arma::Glue<arma::Op<arma::Col<double>, arma::op_htrans>, arma::Col<double>, arma::glue_times>; out_eT = double; typename arma::arma_not_cx<in_eT>::result = double]' is deprecated: replace conv_to<...>::from(X) with as_scalar(X) [-Wdeprecated-declarations]
mcmc_functions.cpp:1549:57: warning: 'static out_eT arma::conv_to<out_eT>::from(const arma::Base<eT2, expr>&, const typename arma::arma_not_cx<in_eT>::result*) [with in_eT = double; T1 = arma::Glue<arma::Op<arma::Col<double>, arma::op_htrans>, arma::Col<double>, arma::glue_times>; out_eT = double; typename arma::arma_not_cx<in_eT>::result = double]' is deprecated: replace conv_to<...>::from(X) with as_scalar(X) [-Wdeprecated-declarations]
mcmc_functions.cpp:1550:53: warning: 'static out_eT arma::conv_to<out_eT>::from(const arma::Base<eT2, expr>&, const typename arma::arma_not_cx<in_eT>::result*) [with in_eT = double; T1 = arma::Glue<arma::Op<arma::Col<double>, arma::op_htrans>, arma::Col<double>, arma::glue_times>; out_eT = double; typename arma::arma_not_cx<in_eT>::result = double]' is deprecated: replace conv_to<...>::from(X) with as_scalar(X) [-Wdeprecated-declarations]
mcmc_functions.cpp:1551:59: warning: 'static out_eT arma::conv_to<out_eT>::from(const arma::Base<eT2, expr>&, const typename arma::arma_not_cx<in_eT>::result*) [with in_eT = double; T1 = arma::Glue<arma::Op<arma::Col<double>, arma::op_htrans>, arma::Col<double>, arma::glue_times>; out_eT = double; typename arma::arma_not_cx<in_eT>::result = double]' is deprecated: replace conv_to<...>::from(X) with as_scalar(X) [-Wdeprecated-declarations]
mcmc_functions.cpp:1768:49: warning: 'static out_eT arma::conv_to<out_eT>::from(const arma::Base<eT2, expr>&, const typename arma::arma_not_cx<in_eT>::result*) [with in_eT = double; T1 = arma::Glue<arma::Op<arma::Col<double>, arma::op_htrans>, arma::Col<double>, arma::glue_times>; out_eT = double; typename arma::arma_not_cx<in_eT>::result = double]' is deprecated: replace conv_to<...>::from(X) with as_scalar(X) [-Wdeprecated-declarations]
mcmc_functions.cpp:1771:49: warning: 'static out_eT arma::conv_to<out_eT>::from(const arma::Base<eT2, expr>&, const typename arma::arma_not_cx<in_eT>::result*) [with in_eT = double; T1 = arma::Glue<arma::Op<arma::Col<double>, arma::op_htrans>, arma::Col<double>, arma::glue_times>; out_eT = double; typename arma::arma_not_cx<in_eT>::result = double]' is deprecated: replace conv_to<...>::from(X) with as_scalar(X) [-Wdeprecated-declarations]
See 'd:/Rcompile/CRANpkg/local/4.5/hmcdm.Rcheck/00install.out' for details.
* used C++ compiler: 'g++.exe (GCC) 14.2.0'
Flavor: r-release-windows-x86_64
Version: 2.1.1
Check: installed package size
Result: NOTE
installed size is 11.5Mb
sub-directories of 1Mb or more:
libs 10.6Mb
Flavors: r-oldrel-macos-arm64, r-oldrel-macos-x86_64
Version: 2.1.1
Check: whether package can be installed
Result: WARN
Found the following significant warnings:
basic_functions.cpp:178:51: warning: 'static out_eT arma::conv_to<out_eT>::from(const arma::Base<eT2, expr>&, const typename arma::arma_not_cx<in_eT>::result*) [with in_eT = double; T1 = arma::eGlue<arma::Glue<arma::Row<double>, arma::Col<double>, arma::glue_times>, arma::Glue<arma::Row<double>, arma::Op<arma::Row<double>, arma::op_htrans>, arma::glue_times>, arma::eglue_minus>; out_eT = double; typename arma::arma_not_cx<in_eT>::result = double]' is deprecated: replace conv_to<...>::from(X) with as_scalar(X) [-Wdeprecated-declarations]
mcmc_functions.cpp:1459:49: warning: 'static out_eT arma::conv_to<out_eT>::from(const arma::Base<eT2, expr>&, const typename arma::arma_not_cx<in_eT>::result*) [with in_eT = double; T1 = arma::Glue<arma::Op<arma::Col<double>, arma::op_htrans>, arma::Col<double>, arma::glue_times>; out_eT = double; typename arma::arma_not_cx<in_eT>::result = double]' is deprecated: replace conv_to<...>::from(X) with as_scalar(X) [-Wdeprecated-declarations]
mcmc_functions.cpp:1462:49: warning: 'static out_eT arma::conv_to<out_eT>::from(const arma::Base<eT2, expr>&, const typename arma::arma_not_cx<in_eT>::result*) [with in_eT = double; T1 = arma::Glue<arma::Op<arma::Col<double>, arma::op_htrans>, arma::Col<double>, arma::glue_times>; out_eT = double; typename arma::arma_not_cx<in_eT>::result = double]' is deprecated: replace conv_to<...>::from(X) with as_scalar(X) [-Wdeprecated-declarations]
mcmc_functions.cpp:1549:57: warning: 'static out_eT arma::conv_to<out_eT>::from(const arma::Base<eT2, expr>&, const typename arma::arma_not_cx<in_eT>::result*) [with in_eT = double; T1 = arma::Glue<arma::Op<arma::Col<double>, arma::op_htrans>, arma::Col<double>, arma::glue_times>; out_eT = double; typename arma::arma_not_cx<in_eT>::result = double]' is deprecated: replace conv_to<...>::from(X) with as_scalar(X) [-Wdeprecated-declarations]
mcmc_functions.cpp:1550:53: warning: 'static out_eT arma::conv_to<out_eT>::from(const arma::Base<eT2, expr>&, const typename arma::arma_not_cx<in_eT>::result*) [with in_eT = double; T1 = arma::Glue<arma::Op<arma::Col<double>, arma::op_htrans>, arma::Col<double>, arma::glue_times>; out_eT = double; typename arma::arma_not_cx<in_eT>::result = double]' is deprecated: replace conv_to<...>::from(X) with as_scalar(X) [-Wdeprecated-declarations]
mcmc_functions.cpp:1551:59: warning: 'static out_eT arma::conv_to<out_eT>::from(const arma::Base<eT2, expr>&, const typename arma::arma_not_cx<in_eT>::result*) [with in_eT = double; T1 = arma::Glue<arma::Op<arma::Col<double>, arma::op_htrans>, arma::Col<double>, arma::glue_times>; out_eT = double; typename arma::arma_not_cx<in_eT>::result = double]' is deprecated: replace conv_to<...>::from(X) with as_scalar(X) [-Wdeprecated-declarations]
mcmc_functions.cpp:1768:49: warning: 'static out_eT arma::conv_to<out_eT>::from(const arma::Base<eT2, expr>&, const typename arma::arma_not_cx<in_eT>::result*) [with in_eT = double; T1 = arma::Glue<arma::Op<arma::Col<double>, arma::op_htrans>, arma::Col<double>, arma::glue_times>; out_eT = double; typename arma::arma_not_cx<in_eT>::result = double]' is deprecated: replace conv_to<...>::from(X) with as_scalar(X) [-Wdeprecated-declarations]
mcmc_functions.cpp:1771:49: warning: 'static out_eT arma::conv_to<out_eT>::from(const arma::Base<eT2, expr>&, const typename arma::arma_not_cx<in_eT>::result*) [with in_eT = double; T1 = arma::Glue<arma::Op<arma::Col<double>, arma::op_htrans>, arma::Col<double>, arma::glue_times>; out_eT = double; typename arma::arma_not_cx<in_eT>::result = double]' is deprecated: replace conv_to<...>::from(X) with as_scalar(X) [-Wdeprecated-declarations]
See 'd:/Rcompile/CRANpkg/local/4.4/hmcdm.Rcheck/00install.out' for details.
* used C++ compiler: 'g++.exe (GCC) 13.3.0'
Flavor: r-oldrel-windows-x86_64
These binaries (installable software) and packages are in development.
They may not be fully stable and should be used with caution. We make no claims about them.
Health stats visible at Monitor.