Last updated on 2025-05-11 11:51:05 CEST.
Flavor | Version | Tinstall | Tcheck | Ttotal | Status | Flags |
---|---|---|---|---|---|---|
r-devel-linux-x86_64-debian-clang | 0.9.0 | 27.41 | 130.90 | 158.31 | NOTE | |
r-devel-linux-x86_64-debian-gcc | 0.9.0 | 18.93 | 111.43 | 130.36 | NOTE | |
r-devel-linux-x86_64-fedora-clang | 0.9.0 | 264.77 | NOTE | |||
r-devel-linux-x86_64-fedora-gcc | 0.9.0 | 282.36 | NOTE | |||
r-devel-windows-x86_64 | 0.9.0 | 32.00 | 172.00 | 204.00 | NOTE | |
r-patched-linux-x86_64 | 0.9.0 | 30.00 | 136.15 | 166.15 | NOTE | |
r-release-linux-x86_64 | 0.9.0 | 28.35 | 134.13 | 162.48 | NOTE | |
r-release-macos-arm64 | 0.9.0 | 155.00 | NOTE | |||
r-release-macos-x86_64 | 0.9.0 | 241.00 | NOTE | |||
r-release-windows-x86_64 | 0.9.0 | 33.00 | 163.00 | 196.00 | NOTE | |
r-oldrel-macos-arm64 | 0.9.0 | 119.00 | NOTE | |||
r-oldrel-macos-x86_64 | 0.9.0 | 151.00 | NOTE | |||
r-oldrel-windows-x86_64 | 0.9.0 | 39.00 | 204.00 | 243.00 | NOTE |
Version: 0.9.0
Check: CRAN incoming feasibility
Result: NOTE
Maintainer: ‘Alexander Rix <alexrix@umich.edu>’
The Description field contains
(HiGLASSO), developed by Boss et al (2020) <arXiv:2003.12844>, is a
Please refer to arXiv e-prints via their arXiv DOI <doi:10.48550/arXiv.YYMM.NNNNN>.
Flavors: r-devel-linux-x86_64-debian-clang, r-devel-linux-x86_64-debian-gcc
Version: 0.9.0
Check: C++ specification
Result: NOTE
Specified C++11: please drop specification unless essential
Flavors: r-devel-linux-x86_64-debian-clang, r-devel-linux-x86_64-debian-gcc, r-devel-linux-x86_64-fedora-clang, r-devel-linux-x86_64-fedora-gcc, r-devel-windows-x86_64, r-patched-linux-x86_64, r-release-linux-x86_64, r-release-macos-arm64, r-release-macos-x86_64, r-release-windows-x86_64, r-oldrel-macos-arm64, r-oldrel-macos-x86_64, r-oldrel-windows-x86_64
These binaries (installable software) and packages are in development.
They may not be fully stable and should be used with caution. We make no claims about them.
Health stats visible at Monitor.