Last updated on 2025-02-23 15:49:45 CET.
Flavor | Version | Tinstall | Tcheck | Ttotal | Status | Flags |
---|---|---|---|---|---|---|
r-devel-linux-x86_64-debian-clang | 1.9.0-1 | 544.31 | 27.40 | 571.71 | OK | |
r-devel-linux-x86_64-debian-gcc | 1.9.0-1 | 487.05 | 21.85 | 508.90 | OK | |
r-devel-linux-x86_64-fedora-clang | 1.9.0-1 | 1219.05 | OK | |||
r-devel-linux-x86_64-fedora-gcc | 1.9.0-1 | 1421.11 | OK | |||
r-devel-macos-arm64 | 1.9.0-1 | 259.00 | WARN | |||
r-devel-macos-x86_64 | 1.9.0-1 | 223.00 | OK | |||
r-devel-windows-x86_64 | 1.9.0-1 | 682.00 | 95.00 | 777.00 | OK | |
r-patched-linux-x86_64 | 1.9.0-1 | 667.42 | 25.96 | 693.38 | OK | |
r-release-linux-x86_64 | 1.9.0-1 | 676.00 | 26.13 | 702.13 | OK | |
r-release-macos-arm64 | 1.9.0-1 | 267.00 | WARN | |||
r-release-macos-x86_64 | 1.9.0-1 | 278.00 | NOTE | |||
r-release-windows-x86_64 | 1.9.0-1 | 671.00 | 95.00 | 766.00 | NOTE | |
r-oldrel-macos-arm64 | 1.9.0-1 | 269.00 | WARN | |||
r-oldrel-macos-x86_64 | 1.9.0-1 | 263.00 | NOTE | |||
r-oldrel-windows-x86_64 | 1.9.0-1 | 636.00 | 111.00 | 747.00 | NOTE |
Version: 1.9.0-1
Check: whether package can be installed
Result: WARN
Found the following significant warnings:
clang: warning: argument unused during compilation: '-mpopcnt' [-Wunused-command-line-argument]
See ‘/Volumes/Builds/packages/big-sur-arm64/results/4.5/highs.Rcheck/00install.out’ for details.
* used C++ compiler: ‘Apple clang version 14.0.0 (clang-1400.0.29.202)’
* used SDK: ‘MacOSX11.3.sdk’
Flavor: r-devel-macos-arm64
Version: 1.9.0-1
Check: whether package can be installed
Result: WARN
Found the following significant warnings:
clang: warning: argument unused during compilation: '-mpopcnt' [-Wunused-command-line-argument]
See ‘/Volumes/Builds/packages/big-sur-arm64/results/4.4/highs.Rcheck/00install.out’ for details.
* used C++ compiler: ‘Apple clang version 14.0.0 (clang-1400.0.29.202)’
* used SDK: ‘MacOSX11.3.sdk’
Flavor: r-release-macos-arm64
Version: 1.9.0-1
Check: installed package size
Result: NOTE
installed size is 56.2Mb
sub-directories of 1Mb or more:
libs 56.1Mb
Flavors: r-release-macos-arm64, r-release-macos-x86_64, r-release-windows-x86_64, r-oldrel-macos-arm64, r-oldrel-macos-x86_64, r-oldrel-windows-x86_64
Version: 1.9.0-1
Check: whether package can be installed
Result: WARN
Found the following significant warnings:
clang: warning: argument unused during compilation: '-mpopcnt' [-Wunused-command-line-argument]
See ‘/Volumes/Builds/packages/big-sur-arm64/results/4.3/highs.Rcheck/00install.out’ for details.
* used C++ compiler: ‘Apple clang version 14.0.0 (clang-1400.0.29.202)’
* used SDK: ‘MacOSX11.3.sdk’
Flavor: r-oldrel-macos-arm64
These binaries (installable software) and packages are in development.
They may not be fully stable and should be used with caution. We make no claims about them.
Health stats visible at Monitor.