Last updated on 2024-05-02 06:11:51 CEST.
Flavor | Version | Tinstall | Tcheck | Ttotal | Status | Flags |
---|---|---|---|---|---|---|
r-devel-linux-x86_64-debian-clang | 0.9.4 | 14.83 | 142.66 | 157.49 | OK | |
r-devel-linux-x86_64-debian-gcc | 0.9.4 | 10.86 | 103.56 | 114.42 | OK | |
r-devel-linux-x86_64-fedora-clang | 0.9.4 | 199.27 | NOTE | |||
r-devel-linux-x86_64-fedora-gcc | 0.9.4 | 182.20 | NOTE | |||
r-devel-windows-x86_64 | 0.9.4 | 16.00 | 145.00 | 161.00 | OK | |
r-patched-linux-x86_64 | 0.9.4 | 12.40 | 134.76 | 147.16 | OK | |
r-release-linux-x86_64 | 0.9.4 | 9.41 | 134.90 | 144.31 | OK | |
r-release-macos-arm64 | 0.9.4 | 52.00 | OK | |||
r-release-windows-x86_64 | 0.9.4 | 16.00 | 145.00 | 161.00 | OK | |
r-oldrel-macos-arm64 | 0.9.4 | 61.00 | OK | |||
r-oldrel-macos-x86_64 | 0.9.4 | 97.00 | NOTE | |||
r-oldrel-windows-x86_64 | 0.9.4 | 18.00 | 180.00 | 198.00 | OK |
Version: 0.9.4
Check: data for non-ASCII characters
Result: NOTE
Note: found 11 marked UTF-8 strings
Flavors: r-devel-linux-x86_64-fedora-clang, r-devel-linux-x86_64-fedora-gcc
Version: 0.9.4
Check: package dependencies
Result: NOTE
Package suggested but not available for checking: ‘geojsonio’
Flavor: r-oldrel-macos-x86_64
These binaries (installable software) and packages are in development.
They may not be fully stable and should be used with caution. We make no claims about them.
Health stats visible at Monitor.