CRAN Package Check Results for Package hextri

Last updated on 2025-05-03 22:49:55 CEST.

Flavor Version Tinstall Tcheck Ttotal Status Flags
r-devel-linux-x86_64-debian-clang 0.9.17 2.67 27.46 30.13 NOTE
r-devel-linux-x86_64-debian-gcc 0.9.17 2.00 21.92 23.92 NOTE
r-devel-linux-x86_64-fedora-clang 0.9.17 47.82 OK
r-devel-linux-x86_64-fedora-gcc 0.9.17 72.77 OK
r-devel-windows-x86_64 0.9.17 3.00 48.00 51.00 OK
r-patched-linux-x86_64 0.9.17 2.47 26.67 29.14 OK
r-release-linux-x86_64 OK
r-release-macos-arm64 0.9.17 26.00 OK
r-release-macos-x86_64 0.9.17 55.00 OK
r-release-windows-x86_64 0.9.17 3.00 48.00 51.00 OK
r-oldrel-macos-arm64 0.9.17 25.00 OK
r-oldrel-macos-x86_64 0.9.17 40.00 OK
r-oldrel-windows-x86_64 0.9.17 3.00 55.00 58.00 OK

Check Details

Version: 0.9.17
Check: CRAN incoming feasibility
Result: NOTE Maintainer: ‘Thomas Lumley <t.lumley@auckland.ac.nz>’ No Authors@R field in DESCRIPTION. Please add one, modifying Authors@R: person(given = "Thomas", family = "Lumley", role = c("aut", "cre"), email = "t.lumley@auckland.ac.nz", comment = "Jie Fu Yu made a prototype") as necessary. Flavors: r-devel-linux-x86_64-debian-clang, r-devel-linux-x86_64-debian-gcc

These binaries (installable software) and packages are in development.
They may not be fully stable and should be used with caution. We make no claims about them.
Health stats visible at Monitor.