Last updated on 2025-05-17 15:50:44 CEST.
Flavor | Version | Tinstall | Tcheck | Ttotal | Status | Flags |
---|---|---|---|---|---|---|
r-devel-linux-x86_64-debian-clang | 0.1.3 | 14.23 | 267.93 | 282.16 | ERROR | |
r-devel-linux-x86_64-debian-gcc | 0.1.3 | 10.50 | 176.49 | 186.99 | NOTE | |
r-devel-linux-x86_64-fedora-clang | 0.1.3 | 448.47 | OK | |||
r-devel-linux-x86_64-fedora-gcc | 0.1.3 | 436.90 | OK | |||
r-devel-windows-x86_64 | 0.1.3 | 14.00 | 236.00 | 250.00 | OK | |
r-patched-linux-x86_64 | 0.1.3 | 13.27 | 249.68 | 262.95 | OK | |
r-release-linux-x86_64 | 0.1.3 | 13.18 | 257.67 | 270.85 | OK | |
r-release-macos-arm64 | 0.1.3 | 113.00 | OK | |||
r-release-macos-x86_64 | 0.1.3 | 275.00 | OK | |||
r-release-windows-x86_64 | 0.1.3 | 13.00 | 237.00 | 250.00 | OK | |
r-oldrel-macos-arm64 | 0.1.3 | 104.00 | OK | |||
r-oldrel-macos-x86_64 | 0.1.3 | 227.00 | OK | |||
r-oldrel-windows-x86_64 | 0.1.3 | 19.00 | 325.00 | 344.00 | OK |
Version: 0.1.3
Check: CRAN incoming feasibility
Result: NOTE
Maintainer: ‘Ben Fifield <benfifield@gmail.com>’
The Description field contains
<doi:10.1111/rssb.12124> <arXiv:1412.5000>, and Ding, Feller, and
Miratrix (2018) <doi:10.1080/01621459.2017.1407322> <arXiv:1605.06566>
Please refer to arXiv e-prints via their arXiv DOI <doi:10.48550/arXiv.YYMM.NNNNN>.
Flavors: r-devel-linux-x86_64-debian-clang, r-devel-linux-x86_64-debian-gcc
Version: 0.1.3
Check: tests
Result: ERROR
Running ‘testthat.R’ [39s/50s]
Running the tests in ‘tests/testthat.R’ failed.
Complete output:
> library(testthat)
> library(hettx)
>
> test_check("hettx")
[ FAIL 1 | WARN 0 | SKIP 0 | PASS 29 ]
══ Failed tests ════════════════════════════════════════════════════════════════
── Error ('test_estimate_systematic.R:99:5'): Main complier methods work ───────
Error in `est.beta.LATE(formula = formula, data = data, interaction.formula = interaction.formula,
method = method, na.rm = na.rm)`: min(n11, n10, n01, n00) > 1 is not TRUE
Backtrace:
▆
1. └─hettx::estimate_systematic(...) at test_estimate_systematic.R:99:5
2. └─hettx:::est.beta.LATE(...)
3. └─base::stopifnot(min(n11, n10, n01, n00) > 1)
[ FAIL 1 | WARN 0 | SKIP 0 | PASS 29 ]
Error: Test failures
Execution halted
Flavor: r-devel-linux-x86_64-debian-clang
These binaries (installable software) and packages are in development.
They may not be fully stable and should be used with caution. We make no claims about them.
Health stats visible at Monitor.