Last updated on 2025-02-23 15:49:44 CET.
Flavor | Version | Tinstall | Tcheck | Ttotal | Status | Flags |
---|---|---|---|---|---|---|
r-devel-linux-x86_64-debian-clang | 1.1.7 | 50.29 | 123.10 | 173.39 | OK | --no-vignettes |
r-devel-linux-x86_64-debian-gcc | 1.1.7 | 35.16 | 79.32 | 114.48 | OK | --no-vignettes |
r-devel-linux-x86_64-fedora-clang | 1.1.7 | 306.79 | OK | --no-vignettes | ||
r-devel-linux-x86_64-fedora-gcc | 1.1.7 | 300.45 | OK | --no-vignettes | ||
r-devel-macos-arm64 | 1.1.7 | 1803.00 | ERROR | |||
r-devel-macos-x86_64 | 1.1.7 | 1803.00 | ERROR | |||
r-devel-windows-x86_64 | 1.1.7 | 49.00 | 166.00 | 215.00 | OK | --no-vignettes |
r-patched-linux-x86_64 | 1.1.7 | 48.47 | 121.59 | 170.06 | OK | --no-vignettes |
r-release-linux-x86_64 | 1.1.7 | 49.71 | 119.82 | 169.53 | OK | --no-vignettes |
r-release-macos-arm64 | 1.1.7 | 1684.00 | OK | |||
r-release-macos-x86_64 | 1.1.7 | 1127.00 | OK | |||
r-release-windows-x86_64 | 1.1.7 | 48.00 | 169.00 | 217.00 | OK | --no-vignettes |
r-oldrel-macos-arm64 | 1.1.7 | 793.00 | OK | |||
r-oldrel-macos-x86_64 | 1.1.7 | 1411.00 | OK | |||
r-oldrel-windows-x86_64 | 1.1.7 | 47.00 | 189.00 | 236.00 | OK | --no-vignettes |
Version: 1.1.7
Check: re-building of vignette outputs
Result: ERROR
Error(s) in re-building vignettes:
--- re-building ‘hetGP_vignette.Rnw’ using knitr
Quitting from lines 2154-2174 [Contour_ahead] (hetGP_vignette.Rnw)
Execution halted
* checking PDF version of manual ...* using check arguments '--no-clean-on-error '
Flavor: r-devel-macos-arm64
Version: 1.1.7
Check: re-building of vignette outputs
Result: ERROR
Error(s) in re-building vignettes:
--- re-building ‘hetGP_vignette.Rnw’ using knitr
Quitting from lines 1122-1124 [sirfit] (hetGP_vignette.Rnw)
Execution halted
* checking PDF version of manual ...* using check arguments '--no-clean-on-error '
Flavor: r-devel-macos-x86_64
These binaries (installable software) and packages are in development.
They may not be fully stable and should be used with caution. We make no claims about them.
Health stats visible at Monitor.