Last updated on 2025-10-30 23:50:10 CET.
| Flavor | Version | Tinstall | Tcheck | Ttotal | Status | Flags | 
|---|---|---|---|---|---|---|
| r-devel-linux-x86_64-debian-clang | 0.6 | 9.08 | 102.51 | 111.59 | NOTE | |
| r-devel-linux-x86_64-debian-gcc | 0.6 | 7.22 | 73.06 | 80.28 | NOTE | |
| r-devel-linux-x86_64-fedora-clang | 0.6 | 33.00 | 136.93 | 169.93 | NOTE | |
| r-devel-linux-x86_64-fedora-gcc | 0.6 | 20.00 | 135.22 | 155.22 | NOTE | |
| r-devel-windows-x86_64 | 0.6 | 11.00 | 118.00 | 129.00 | NOTE | |
| r-patched-linux-x86_64 | 0.6 | 10.66 | 96.61 | 107.27 | NOTE | |
| r-release-linux-x86_64 | 0.6 | 8.62 | 96.33 | 104.95 | NOTE | |
| r-release-macos-arm64 | 0.6 | 5.00 | 53.00 | 58.00 | NOTE | |
| r-release-macos-x86_64 | 0.6 | 9.00 | 93.00 | 102.00 | NOTE | |
| r-release-windows-x86_64 | 0.6 | 11.00 | 121.00 | 132.00 | NOTE | |
| r-oldrel-macos-arm64 | 0.6 | 4.00 | 48.00 | 52.00 | NOTE | |
| r-oldrel-macos-x86_64 | 0.6 | 7.00 | 74.00 | 81.00 | NOTE | |
| r-oldrel-windows-x86_64 | 0.6 | 14.00 | 149.00 | 163.00 | NOTE | 
Version: 0.6
Check: CRAN incoming feasibility
Result: NOTE
  Maintainer: ‘Joshua French <joshua.french@ucdenver.edu>’
  
  No Authors@R field in DESCRIPTION.
  Please add one, modifying
    Authors@R: person(given = "Joshua",
                      family = "French",
                      role = c("aut", "cre"),
                      email = "joshua.french@ucdenver.edu")
  as necessary.
Flavors: r-devel-linux-x86_64-debian-clang, r-devel-linux-x86_64-debian-gcc
Version: 0.6
Check: Rd files
Result: NOTE
  checkRd: (-1) hero.Rd:67-68: Lost braces
      67 | then \code{\link[pbapply]{pblapply}} is used. If code{package ==
         |                                                      ^
  checkRd: (-1) hero.Rd:69: Lost braces
      69 | code{package == "Rmpi"}, then \code{\link[Rmpi]{mpi.applyLB}} is used.}
         |     ^
Flavors: r-devel-linux-x86_64-debian-clang, r-devel-linux-x86_64-debian-gcc, r-devel-linux-x86_64-fedora-clang, r-devel-linux-x86_64-fedora-gcc, r-devel-windows-x86_64, r-patched-linux-x86_64, r-release-linux-x86_64, r-release-macos-arm64, r-release-macos-x86_64, r-release-windows-x86_64, r-oldrel-macos-arm64, r-oldrel-macos-x86_64, r-oldrel-windows-x86_64
Version: 0.6
Check: package dependencies
Result: NOTE
  Package suggested but not available for checking: ‘Rmpi’
Flavors: r-oldrel-macos-arm64, r-oldrel-macos-x86_64
Version: 0.6
Check: Rd cross-references
Result: NOTE
  Package unavailable to check Rd xrefs: ‘Rmpi’
Flavors: r-oldrel-macos-arm64, r-oldrel-macos-x86_64
These binaries (installable software) and packages are in development.
They may not be fully stable and should be used with caution. We make no claims about them.
Health stats visible at Monitor.