Last updated on 2024-05-02 01:57:00 CEST.
Flavor | Version | Tinstall | Tcheck | Ttotal | Status | Flags |
---|---|---|---|---|---|---|
r-devel-linux-x86_64-debian-clang | 1.5.0 | 8.50 | 302.17 | 310.67 | NOTE | |
r-devel-linux-x86_64-debian-gcc | 1.5.0 | 8.17 | 220.16 | 228.33 | NOTE | |
r-devel-linux-x86_64-fedora-clang | 1.5.0 | 379.42 | NOTE | |||
r-devel-linux-x86_64-fedora-gcc | 1.5.0 | 421.93 | NOTE | |||
r-devel-windows-x86_64 | 1.5.0 | 10.00 | 217.00 | 227.00 | NOTE | |
r-patched-linux-x86_64 | 1.5.0 | 12.94 | 283.40 | 296.34 | NOTE | |
r-release-linux-x86_64 | 1.5.0 | 10.35 | 289.74 | 300.09 | NOTE | |
r-release-macos-arm64 | 1.5.0 | 115.00 | NOTE | |||
r-release-windows-x86_64 | 1.5.0 | 10.00 | 216.00 | 226.00 | NOTE | |
r-oldrel-macos-arm64 | 1.5.0 | 104.00 | NOTE | |||
r-oldrel-macos-x86_64 | 1.5.0 | 222.00 | NOTE | |||
r-oldrel-windows-x86_64 | 1.5.0 | 12.00 | 278.00 | 290.00 | NOTE |
Version: 1.5.0
Check: Rd files
Result: NOTE
checkRd: (-1) heatmaply.Rd:282: Lost braces
282 | row and column dendrograms. The default uses stats{reorder.dendrogram}}
| ^
checkRd: (-1) heatmapr.Rd:93: Lost braces
93 | \item{reorderfun}{function(d, w) of dendrogram and weights for reordering the row and column dendrograms. The default uses stats{reorder.dendrogram}}
| ^
checkRd: (-1) is.plotly.Rd:16: Lost braces
16 | Helpful for the plot_method in link{heatmaply}.
| ^
Flavors: r-devel-linux-x86_64-debian-clang, r-devel-linux-x86_64-debian-gcc, r-devel-linux-x86_64-fedora-clang, r-devel-linux-x86_64-fedora-gcc, r-devel-windows-x86_64, r-patched-linux-x86_64, r-release-linux-x86_64, r-release-macos-arm64, r-release-windows-x86_64
Version: 1.5.0
Check: installed package size
Result: NOTE
installed size is 5.5Mb
sub-directories of 1Mb or more:
doc 5.1Mb
Flavors: r-devel-linux-x86_64-fedora-clang, r-devel-windows-x86_64, r-release-macos-arm64, r-release-windows-x86_64, r-oldrel-macos-arm64, r-oldrel-macos-x86_64, r-oldrel-windows-x86_64
These binaries (installable software) and packages are in development.
They may not be fully stable and should be used with caution. We make no claims about them.
Health stats visible at Monitor.