Last updated on 2025-05-11 11:51:04 CEST.
Flavor | Version | Tinstall | Tcheck | Ttotal | Status | Flags |
---|---|---|---|---|---|---|
r-devel-linux-x86_64-debian-clang | 1.1.9 | 2.18 | 27.93 | 30.11 | NOTE | |
r-devel-linux-x86_64-debian-gcc | 1.1.9 | 1.84 | 21.77 | 23.61 | NOTE | |
r-devel-linux-x86_64-fedora-clang | 1.1.9 | 50.05 | NOTE | |||
r-devel-linux-x86_64-fedora-gcc | 1.1.9 | 61.80 | NOTE | |||
r-devel-windows-x86_64 | 1.1.9 | 3.00 | 60.00 | 63.00 | NOTE | |
r-patched-linux-x86_64 | 1.1.9 | 2.39 | 26.28 | 28.67 | NOTE | |
r-release-linux-x86_64 | 1.1.9 | 2.33 | 26.47 | 28.80 | NOTE | |
r-release-macos-arm64 | 1.1.9 | 26.00 | NOTE | |||
r-release-macos-x86_64 | 1.1.9 | 48.00 | NOTE | |||
r-release-windows-x86_64 | 1.1.9 | 3.00 | 61.00 | 64.00 | NOTE | |
r-oldrel-macos-arm64 | 1.1.9 | 23.00 | NOTE | |||
r-oldrel-macos-x86_64 | 1.1.9 | 64.00 | NOTE | |||
r-oldrel-windows-x86_64 | 1.1.9 | 3.00 | 61.00 | 64.00 | NOTE |
Version: 1.1.9
Check: CRAN incoming feasibility
Result: NOTE
Maintainer: ‘Shilin Zhao <shilin.zhao@vanderbilt.edu>’
No Authors@R field in DESCRIPTION.
Please add one, modifying
Authors@R: c(person(given = "Shilin",
family = "Zhao",
role = c("aut", "cre"),
email = "shilin.zhao@vanderbilt.edu"),
person(given = "Linlin",
family = "Yin",
role = "aut"),
person(given = "Yan",
family = "Guo",
role = "aut"),
person(given = "Quanhu",
family = "Sheng",
role = "aut"),
person(given = "Yu",
family = "Shyr",
role = "aut"))
as necessary.
Flavors: r-devel-linux-x86_64-debian-clang, r-devel-linux-x86_64-debian-gcc
Version: 1.1.9
Check: Rd files
Result: NOTE
checkRd: (-1) colByValue.Rd:20: Lost braces; missing escapes or markup?
20 | \item{las}{numeric in {0,1,2,3}; the style of axis labels.}
| ^
Flavors: r-devel-linux-x86_64-debian-clang, r-devel-linux-x86_64-debian-gcc, r-devel-linux-x86_64-fedora-clang, r-devel-linux-x86_64-fedora-gcc, r-devel-windows-x86_64, r-patched-linux-x86_64, r-release-linux-x86_64, r-release-macos-arm64, r-release-macos-x86_64, r-release-windows-x86_64, r-oldrel-macos-arm64, r-oldrel-macos-x86_64, r-oldrel-windows-x86_64
These binaries (installable software) and packages are in development.
They may not be fully stable and should be used with caution. We make no claims about them.
Health stats visible at Monitor.