Last updated on 2025-10-10 19:54:25 CEST.
Flavor | Version | Tinstall | Tcheck | Ttotal | Status | Flags |
---|---|---|---|---|---|---|
r-devel-linux-x86_64-debian-clang | 1.1.0 | 12.93 | 81.84 | 94.77 | NOTE | |
r-devel-linux-x86_64-debian-gcc | 1.1.0 | 8.19 | 61.05 | 69.24 | NOTE | |
r-devel-linux-x86_64-fedora-clang | 1.1.0 | 143.12 | NOTE | |||
r-devel-linux-x86_64-fedora-gcc | 1.1.0 | 159.72 | NOTE | |||
r-devel-windows-x86_64 | 1.1.0 | 14.00 | 89.00 | 103.00 | OK | |
r-patched-linux-x86_64 | 1.1.0 | 10.82 | 75.09 | 85.91 | OK | |
r-release-linux-x86_64 | 1.1.0 | 10.32 | 75.96 | 86.28 | OK | |
r-release-macos-arm64 | 1.1.0 | 87.00 | OK | |||
r-release-macos-x86_64 | 1.1.0 | 91.00 | OK | |||
r-release-windows-x86_64 | 1.1.0 | 15.00 | 93.00 | 108.00 | OK | |
r-oldrel-macos-arm64 | 1.1.0 | 35.00 | OK | |||
r-oldrel-macos-x86_64 | 1.1.0 | 89.00 | OK | |||
r-oldrel-windows-x86_64 | 1.1.0 | 18.00 | 113.00 | 131.00 | OK |
Version: 1.1.0
Check: CRAN incoming feasibility
Result: NOTE
Maintainer: ‘Steven Sanderson <spsanderson@gmail.com>’
Found the following (possibly) invalid URLs:
URL: https://lifecycle.r-lib.org/articles/stages.html##stable
From: README.md
Message: Invalid URL: '#' not allowed in fragment
Flavors: r-devel-linux-x86_64-debian-clang, r-devel-linux-x86_64-debian-gcc
Version: 1.1.0
Check: dependencies in R code
Result: NOTE
Namespaces in Imports field not imported from:
‘RandomWalker’ ‘TidyDensity’ ‘healthyR’ ‘healthyR.ai’ ‘healthyR.data’
‘healthyR.ts’ ‘tidyAML’
All declared Imports should be used.
Flavors: r-devel-linux-x86_64-fedora-clang, r-devel-linux-x86_64-fedora-gcc
These binaries (installable software) and packages are in development.
They may not be fully stable and should be used with caution. We make no claims about them.
Health stats visible at Monitor.