Last updated on 2025-05-15 07:49:41 CEST.
Flavor | Version | Tinstall | Tcheck | Ttotal | Status | Flags |
---|---|---|---|---|---|---|
r-devel-linux-x86_64-debian-clang | 0.9.0 | 20.26 | 36.31 | 56.57 | NOTE | |
r-devel-linux-x86_64-debian-gcc | 0.9.0 | 16.38 | 30.08 | 46.46 | NOTE | |
r-devel-linux-x86_64-fedora-clang | 0.9.0 | 108.83 | NOTE | |||
r-devel-linux-x86_64-fedora-gcc | 0.9.0 | 120.44 | NOTE | |||
r-devel-windows-x86_64 | 0.9.0 | 26.00 | 76.00 | 102.00 | NOTE | |
r-patched-linux-x86_64 | 0.9.0 | 21.05 | 35.80 | 56.85 | NOTE | |
r-release-linux-x86_64 | 0.9.0 | 20.66 | 36.10 | 56.76 | NOTE | |
r-release-macos-arm64 | 0.9.0 | NOTE | ||||
r-release-macos-x86_64 | 0.9.0 | 74.00 | NOTE | |||
r-release-windows-x86_64 | 0.9.0 | 27.00 | 74.00 | 101.00 | NOTE | |
r-oldrel-macos-arm64 | 0.9.0 | 49.00 | NOTE | |||
r-oldrel-macos-x86_64 | 0.9.0 | 66.00 | NOTE | |||
r-oldrel-windows-x86_64 | 0.9.0 | 31.00 | 89.00 | 120.00 | NOTE |
Version: 0.9.0
Check: CRAN incoming feasibility
Result: NOTE
Maintainer: ‘Alexander Rix <alexrix@umich.edu>’
Found the following URLs which should use \doi (with the DOI name only):
File ‘hdbm.Rd’:
https://doi.org/10.1101/467399
Flavors: r-devel-linux-x86_64-debian-clang, r-devel-linux-x86_64-debian-gcc
Version: 0.9.0
Check: C++ specification
Result: NOTE
Specified C++11: please drop specification unless essential
Flavors: r-devel-linux-x86_64-debian-clang, r-devel-linux-x86_64-debian-gcc, r-devel-linux-x86_64-fedora-clang, r-devel-linux-x86_64-fedora-gcc, r-devel-windows-x86_64, r-patched-linux-x86_64, r-release-linux-x86_64, r-release-macos-arm64, r-release-macos-x86_64, r-release-windows-x86_64, r-oldrel-macos-arm64, r-oldrel-macos-x86_64, r-oldrel-windows-x86_64
These binaries (installable software) and packages are in development.
They may not be fully stable and should be used with caution. We make no claims about them.
Health stats visible at Monitor.