Last updated on 2025-02-23 15:49:44 CET.
Flavor | Version | Tinstall | Tcheck | Ttotal | Status | Flags |
---|---|---|---|---|---|---|
r-devel-linux-x86_64-debian-clang | 2.4.1 | 227.92 | 119.28 | 347.20 | OK | |
r-devel-linux-x86_64-debian-gcc | 2.4.1 | 183.17 | 98.74 | 281.91 | OK | |
r-devel-linux-x86_64-fedora-clang | 2.4.1 | 528.47 | OK | |||
r-devel-linux-x86_64-fedora-gcc | 2.4.1 | 703.85 | OK | |||
r-devel-macos-arm64 | 2.4.0 | 136.00 | OK | |||
r-devel-macos-x86_64 | 2.4.1 | 289.00 | OK | |||
r-devel-windows-x86_64 | 2.4.1 | 182.00 | 151.00 | 333.00 | OK | |
r-patched-linux-x86_64 | 2.4.1 | 238.63 | 125.89 | 364.52 | NOTE | |
r-release-linux-x86_64 | 2.4.1 | 223.14 | 128.21 | 351.35 | NOTE | |
r-release-macos-arm64 | 2.4.0 | 94.00 | NOTE | |||
r-release-macos-x86_64 | 2.4.1 | 302.00 | NOTE | |||
r-release-windows-x86_64 | 2.4.1 | 181.00 | 153.00 | 334.00 | NOTE | |
r-oldrel-macos-arm64 | 2.3.2 | 463.00 | NOTE | |||
r-oldrel-macos-x86_64 | 2.4.1 | 334.00 | NOTE | |||
r-oldrel-windows-x86_64 | 2.4.1 | 246.00 | 184.00 | 430.00 | NOTE |
Version: 2.4.1
Check: for GNU extensions in Makefiles
Result: NOTE
GNU make is a SystemRequirements.
Flavors: r-patched-linux-x86_64, r-release-linux-x86_64, r-release-macos-x86_64, r-release-windows-x86_64, r-oldrel-macos-x86_64, r-oldrel-windows-x86_64
Version: 2.4.0
Check: installed package size
Result: NOTE
installed size is 85.4Mb
sub-directories of 1Mb or more:
libs 84.0Mb
Flavor: r-release-macos-arm64
Version: 2.4.0
Check: for GNU extensions in Makefiles
Result: NOTE
GNU make is a SystemRequirements.
Flavor: r-release-macos-arm64
Version: 2.4.1
Check: installed package size
Result: NOTE
installed size is 74.3Mb
sub-directories of 1Mb or more:
libs 72.9Mb
Flavors: r-release-macos-x86_64, r-oldrel-macos-x86_64
Version: 2.3.2
Check: installed package size
Result: NOTE
installed size is 168.2Mb
sub-directories of 1Mb or more:
libs 166.5Mb
Flavor: r-oldrel-macos-arm64
Version: 2.3.2
Check: for GNU extensions in Makefiles
Result: NOTE
GNU make is a SystemRequirements.
Flavor: r-oldrel-macos-arm64
These binaries (installable software) and packages are in development.
They may not be fully stable and should be used with caution. We make no claims about them.
Health stats visible at Monitor.