Last updated on 2025-05-17 15:50:44 CEST.
Flavor | Version | Tinstall | Tcheck | Ttotal | Status | Flags |
---|---|---|---|---|---|---|
r-devel-linux-x86_64-debian-clang | 1.0.3 | 95.99 | 85.27 | 181.26 | NOTE | |
r-devel-linux-x86_64-debian-gcc | 1.0.3 | 71.73 | 56.61 | 128.34 | NOTE | |
r-devel-linux-x86_64-fedora-clang | 1.0.3 | 349.23 | OK | |||
r-devel-linux-x86_64-fedora-gcc | 1.0.3 | 378.44 | OK | |||
r-devel-windows-x86_64 | 1.0.3 | 110.00 | 131.00 | 241.00 | OK | |
r-patched-linux-x86_64 | 1.0.3 | 96.25 | 78.88 | 175.13 | OK | |
r-release-linux-x86_64 | 1.0.3 | 102.45 | 80.21 | 182.66 | OK | |
r-release-macos-arm64 | 1.0.3 | 112.00 | OK | |||
r-release-macos-x86_64 | 1.0.3 | 123.00 | OK | |||
r-release-windows-x86_64 | 1.0.3 | 112.00 | 123.00 | 235.00 | OK | |
r-oldrel-macos-arm64 | 1.0.3 | 83.00 | NOTE | |||
r-oldrel-macos-x86_64 | 1.0.3 | 96.00 | NOTE | |||
r-oldrel-windows-x86_64 | 1.0.3 | 128.00 | 151.00 | 279.00 | OK |
Version: 1.0.3
Check: CRAN incoming feasibility
Result: NOTE
Maintainer: ‘Felix Cheysson <felix@cheysson.fr>’
The Description field contains
<arXiv:2003.04314>. Some general use functions for Hawkes processes are
Please refer to arXiv e-prints via their arXiv DOI <doi:10.48550/arXiv.YYMM.NNNNN>.
Flavors: r-devel-linux-x86_64-debian-clang, r-devel-linux-x86_64-debian-gcc
Version: 1.0.3
Check: installed package size
Result: NOTE
installed size is 11.9Mb
sub-directories of 1Mb or more:
libs 11.4Mb
Flavors: r-oldrel-macos-arm64, r-oldrel-macos-x86_64
These binaries (installable software) and packages are in development.
They may not be fully stable and should be used with caution. We make no claims about them.
Health stats visible at Monitor.