Last updated on 2025-05-03 22:49:55 CEST.
Flavor | Version | Tinstall | Tcheck | Ttotal | Status | Flags |
---|---|---|---|---|---|---|
r-devel-linux-x86_64-debian-clang | 2.5.4 | 28.85 | 60.20 | 89.05 | OK | |
r-devel-linux-x86_64-debian-gcc | 2.5.4 | 25.81 | 42.43 | 68.24 | OK | |
r-devel-linux-x86_64-fedora-clang | 2.5.4 | 147.24 | OK | |||
r-devel-linux-x86_64-fedora-gcc | 2.5.4 | 168.79 | WARN | |||
r-devel-windows-x86_64 | 2.5.4 | 63.00 | 97.00 | 160.00 | OK | |
r-patched-linux-x86_64 | 2.5.4 | 32.71 | 54.01 | 86.72 | OK | |
r-release-linux-x86_64 | OK | |||||
r-release-macos-arm64 | 2.5.4 | 65.00 | OK | |||
r-release-macos-x86_64 | 2.5.4 | 90.00 | OK | |||
r-release-windows-x86_64 | 2.5.4 | 66.00 | 97.00 | 163.00 | OK | |
r-oldrel-macos-arm64 | 2.5.4 | 59.00 | NOTE | |||
r-oldrel-macos-x86_64 | 2.5.4 | 71.00 | NOTE | |||
r-oldrel-windows-x86_64 | 2.5.4 | 76.00 | 116.00 | 192.00 | NOTE |
Version: 2.5.4
Check: whether package can be installed
Result: WARN
Found the following significant warnings:
readstat/spss/readstat_por_write.c:206:5: warning: '__builtin_strncpy' output may be truncated copying 20 bytes from a string of length 256 [-Wstringop-truncation]
See ‘/data/gannet/ripley/R/packages/tests-devel/haven.Rcheck/00install.out’ for details.
* used C compiler: ‘gcc-15 (GCC) 15.1.0’
* used C++ compiler: ‘g++-15 (GCC) 15.1.0’
Flavor: r-devel-linux-x86_64-fedora-gcc
Version: 2.5.4
Check: for GNU extensions in Makefiles
Result: NOTE
GNU make is a SystemRequirements.
Flavors: r-oldrel-macos-arm64, r-oldrel-macos-x86_64, r-oldrel-windows-x86_64
These binaries (installable software) and packages are in development.
They may not be fully stable and should be used with caution. We make no claims about them.
Health stats visible at Monitor.