Last updated on 2024-05-02 08:01:44 CEST.
Flavor | Version | Tinstall | Tcheck | Ttotal | Status | Flags |
---|---|---|---|---|---|---|
r-devel-linux-x86_64-debian-clang | 2.5.4 | 33.80 | 73.74 | 107.54 | NOTE | |
r-devel-linux-x86_64-debian-gcc | 2.5.4 | 31.46 | 54.57 | 86.03 | NOTE | |
r-devel-linux-x86_64-fedora-clang | 2.5.4 | 149.55 | NOTE | |||
r-devel-linux-x86_64-fedora-gcc | 2.5.4 | 155.99 | NOTE | |||
r-devel-windows-x86_64 | 2.5.4 | 66.00 | 101.00 | 167.00 | NOTE | |
r-patched-linux-x86_64 | 2.5.4 | 26.79 | 68.20 | 94.99 | NOTE | |
r-release-linux-x86_64 | 2.5.4 | 27.73 | 68.41 | 96.14 | NOTE | |
r-release-macos-arm64 | 2.5.4 | 59.00 | NOTE | |||
r-release-windows-x86_64 | 2.5.4 | 62.00 | 98.00 | 160.00 | NOTE | |
r-oldrel-macos-arm64 | 2.5.4 | 56.00 | NOTE | |||
r-oldrel-macos-x86_64 | 2.5.4 | 100.00 | NOTE | |||
r-oldrel-windows-x86_64 | 2.5.4 | 67.00 | 114.00 | 181.00 | NOTE |
Version: 2.5.4
Check: for GNU extensions in Makefiles
Result: NOTE
GNU make is a SystemRequirements.
Flavors: r-devel-linux-x86_64-debian-clang, r-devel-linux-x86_64-debian-gcc, r-devel-linux-x86_64-fedora-clang, r-devel-linux-x86_64-fedora-gcc, r-devel-windows-x86_64, r-patched-linux-x86_64, r-release-linux-x86_64, r-release-macos-arm64, r-release-windows-x86_64, r-oldrel-macos-arm64, r-oldrel-macos-x86_64, r-oldrel-windows-x86_64
Version: 2.5.4
Check: compiled code
Result: NOTE
File ‘haven/libs/haven.so’:
Found non-API calls to R: ‘SETLENGTH’, ‘SET_TRUELENGTH’
Compiled code should not call non-API entry points in R.
See ‘Writing portable packages’ in the ‘Writing R Extensions’ manual.
Flavors: r-devel-linux-x86_64-debian-clang, r-devel-linux-x86_64-debian-gcc, r-devel-linux-x86_64-fedora-clang, r-devel-linux-x86_64-fedora-gcc
Version: 2.5.4
Check: Rd cross-references
Result: NOTE
Undeclared package ‘dplyr’ in Rd xrefs
Flavor: r-devel-linux-x86_64-fedora-clang
Version: 2.5.4
Check: compiled code
Result: NOTE
File 'haven/libs/x64/haven.dll':
Found non-API calls to R: 'SETLENGTH', 'SET_TRUELENGTH'
Compiled code should not call non-API entry points in R.
See 'Writing portable packages' in the 'Writing R Extensions' manual.
Flavor: r-devel-windows-x86_64
These binaries (installable software) and packages are in development.
They may not be fully stable and should be used with caution. We make no claims about them.
Health stats visible at Monitor.