CRAN Package Check Results for Package harbinger

Last updated on 2025-02-23 15:49:44 CET.

Flavor Version Tinstall Tcheck Ttotal Status Flags
r-devel-linux-x86_64-debian-clang 1.1.707 22.43 171.03 193.46 NOTE
r-devel-linux-x86_64-debian-gcc 1.1.707 13.66 121.17 134.83 NOTE
r-devel-linux-x86_64-fedora-clang 1.1.707 304.46 NOTE
r-devel-linux-x86_64-fedora-gcc 1.1.707 295.06 NOTE
r-devel-macos-arm64 1.1.707 80.00 OK
r-devel-macos-x86_64 1.1.707 152.00 NOTE
r-devel-windows-x86_64 1.1.707 24.00 173.00 197.00 NOTE
r-patched-linux-x86_64 1.1.707 18.90 155.91 174.81 OK
r-release-linux-x86_64 1.1.707 21.26 157.76 179.02 OK
r-release-macos-arm64 1.1.707 77.00 OK
r-release-macos-x86_64 1.1.707 125.00 OK
r-release-windows-x86_64 1.1.707 23.00 176.00 199.00 OK
r-oldrel-macos-arm64 1.1.707 81.00 OK
r-oldrel-macos-x86_64 1.1.707 170.00 OK
r-oldrel-windows-x86_64 1.1.707 29.00 219.00 248.00 OK

Check Details

Version: 1.1.707
Check: DESCRIPTION meta-information
Result: NOTE Missing dependency on R >= 4.1.0 because package code uses the pipe |> or function shorthand \(...) syntax added in R 4.1.0. File(s) using such syntax: ‘hdis_sax.R’ ‘hmo_sax.R’ ‘hmo_xsax.R’ Flavors: r-devel-linux-x86_64-debian-clang, r-devel-linux-x86_64-debian-gcc, r-devel-linux-x86_64-fedora-clang, r-devel-linux-x86_64-fedora-gcc, r-devel-macos-x86_64, r-devel-windows-x86_64

These binaries (installable software) and packages are in development.
They may not be fully stable and should be used with caution. We make no claims about them.
Health stats visible at Monitor.