Last updated on 2025-05-15 11:50:03 CEST.
Flavor | Version | Tinstall | Tcheck | Ttotal | Status | Flags |
---|---|---|---|---|---|---|
r-devel-linux-x86_64-debian-clang | 0.31 | 2.82 | 23.31 | 26.13 | NOTE | |
r-devel-linux-x86_64-debian-gcc | 0.31 | 2.15 | 19.33 | 21.48 | NOTE | |
r-devel-linux-x86_64-fedora-clang | 0.31 | 41.88 | OK | |||
r-devel-linux-x86_64-fedora-gcc | 0.31 | 39.36 | OK | |||
r-devel-windows-x86_64 | 0.31 | 5.00 | 49.00 | 54.00 | OK | |
r-patched-linux-x86_64 | 0.31 | 2.76 | 22.66 | 25.42 | OK | |
r-release-linux-x86_64 | 0.31 | 2.65 | 22.63 | 25.28 | OK | |
r-release-macos-arm64 | 0.31 | 19.00 | OK | |||
r-release-macos-x86_64 | 0.31 | 29.00 | OK | |||
r-release-windows-x86_64 | 0.31 | 6.00 | 48.00 | 54.00 | OK | |
r-oldrel-macos-arm64 | 0.31 | 17.00 | OK | |||
r-oldrel-macos-x86_64 | 0.31 | 24.00 | OK | |||
r-oldrel-windows-x86_64 | 0.31 | 6.00 | 53.00 | 59.00 | OK |
Version: 0.31
Check: CRAN incoming feasibility
Result: NOTE
Maintainer: ‘Apostolos Dimitromanolakis <apostolis@live.ca>’
No Authors@R field in DESCRIPTION.
Please add one, modifying
Authors@R: c(person(given = "Giovanni",
family = "Montana",
role = "aut"),
person(given = "Apostolos",
family = "Dimitromanolakis",
role = "cre",
email = "apostolis@live.ca"))
as necessary.
Found the following (possibly) invalid file URI:
URI: www-gene.cimr.cam.ac.uk/clayton/software/stata/htSNP/htsnp.pdf
From: man/divlocus.Rd
Flavors: r-devel-linux-x86_64-debian-clang, r-devel-linux-x86_64-debian-gcc
These binaries (installable software) and packages are in development.
They may not be fully stable and should be used with caution. We make no claims about them.
Health stats visible at Monitor.