CRAN Package Check Results for Package habCluster

Last updated on 2025-05-03 22:49:55 CEST.

Flavor Version Tinstall Tcheck Ttotal Status Flags
r-devel-linux-x86_64-debian-clang 1.0.5 36.15 274.69 310.84 NOTE
r-devel-linux-x86_64-debian-gcc 1.0.5 26.49 182.24 208.73 NOTE
r-devel-linux-x86_64-fedora-clang 1.0.5 499.77 OK
r-devel-linux-x86_64-fedora-gcc 1.0.5 514.19 OK
r-devel-windows-x86_64 1.0.5 38.00 228.00 266.00 NOTE
r-patched-linux-x86_64 1.0.5 38.91 264.14 303.05 NOTE
r-release-linux-x86_64 NOTE
r-release-macos-arm64 1.0.5 177.00 OK
r-release-macos-x86_64 1.0.5 300.00 OK
r-release-windows-x86_64 1.0.5 37.00 213.00 250.00 NOTE
r-oldrel-macos-arm64 1.0.5 118.00 OK
r-oldrel-macos-x86_64 1.0.5 189.00 OK
r-oldrel-windows-x86_64 1.0.5 51.00 313.00 364.00 OK

Check Details

Version: 1.0.5
Check: CRAN incoming feasibility
Result: NOTE Maintainer: ‘Qiang Dai <daiqiang@cib.ac.cn>’ No Authors@R field in DESCRIPTION. Please add one, modifying Authors@R: person(given = "Qiang", family = "Dai", role = c("aut", "cre"), email = "daiqiang@cib.ac.cn") as necessary. Found the following (possibly) invalid URLs: URL: bioRxiv:2022.05.06.490926 From: DESCRIPTION Message: Invalid URI scheme Flavors: r-devel-linux-x86_64-debian-clang, r-devel-linux-x86_64-debian-gcc

Version: 1.0.5
Check: Rd cross-references
Result: NOTE Found the following Rd file(s) with Rd \link{} targets missing package anchors: habCluster-package.Rd: raster, Rcpp, igraph Please provide package anchors for all Rd \link{} targets not in the package itself and the base packages. Flavors: r-devel-linux-x86_64-debian-clang, r-devel-linux-x86_64-debian-gcc, r-devel-windows-x86_64, r-patched-linux-x86_64, r-release-linux-x86_64, r-release-windows-x86_64

These binaries (installable software) and packages are in development.
They may not be fully stable and should be used with caution. We make no claims about them.
Health stats visible at Monitor.