Last updated on 2024-05-02 06:11:50 CEST.
Flavor | Version | Tinstall | Tcheck | Ttotal | Status | Flags |
---|---|---|---|---|---|---|
r-devel-linux-x86_64-debian-clang | 0.2.0 | 10.84 | 81.99 | 92.83 | NOTE | |
r-devel-linux-x86_64-debian-gcc | 0.2.0 | 7.66 | 60.83 | 68.49 | NOTE | |
r-devel-linux-x86_64-fedora-clang | 0.2.0 | 118.10 | NOTE | |||
r-devel-linux-x86_64-fedora-gcc | 0.2.0 | 108.71 | NOTE | |||
r-devel-windows-x86_64 | 0.2.0 | 9.00 | 75.00 | 84.00 | NOTE | |
r-patched-linux-x86_64 | 0.2.0 | 9.14 | 77.63 | 86.77 | NOTE | |
r-release-linux-x86_64 | 0.2.0 | 6.00 | 77.49 | 83.49 | NOTE | |
r-release-macos-arm64 | 0.2.0 | 33.00 | NOTE | |||
r-release-windows-x86_64 | 0.2.0 | 9.00 | 74.00 | 83.00 | NOTE | |
r-oldrel-macos-arm64 | 0.2.0 | 33.00 | OK | |||
r-oldrel-macos-x86_64 | 0.2.0 | 53.00 | OK | |||
r-oldrel-windows-x86_64 | 0.2.0 | 12.00 | 88.00 | 100.00 | OK |
Version: 0.2.0
Check: Rd files
Result: NOTE
checkRd: (-1) get_Basin.Rd:19: Lost braces; missing escapes or markup?
19 | looking at {nhdplusTools} as that has a lot of functionality and better documentation.
| ^
checkRd: (-1) get_basin_interactively.Rd:35: Lost braces; missing escapes or markup?
35 | shiny app. It uses the {elevatr} package for DEM and {whitebox} package to delineate the watershed.
| ^
checkRd: (-1) get_basin_interactively.Rd:35: Lost braces; missing escapes or markup?
35 | shiny app. It uses the {elevatr} package for DEM and {whitebox} package to delineate the watershed.
| ^
Flavors: r-devel-linux-x86_64-debian-clang, r-devel-linux-x86_64-debian-gcc, r-devel-linux-x86_64-fedora-clang, r-devel-linux-x86_64-fedora-gcc, r-devel-windows-x86_64, r-patched-linux-x86_64, r-release-linux-x86_64, r-release-macos-arm64, r-release-windows-x86_64
These binaries (installable software) and packages are in development.
They may not be fully stable and should be used with caution. We make no claims about them.
Health stats visible at Monitor.