Last updated on 2025-05-15 07:49:40 CEST.
Flavor | Version | Tinstall | Tcheck | Ttotal | Status | Flags |
---|---|---|---|---|---|---|
r-devel-linux-x86_64-debian-clang | 0.1.7 | 2.40 | 19.32 | 21.72 | NOTE | |
r-devel-linux-x86_64-debian-gcc | 0.1.7 | 2.04 | 15.98 | 18.02 | NOTE | |
r-devel-linux-x86_64-fedora-clang | 0.1.7 | 34.33 | NOTE | |||
r-devel-linux-x86_64-fedora-gcc | 0.1.7 | 32.66 | NOTE | |||
r-devel-windows-x86_64 | 0.1.7 | 5.00 | 41.00 | 46.00 | NOTE | |
r-patched-linux-x86_64 | 0.1.7 | 2.28 | 18.41 | 20.69 | NOTE | |
r-release-linux-x86_64 | 0.1.7 | 2.27 | 18.46 | 20.73 | NOTE | |
r-release-macos-arm64 | 0.1.7 | NOTE | ||||
r-release-macos-x86_64 | 0.1.7 | 24.00 | NOTE | |||
r-release-windows-x86_64 | 0.1.7 | 5.00 | 44.00 | 49.00 | NOTE | |
r-oldrel-macos-arm64 | 0.1.7 | 17.00 | NOTE | |||
r-oldrel-macos-x86_64 | 0.1.7 | 22.00 | NOTE | |||
r-oldrel-windows-x86_64 | 0.1.7 | 5.00 | 40.00 | 45.00 | NOTE |
Version: 0.1.7
Check: CRAN incoming feasibility
Result: NOTE
Maintainer: ‘Mark Robinson <mark.robinson@imls.uzh.ch>’
No Authors@R field in DESCRIPTION.
Please add one, modifying
Authors@R: person(given = "Mark",
family = "Robinson",
role = c("aut", "cre"),
email = "mark.robinson@imls.uzh.ch")
as necessary.
The Date field is not in ISO 8601 yyyy-mm-dd format.
Flavors: r-devel-linux-x86_64-debian-clang, r-devel-linux-x86_64-debian-gcc
Version: 0.1.7
Check: DESCRIPTION meta-information
Result: NOTE
Malformed Description field: should contain one or more complete sentences.
Flavors: r-devel-linux-x86_64-debian-clang, r-devel-linux-x86_64-debian-gcc, r-devel-linux-x86_64-fedora-clang, r-devel-linux-x86_64-fedora-gcc, r-devel-windows-x86_64, r-patched-linux-x86_64, r-release-linux-x86_64, r-release-macos-arm64, r-release-macos-x86_64, r-release-windows-x86_64, r-oldrel-macos-arm64, r-oldrel-macos-x86_64, r-oldrel-windows-x86_64
Version: 0.1.7
Check: compiled code
Result: NOTE
File ‘gsmoothr/libs/gsmoothr.so’:
Found no call to: ‘R_useDynamicSymbols’
It is good practice to register native routines and to disable symbol
search.
See ‘Writing portable packages’ in the ‘Writing R Extensions’ manual.
Flavors: r-devel-linux-x86_64-fedora-clang, r-devel-linux-x86_64-fedora-gcc
These binaries (installable software) and packages are in development.
They may not be fully stable and should be used with caution. We make no claims about them.
Health stats visible at Monitor.