Last updated on 2025-05-07 22:48:29 CEST.
Flavor | Version | Tinstall | Tcheck | Ttotal | Status | Flags |
---|---|---|---|---|---|---|
r-devel-linux-x86_64-debian-clang | 0.2.0 | 1.51 | 28.34 | 29.85 | NOTE | |
r-devel-linux-x86_64-debian-gcc | 0.2.0 | 1.37 | 23.37 | 24.74 | NOTE | |
r-devel-linux-x86_64-fedora-clang | 0.2.0 | 44.02 | NOTE | |||
r-devel-linux-x86_64-fedora-gcc | 0.2.0 | 57.22 | NOTE | |||
r-devel-windows-x86_64 | 0.2.0 | 2.00 | 47.00 | 49.00 | NOTE | |
r-patched-linux-x86_64 | 0.2.0 | 1.46 | 26.10 | 27.56 | NOTE | |
r-release-linux-x86_64 | 0.2.0 | 1.36 | 25.93 | 27.29 | NOTE | |
r-release-macos-arm64 | 0.2.0 | 26.00 | NOTE | |||
r-release-macos-x86_64 | 0.2.0 | 43.00 | NOTE | |||
r-release-windows-x86_64 | 0.2.0 | 5.00 | 57.00 | 62.00 | NOTE | |
r-oldrel-macos-arm64 | 0.2.0 | 23.00 | NOTE | |||
r-oldrel-macos-x86_64 | 0.2.0 | 34.00 | NOTE | |||
r-oldrel-windows-x86_64 | 0.2.0 | 2.00 | 53.00 | 55.00 | NOTE |
Version: 0.2.0
Check: CRAN incoming feasibility
Result: NOTE
Maintainer: ‘Ben Marwick <benmarwick@gmail.com>’
The BugReports field in DESCRIPTION has
https://github.com/benmarwick/gsloid
which should likely be
https://github.com/benmarwick/gsloid/issues
instead.
Flavors: r-devel-linux-x86_64-debian-clang, r-devel-linux-x86_64-debian-gcc
Version: 0.2.0
Check: Rd files
Result: NOTE
checkRd: (-1) lisiecki2005.Rd:21: Lost braces in \itemize; meant \describe ?
checkRd: (-1) lisiecki2005.Rd:22: Lost braces in \itemize; meant \describe ?
checkRd: (-1) lisiecki2005.Rd:23: Lost braces in \itemize; meant \describe ?
checkRd: (-1) spratt2016.Rd:21: Lost braces in \itemize; meant \describe ?
checkRd: (-1) spratt2016.Rd:22: Lost braces in \itemize; meant \describe ?
checkRd: (-1) spratt2016.Rd:23: Lost braces in \itemize; meant \describe ?
checkRd: (-1) spratt2016.Rd:24: Lost braces in \itemize; meant \describe ?
checkRd: (-1) spratt2016.Rd:25: Lost braces in \itemize; meant \describe ?
checkRd: (-1) spratt2016.Rd:26: Lost braces in \itemize; meant \describe ?
checkRd: (-1) spratt2016.Rd:27: Lost braces in \itemize; meant \describe ?
checkRd: (-1) spratt2016.Rd:28: Lost braces in \itemize; meant \describe ?
checkRd: (-1) spratt2016.Rd:29: Lost braces in \itemize; meant \describe ?
Flavors: r-devel-linux-x86_64-debian-clang, r-devel-linux-x86_64-debian-gcc, r-devel-linux-x86_64-fedora-clang, r-devel-linux-x86_64-fedora-gcc, r-devel-windows-x86_64, r-patched-linux-x86_64, r-release-linux-x86_64, r-release-macos-arm64, r-release-macos-x86_64, r-release-windows-x86_64, r-oldrel-macos-arm64, r-oldrel-macos-x86_64, r-oldrel-windows-x86_64
These binaries (installable software) and packages are in development.
They may not be fully stable and should be used with caution. We make no claims about them.
Health stats visible at Monitor.