Last updated on 2025-10-30 01:50:02 CET.
| Flavor | Version | Tinstall | Tcheck | Ttotal | Status | Flags |
|---|---|---|---|---|---|---|
| r-devel-linux-x86_64-debian-clang | 3.1.18 | 23.49 | 237.05 | 260.54 | NOTE | |
| r-devel-linux-x86_64-debian-gcc | 3.1.18 | 15.73 | 152.13 | 167.86 | NOTE | |
| r-devel-linux-x86_64-fedora-clang | 3.1.18 | 143.00 | 279.59 | 422.59 | NOTE | |
| r-devel-linux-x86_64-fedora-gcc | 3.1.18 | 105.00 | 309.76 | 414.76 | NOTE | |
| r-devel-windows-x86_64 | 3.1.18 | 22.00 | 226.00 | 248.00 | NOTE | |
| r-patched-linux-x86_64 | 3.1.18 | 25.67 | 221.20 | 246.87 | OK | |
| r-release-linux-x86_64 | 3.1.18 | 21.73 | 221.82 | 243.55 | OK | |
| r-release-macos-arm64 | 3.1.18 | 10.00 | 55.00 | 65.00 | OK | |
| r-release-macos-x86_64 | 3.1.18 | 23.00 | 149.00 | 172.00 | OK | |
| r-release-windows-x86_64 | 3.1.18 | 26.00 | 222.00 | 248.00 | OK | |
| r-oldrel-macos-arm64 | 3.1.18 | 9.00 | 70.00 | 79.00 | WARN | |
| r-oldrel-macos-x86_64 | 3.1.18 | 21.00 | 189.00 | 210.00 | WARN | |
| r-oldrel-windows-x86_64 | 3.1.18 | 26.00 | 290.00 | 316.00 | WARN |
Version: 3.1.18
Check: Rd files
Result: NOTE
checkRd: (-1) RicePrepped.dat.Rd:12-55: Only 4 columns allowed in this table (row 2 has 1)
checkRd: (-1) growthPheno-pkg.Rd:20-219: Only 2 columns allowed in this table (row 1 has 1)
checkRd: (-1) growthPheno-pkg.Rd:20-219: Only 2 columns allowed in this table (row 2 has 1)
checkRd: (-1) growthPheno-pkg.Rd:20-219: Only 2 columns allowed in this table (row 9 has 1)
checkRd: (-1) growthPheno-pkg.Rd:20-219: Only 2 columns allowed in this table (row 10 has 1)
checkRd: (-1) growthPheno-pkg.Rd:20-219: Only 2 columns allowed in this table (row 11 has 1)
checkRd: (-1) growthPheno-pkg.Rd:20-219: Only 2 columns allowed in this table (row 22 has 1)
checkRd: (-1) growthPheno-pkg.Rd:20-219: Only 2 columns allowed in this table (row 23 has 1)
checkRd: (-1) growthPheno-pkg.Rd:20-219: Only 2 columns allowed in this table (row 24 has 1)
checkRd: (-1) growthPheno-pkg.Rd:20-219: Only 2 columns allowed in this table (row 32 has 1)
checkRd: (-1) growthPheno-pkg.Rd:20-219: Only 2 columns allowed in this table (row 33 has 1)
checkRd: (-1) growthPheno-pkg.Rd:20-219: Only 2 columns allowed in this table (row 34 has 1)
checkRd: (-1) growthPheno-pkg.Rd:20-219: Only 2 columns allowed in this table (row 56 has 1)
checkRd: (-1) growthPheno-pkg.Rd:20-219: Only 2 columns allowed in this table (row 57 has 1)
checkRd: (-1) growthPheno-pkg.Rd:20-219: Only 2 columns allowed in this table (row 58 has 1)
checkRd: (-1) growthPheno-pkg.Rd:20-219: Only 2 columns allowed in this table (row 59 has 1)
checkRd: (-1) growthPheno-pkg.Rd:20-219: Only 2 columns allowed in this table (row 60 has 1)
checkRd: (-1) growthPheno-pkg.Rd:20-219: Only 2 columns allowed in this table (row 100 has 1)
checkRd: (-1) growthPheno-pkg.Rd:20-219: Only 2 columns allowed in this table (row 101 has 1)
checkRd: (-1) growthPheno-pkg.Rd:20-219: Only 2 columns allowed in this table (row 102 has 1)
checkRd: (-1) growthPheno-pkg.Rd:20-219: Only 2 columns allowed in this table (row 119 has 1)
checkRd: (-1) growthPheno-pkg.Rd:20-219: Only 2 columns allowed in this table (row 120 has 1)
checkRd: (-1) growthPheno-pkg.Rd:20-219: Only 2 columns allowed in this table (row 121 has 1)
checkRd: (-1) growthPheno-pkg.Rd:20-219: Only 2 columns allowed in this table (row 135 has 1)
checkRd: (-1) growthPheno-pkg.Rd:20-219: Only 2 columns allowed in this table (row 136 has 1)
checkRd: (-1) growthPheno-pkg.Rd:20-219: Only 2 columns allowed in this table (row 137 has 1)
checkRd: (-1) tomato.dat.Rd:12-37: Only 4 columns allowed in this table (row 2 has 1)
Flavors: r-devel-linux-x86_64-debian-clang, r-devel-linux-x86_64-debian-gcc, r-devel-linux-x86_64-fedora-clang, r-devel-linux-x86_64-fedora-gcc, r-devel-windows-x86_64
Version: 3.1.18
Check: Rd cross-references
Result: WARN
Missing link or links in Rd file 'growthPheno-pkg.Rd':
‘byIndv4Times_periodicRates ’
See section 'Cross-references' in the 'Writing R Extensions' manual.
Flavors: r-oldrel-macos-arm64, r-oldrel-macos-x86_64, r-oldrel-windows-x86_64
These binaries (installable software) and packages are in development.
They may not be fully stable and should be used with caution. We make no claims about them.
Health stats visible at Monitor.