CRAN Package Check Results for Package groupdata2

Last updated on 2025-10-30 01:50:02 CET.

Flavor Version Tinstall Tcheck Ttotal Status Flags
r-devel-linux-x86_64-debian-clang 2.0.5 8.50 304.38 312.88 NOTE
r-devel-linux-x86_64-debian-gcc 2.0.5 5.50 205.72 211.22 NOTE
r-devel-linux-x86_64-fedora-clang 2.0.5 58.00 466.04 524.04 NOTE
r-devel-linux-x86_64-fedora-gcc 2.0.5 32.00 443.12 475.12 NOTE
r-devel-windows-x86_64 2.0.5 11.00 260.00 271.00 OK
r-patched-linux-x86_64 2.0.5 9.74 287.40 297.14 OK
r-release-linux-x86_64 2.0.5 7.38 284.76 292.14 OK
r-release-macos-arm64 2.0.5 4.00 140.00 144.00 OK
r-release-macos-x86_64 2.0.5 18.00 473.00 491.00 OK
r-release-windows-x86_64 2.0.5 12.00 256.00 268.00 OK
r-oldrel-macos-arm64 2.0.5 4.00 127.00 131.00 OK
r-oldrel-macos-x86_64 2.0.5 7.00 264.00 271.00 OK
r-oldrel-windows-x86_64 2.0.5 13.00 364.00 377.00 OK

Check Details

Version: 2.0.5
Check: Rd files
Result: NOTE checkRd: (-1) collapse_groups.Rd:414-426: Only 12 columns allowed in this table (row 1 has 8) checkRd: (-1) collapse_groups.Rd:414-426: Only 12 columns allowed in this table (row 2 has 8) checkRd: (-1) collapse_groups.Rd:414-426: Only 12 columns allowed in this table (row 3 has 8) checkRd: (-1) collapse_groups.Rd:414-426: Only 12 columns allowed in this table (row 4 has 8) checkRd: (-1) collapse_groups.Rd:414-426: Only 12 columns allowed in this table (row 5 has 8) checkRd: (-1) collapse_groups.Rd:414-426: Only 12 columns allowed in this table (row 6 has 8) checkRd: (-1) collapse_groups.Rd:414-426: Only 12 columns allowed in this table (row 7 has 8) checkRd: (-1) collapse_groups.Rd:414-426: Only 12 columns allowed in this table (row 8 has 8) Flavors: r-devel-linux-x86_64-debian-clang, r-devel-linux-x86_64-debian-gcc, r-devel-linux-x86_64-fedora-clang, r-devel-linux-x86_64-fedora-gcc

These binaries (installable software) and packages are in development.
They may not be fully stable and should be used with caution. We make no claims about them.
Health stats visible at Monitor.