CRAN Package Check Results for Package gromovlab

Last updated on 2025-05-15 07:49:40 CEST.

Flavor Version Tinstall Tcheck Ttotal Status Flags
r-devel-linux-x86_64-debian-clang 0.8-3 4.39 34.09 38.48 NOTE
r-devel-linux-x86_64-debian-gcc 0.8-3 3.07 26.17 29.24 NOTE
r-devel-linux-x86_64-fedora-clang 0.8-3 62.26 OK
r-devel-linux-x86_64-fedora-gcc 0.8-3 55.43 OK
r-devel-windows-x86_64 0.8-3 7.00 50.00 57.00 OK
r-patched-linux-x86_64 0.8-3 4.15 32.27 36.42 OK
r-release-linux-x86_64 0.8-3 3.72 32.59 36.31 OK
r-release-macos-arm64 0.8-3 OK
r-release-macos-x86_64 0.8-3 42.00 OK
r-release-windows-x86_64 0.8-3 6.00 51.00 57.00 OK
r-oldrel-macos-arm64 0.8-3 23.00 OK
r-oldrel-macos-x86_64 0.8-3 31.00 OK
r-oldrel-windows-x86_64 0.8-3 6.00 58.00 64.00 OK

Check Details

Version: 0.8-3
Check: CRAN incoming feasibility
Result: NOTE Maintainer: ‘Volkmar Liebscher <volkmar.liebscher@uni-greifswald.de>’ No Authors@R field in DESCRIPTION. Please add one, modifying Authors@R: person(given = "Volkmar", family = "Liebscher", role = c("aut", "cre"), email = "volkmar.liebscher@uni-greifswald.de") as necessary. The Description field contains <arXiv:1504.05795> for phylogenetic trees, but may apply to a diversity Please refer to arXiv e-prints via their arXiv DOI <doi:10.48550/arXiv.YYMM.NNNNN>. Flavors: r-devel-linux-x86_64-debian-clang, r-devel-linux-x86_64-debian-gcc

These binaries (installable software) and packages are in development.
They may not be fully stable and should be used with caution. We make no claims about them.
Health stats visible at Monitor.