Last updated on 2025-05-03 22:49:55 CEST.
Flavor | Version | Tinstall | Tcheck | Ttotal | Status | Flags |
---|---|---|---|---|---|---|
r-devel-linux-x86_64-debian-clang | 0.4-7 | 1.92 | 23.43 | 25.35 | NOTE | |
r-devel-linux-x86_64-debian-gcc | 0.4-7 | 1.47 | 20.07 | 21.54 | NOTE | |
r-devel-linux-x86_64-fedora-clang | 0.4-7 | 40.67 | NOTE | |||
r-devel-linux-x86_64-fedora-gcc | 0.4-7 | 52.08 | NOTE | |||
r-devel-windows-x86_64 | 0.4-7 | 2.00 | 69.00 | 71.00 | NOTE | |
r-patched-linux-x86_64 | 0.4-7 | 1.66 | 23.04 | 24.70 | NOTE | |
r-release-linux-x86_64 | NOTE | |||||
r-release-macos-arm64 | 0.4-7 | 24.00 | NOTE | |||
r-release-macos-x86_64 | 0.4-7 | 46.00 | NOTE | |||
r-release-windows-x86_64 | 0.4-7 | 4.00 | 60.00 | 64.00 | NOTE | |
r-oldrel-macos-arm64 | 0.4-7 | 29.00 | NOTE | |||
r-oldrel-macos-x86_64 | 0.4-7 | 54.00 | NOTE | |||
r-oldrel-windows-x86_64 | 0.4-7 | 3.00 | 59.00 | 62.00 | NOTE |
Version: 0.4-7
Check: CRAN incoming feasibility
Result: NOTE
Maintainer: ‘Paul Murrell <paul@stat.auckland.ac.nz>’
No Authors@R field in DESCRIPTION.
Please add one, modifying
Authors@R: person(given = "Paul",
family = "Murrell",
role = c("aut", "cre"),
email = "paul@stat.auckland.ac.nz")
as necessary.
Flavors: r-devel-linux-x86_64-debian-clang, r-devel-linux-x86_64-debian-gcc
Version: 0.4-7
Check: DESCRIPTION meta-information
Result: NOTE
Malformed Description field: should contain one or more complete sentences.
Flavors: r-devel-linux-x86_64-debian-clang, r-devel-linux-x86_64-debian-gcc, r-devel-linux-x86_64-fedora-clang, r-devel-linux-x86_64-fedora-gcc, r-devel-windows-x86_64, r-patched-linux-x86_64, r-release-linux-x86_64, r-release-macos-arm64, r-release-macos-x86_64, r-release-windows-x86_64, r-oldrel-macos-arm64, r-oldrel-macos-x86_64, r-oldrel-windows-x86_64
These binaries (installable software) and packages are in development.
They may not be fully stable and should be used with caution. We make no claims about them.
Health stats visible at Monitor.