Last updated on 2025-10-31 07:51:47 CET.
| Flavor | Version | Tinstall | Tcheck | Ttotal | Status | Flags | 
|---|---|---|---|---|---|---|
| r-devel-linux-x86_64-debian-clang | 0.7-4 | 16.41 | 122.70 | 139.11 | NOTE | |
| r-devel-linux-x86_64-debian-gcc | 0.7-4 | 9.37 | 86.50 | 95.87 | NOTE | |
| r-devel-linux-x86_64-fedora-clang | 0.7-4 | 88.00 | 133.49 | 221.49 | NOTE | |
| r-devel-linux-x86_64-fedora-gcc | 0.7-4 | 33.00 | 158.75 | 191.75 | NOTE | |
| r-devel-windows-x86_64 | 0.7-4 | 17.00 | 113.00 | 130.00 | NOTE | |
| r-patched-linux-x86_64 | 0.7-4 | 15.19 | 115.72 | 130.91 | NOTE | |
| r-release-linux-x86_64 | 0.7-4 | 15.82 | 112.19 | 128.01 | NOTE | |
| r-release-macos-arm64 | 0.7-4 | 7.00 | 42.00 | 49.00 | NOTE | |
| r-release-macos-x86_64 | 0.7-4 | 11.00 | 84.00 | 95.00 | NOTE | |
| r-release-windows-x86_64 | 0.7-4 | 17.00 | 115.00 | 132.00 | NOTE | |
| r-oldrel-macos-arm64 | 0.7-4 | 6.00 | 44.00 | 50.00 | NOTE | |
| r-oldrel-macos-x86_64 | 0.7-4 | 10.00 | 62.00 | 72.00 | NOTE | |
| r-oldrel-windows-x86_64 | 0.7-4 | 24.00 | 152.00 | 176.00 | NOTE | 
Version: 0.7-4
Check: CRAN incoming feasibility
Result: NOTE
  Maintainer: ‘Frank E Harrell Jr <fh@fharrell.com>’
  
  No Authors@R field in DESCRIPTION.
  Please add one, modifying
    Authors@R: person(given = c("Frank", "E"),
                      family = "Harrell Jr",
                      role = c("aut", "cre"),
                      email = "fh@fharrell.com")
  as necessary.
Flavors: r-devel-linux-x86_64-debian-clang, r-devel-linux-x86_64-debian-gcc
Version: 0.7-4
Check: R code for possible problems
Result: NOTE
  accrualReport: multiple local function definitions for ‘gg’ with
    different formal arguments
Flavors: r-devel-linux-x86_64-debian-clang, r-devel-linux-x86_64-debian-gcc, r-devel-linux-x86_64-fedora-clang, r-devel-linux-x86_64-fedora-gcc, r-devel-windows-x86_64, r-patched-linux-x86_64, r-release-linux-x86_64, r-release-macos-arm64, r-release-macos-x86_64, r-release-windows-x86_64, r-oldrel-macos-arm64, r-oldrel-macos-x86_64, r-oldrel-windows-x86_64
Version: 0.7-4
Check: Rd files
Result: NOTE
  checkRd: (-1) setgreportOption.Rd:12: Lost braces in \itemize; meant \describe ?
  checkRd: (-1) setgreportOption.Rd:13: Lost braces in \itemize; meant \describe ?
  checkRd: (-1) setgreportOption.Rd:14: Lost braces in \itemize; meant \describe ?
  checkRd: (-1) setgreportOption.Rd:15: Lost braces in \itemize; meant \describe ?
  checkRd: (-1) setgreportOption.Rd:16: Lost braces in \itemize; meant \describe ?
  checkRd: (-1) setgreportOption.Rd:17: Lost braces in \itemize; meant \describe ?
  checkRd: (-1) setgreportOption.Rd:18: Lost braces in \itemize; meant \describe ?
  checkRd: (-1) setgreportOption.Rd:19: Lost braces in \itemize; meant \describe ?
  checkRd: (-1) setgreportOption.Rd:20: Lost braces in \itemize; meant \describe ?
  checkRd: (-1) setgreportOption.Rd:21: Lost braces in \itemize; meant \describe ?
  checkRd: (-1) setgreportOption.Rd:22: Lost braces in \itemize; meant \describe ?
  checkRd: (-1) setgreportOption.Rd:23: Lost braces in \itemize; meant \describe ?
  checkRd: (-1) setgreportOption.Rd:24: Lost braces
      24 | \item{code{figpos}:}{LaTeX figure environment position; default is \code{"htb!"}}
         |           ^
  checkRd: (-1) setgreportOption.Rd:24: Lost braces in \itemize; meant \describe ?
  checkRd: (-1) setgreportOption.Rd:25: Lost braces in \itemize; meant \describe ?
  checkRd: (-1) setgreportOption.Rd:26: Lost braces in \itemize; meant \describe ?
  checkRd: (-1) setgreportOption.Rd:27: Lost braces in \itemize; meant \describe ?
  checkRd: (-1) setgreportOption.Rd:28: Lost braces in \itemize; meant \describe ?
  checkRd: (-1) setgreportOption.Rd:29: Lost braces in \itemize; meant \describe ?
Flavors: r-devel-linux-x86_64-debian-clang, r-devel-linux-x86_64-debian-gcc, r-devel-linux-x86_64-fedora-clang, r-devel-linux-x86_64-fedora-gcc, r-devel-windows-x86_64, r-patched-linux-x86_64, r-release-linux-x86_64, r-release-macos-arm64, r-release-macos-x86_64, r-release-windows-x86_64, r-oldrel-macos-arm64, r-oldrel-macos-x86_64, r-oldrel-windows-x86_64
These binaries (installable software) and packages are in development.
They may not be fully stable and should be used with caution. We make no claims about them.
Health stats visible at Monitor.