Last updated on 2025-02-23 19:51:06 CET.
Flavor | Version | Tinstall | Tcheck | Ttotal | Status | Flags |
---|---|---|---|---|---|---|
r-devel-linux-x86_64-debian-clang | 0.7-4 | 15.40 | 102.57 | 117.97 | NOTE | |
r-devel-linux-x86_64-debian-gcc | 0.7-4 | 9.03 | 71.41 | 80.44 | NOTE | |
r-devel-linux-x86_64-fedora-clang | 0.7-4 | 178.72 | NOTE | |||
r-devel-linux-x86_64-fedora-gcc | 0.7-4 | 175.20 | NOTE | |||
r-devel-macos-arm64 | 0.7-4 | 53.00 | NOTE | |||
r-devel-macos-x86_64 | 0.7-4 | 95.00 | NOTE | |||
r-devel-windows-x86_64 | 0.7-4 | 17.00 | 106.00 | 123.00 | NOTE | |
r-patched-linux-x86_64 | 0.7-4 | 10.15 | 96.50 | 106.65 | NOTE | |
r-release-linux-x86_64 | 0.7-4 | 14.14 | 95.18 | 109.32 | NOTE | |
r-release-macos-arm64 | 0.7-4 | 50.00 | NOTE | |||
r-release-macos-x86_64 | 0.7-4 | 72.00 | NOTE | |||
r-release-windows-x86_64 | 0.7-4 | 15.00 | 105.00 | 120.00 | NOTE | |
r-oldrel-macos-arm64 | 0.7-4 | 59.00 | NOTE | |||
r-oldrel-macos-x86_64 | 0.7-4 | 151.00 | NOTE | |||
r-oldrel-windows-x86_64 | 0.7-4 | 20.00 | 131.00 | 151.00 | NOTE |
Version: 0.7-4
Check: R code for possible problems
Result: NOTE
accrualReport: multiple local function definitions for ‘gg’ with
different formal arguments
Flavors: r-devel-linux-x86_64-debian-clang, r-devel-linux-x86_64-debian-gcc, r-devel-linux-x86_64-fedora-clang, r-devel-linux-x86_64-fedora-gcc, r-devel-macos-arm64, r-devel-macos-x86_64, r-devel-windows-x86_64, r-patched-linux-x86_64, r-release-linux-x86_64, r-release-macos-arm64, r-release-macos-x86_64, r-release-windows-x86_64, r-oldrel-macos-arm64, r-oldrel-macos-x86_64, r-oldrel-windows-x86_64
Version: 0.7-4
Check: Rd files
Result: NOTE
checkRd: (-1) setgreportOption.Rd:12: Lost braces in \itemize; meant \describe ?
checkRd: (-1) setgreportOption.Rd:13: Lost braces in \itemize; meant \describe ?
checkRd: (-1) setgreportOption.Rd:14: Lost braces in \itemize; meant \describe ?
checkRd: (-1) setgreportOption.Rd:15: Lost braces in \itemize; meant \describe ?
checkRd: (-1) setgreportOption.Rd:16: Lost braces in \itemize; meant \describe ?
checkRd: (-1) setgreportOption.Rd:17: Lost braces in \itemize; meant \describe ?
checkRd: (-1) setgreportOption.Rd:18: Lost braces in \itemize; meant \describe ?
checkRd: (-1) setgreportOption.Rd:19: Lost braces in \itemize; meant \describe ?
checkRd: (-1) setgreportOption.Rd:20: Lost braces in \itemize; meant \describe ?
checkRd: (-1) setgreportOption.Rd:21: Lost braces in \itemize; meant \describe ?
checkRd: (-1) setgreportOption.Rd:22: Lost braces in \itemize; meant \describe ?
checkRd: (-1) setgreportOption.Rd:23: Lost braces in \itemize; meant \describe ?
checkRd: (-1) setgreportOption.Rd:24: Lost braces
24 | \item{code{figpos}:}{LaTeX figure environment position; default is \code{"htb!"}}
| ^
checkRd: (-1) setgreportOption.Rd:24: Lost braces in \itemize; meant \describe ?
checkRd: (-1) setgreportOption.Rd:25: Lost braces in \itemize; meant \describe ?
checkRd: (-1) setgreportOption.Rd:26: Lost braces in \itemize; meant \describe ?
checkRd: (-1) setgreportOption.Rd:27: Lost braces in \itemize; meant \describe ?
checkRd: (-1) setgreportOption.Rd:28: Lost braces in \itemize; meant \describe ?
checkRd: (-1) setgreportOption.Rd:29: Lost braces in \itemize; meant \describe ?
Flavors: r-devel-linux-x86_64-debian-clang, r-devel-linux-x86_64-debian-gcc, r-devel-linux-x86_64-fedora-clang, r-devel-linux-x86_64-fedora-gcc, r-devel-macos-arm64, r-devel-macos-x86_64, r-devel-windows-x86_64, r-patched-linux-x86_64, r-release-linux-x86_64, r-release-macos-arm64, r-release-macos-x86_64, r-release-windows-x86_64
These binaries (installable software) and packages are in development.
They may not be fully stable and should be used with caution. We make no claims about them.
Health stats visible at Monitor.