Last updated on 2024-05-02 04:00:20 CEST.
Flavor | Version | Tinstall | Tcheck | Ttotal | Status | Flags |
---|---|---|---|---|---|---|
r-devel-linux-x86_64-debian-clang | 0.6.1 | 386.05 | 303.28 | 689.33 | NOTE | |
r-devel-linux-x86_64-debian-gcc | 0.6.1 | 326.43 | 225.00 | 551.43 | NOTE | |
r-devel-linux-x86_64-fedora-clang | 0.6.1 | 1047.08 | NOTE | |||
r-devel-linux-x86_64-fedora-gcc | 0.6.1 | 1093.16 | NOTE | |||
r-devel-windows-x86_64 | 0.6.1 | 305.00 | 306.00 | 611.00 | NOTE | |
r-patched-linux-x86_64 | 0.6.1 | 402.70 | 299.58 | 702.28 | NOTE | |
r-release-linux-x86_64 | 0.6.1 | 399.89 | 305.19 | 705.08 | NOTE | |
r-release-macos-arm64 | 0.6.1 | 196.00 | NOTE | |||
r-release-windows-x86_64 | 0.6.1 | 315.00 | 299.00 | 614.00 | NOTE | |
r-oldrel-macos-arm64 | 0.6.1 | 258.00 | NOTE | |||
r-oldrel-macos-x86_64 | 0.6.1 | 425.00 | NOTE | |||
r-oldrel-windows-x86_64 | 0.6.1 | 382.00 | 357.00 | 739.00 | NOTE |
Version: 0.6.1
Check: C++ specification
Result: NOTE
Specified C++11: please drop specification unless essential
Flavors: r-devel-linux-x86_64-debian-clang, r-devel-linux-x86_64-debian-gcc, r-devel-linux-x86_64-fedora-clang, r-devel-linux-x86_64-fedora-gcc, r-devel-windows-x86_64, r-patched-linux-x86_64, r-release-linux-x86_64, r-release-macos-arm64, r-release-windows-x86_64, r-oldrel-macos-arm64, r-oldrel-macos-x86_64, r-oldrel-windows-x86_64
Version: 0.6.1
Check: data for non-ASCII characters
Result: NOTE
Note: found 989 marked UTF-8 strings
Flavors: r-devel-linux-x86_64-fedora-clang, r-devel-linux-x86_64-fedora-gcc
Version: 0.6.1
Check: installed package size
Result: NOTE
installed size is 18.5Mb
sub-directories of 1Mb or more:
libs 16.1Mb
Flavors: r-release-macos-arm64, r-oldrel-macos-arm64, r-oldrel-macos-x86_64
These binaries (installable software) and packages are in development.
They may not be fully stable and should be used with caution. We make no claims about them.
Health stats visible at Monitor.