Last updated on 2025-05-15 13:51:01 CEST.
Flavor | Version | Tinstall | Tcheck | Ttotal | Status | Flags |
---|---|---|---|---|---|---|
r-devel-linux-x86_64-debian-clang | 1.0.3 | 9.53 | 81.06 | 90.59 | NOTE | |
r-devel-linux-x86_64-debian-gcc | 1.0.4 | 6.63 | 58.41 | 65.04 | OK | |
r-devel-linux-x86_64-fedora-clang | 1.0.4 | 145.99 | OK | |||
r-devel-linux-x86_64-fedora-gcc | 1.0.4 | 158.83 | OK | |||
r-devel-windows-x86_64 | 1.0.4 | 14.00 | 106.00 | 120.00 | OK | |
r-patched-linux-x86_64 | 1.0.4 | 9.37 | 75.51 | 84.88 | OK | |
r-release-linux-x86_64 | 1.0.3 | 8.82 | 75.29 | 84.11 | OK | |
r-release-macos-arm64 | 1.0.4 | 49.00 | OK | |||
r-release-macos-x86_64 | 1.0.4 | 106.00 | OK | |||
r-release-windows-x86_64 | 1.0.4 | 14.00 | 88.00 | 102.00 | OK | |
r-oldrel-macos-arm64 | 1.0.4 | 49.00 | OK | |||
r-oldrel-macos-x86_64 | 1.0.4 | 119.00 | NOTE | |||
r-oldrel-windows-x86_64 | 1.0.3 | 13.00 | 111.00 | 124.00 | OK |
Version: 1.0.3
Check: CRAN incoming feasibility
Result: NOTE
Maintainer: ‘S. Thomas Kelly <tomkellygenetics@gmail.com>’
Problems when reading CITATION file:
no package 'graphsim' was found
Package CITATION file contains call(s) to old-style personList() or
as.personList(). Please use c() on person objects instead.
Package CITATION file contains call(s) to old-style citEntry(). Please
use bibentry() instead.
Flavor: r-devel-linux-x86_64-debian-clang
Version: 1.0.4
Check: for unstated dependencies in vignettes
Result: NOTE
Warning in gzfile(file, mode) :
cannot open compressed file '/var/folders/2b/t0kwbtmn3p7brv2mvx39c9cr0000gn/T//RtmpyNX8tp/runrid2c45f212d27', probable reason 'No space left on device'
Error in gzfile(file, mode) : cannot open the connection
Execution halted
Flavor: r-oldrel-macos-x86_64
These binaries (installable software) and packages are in development.
They may not be fully stable and should be used with caution. We make no claims about them.
Health stats visible at Monitor.