Last updated on 2024-05-02 13:49:58 CEST.
Flavor | Version | Tinstall | Tcheck | Ttotal | Status | Flags |
---|---|---|---|---|---|---|
r-devel-linux-x86_64-debian-clang | 1.1.1 | 98.57 | 87.98 | 186.55 | OK | |
r-devel-linux-x86_64-debian-gcc | 1.1.1 | 75.63 | 65.44 | 141.07 | OK | |
r-devel-linux-x86_64-fedora-clang | 1.1.1 | 280.31 | NOTE | |||
r-devel-linux-x86_64-fedora-gcc | 1.1.1 | 277.78 | NOTE | |||
r-devel-windows-x86_64 | 1.1.1 | 75.00 | 119.00 | 194.00 | NOTE | |
r-patched-linux-x86_64 | 1.1.1 | 101.52 | 83.46 | 184.98 | OK | |
r-release-linux-x86_64 | 1.1.1 | 96.28 | 86.11 | 182.39 | OK | |
r-release-macos-arm64 | 1.1.1 | 55.00 | ERROR | |||
r-release-macos-x86_64 | 1.1.1 | 121.00 | NOTE | |||
r-release-windows-x86_64 | 1.1.1 | 75.00 | 124.00 | 199.00 | NOTE | |
r-oldrel-macos-arm64 | 1.1.1 | 66.00 | NOTE | |||
r-oldrel-macos-x86_64 | 1.1.1 | 107.00 | NOTE | |||
r-oldrel-windows-x86_64 | 1.1.1 | 91.00 | 143.00 | 234.00 | NOTE |
Version: 1.1.1
Check: data for non-ASCII characters
Result: NOTE
Note: found 22 marked UTF-8 strings
Flavors: r-devel-linux-x86_64-fedora-clang, r-devel-linux-x86_64-fedora-gcc
Version: 1.1.1
Check: installed package size
Result: NOTE
installed size is 5.3Mb
sub-directories of 1Mb or more:
doc 1.9Mb
help 2.0Mb
libs 1.1Mb
Flavors: r-devel-windows-x86_64, r-release-macos-arm64, r-release-macos-x86_64, r-release-windows-x86_64, r-oldrel-macos-arm64, r-oldrel-macos-x86_64, r-oldrel-windows-x86_64
Version: 1.1.1
Check: examples
Result: ERROR
Running examples in ‘graphlayouts-Ex.R’ failed
The error most likely occurred in:
> ### Name: annotate_circle
> ### Title: annotate concentric circles
> ### Aliases: annotate_circle
>
> ### ** Examples
>
> library(igraph)
Attaching package: ‘igraph’
The following objects are masked from ‘package:stats’:
decompose, spectrum
The following object is masked from ‘package:base’:
union
> library(ggraph)
Loading required package: ggplot2
Error: package or namespace load failed for ‘ggraph’ in loadNamespace(j <- i[[1L]], c(lib.loc, .libPaths()), versionCheck = vI[[j]]):
there is no package called ‘tweenr’
Execution halted
Flavor: r-release-macos-arm64
These binaries (installable software) and packages are in development.
They may not be fully stable and should be used with caution. We make no claims about them.
Health stats visible at Monitor.