Last updated on 2025-05-15 09:52:17 CEST.
Flavor | Version | Tinstall | Tcheck | Ttotal | Status | Flags |
---|---|---|---|---|---|---|
r-devel-linux-x86_64-debian-clang | 1.1.0 | 2.79 | 25.32 | 28.11 | NOTE | |
r-devel-linux-x86_64-debian-gcc | 1.1.0 | 1.96 | 20.15 | 22.11 | NOTE | |
r-devel-linux-x86_64-fedora-clang | 1.1.0 | 43.13 | NOTE | |||
r-devel-linux-x86_64-fedora-gcc | 1.1.0 | 39.53 | NOTE | |||
r-devel-windows-x86_64 | 1.1.0 | 5.00 | 46.00 | 51.00 | NOTE | |
r-patched-linux-x86_64 | 1.1.0 | 2.95 | 22.99 | 25.94 | NOTE | |
r-release-linux-x86_64 | 1.1.0 | 2.66 | 22.98 | 25.64 | NOTE | |
r-release-macos-arm64 | 1.1.0 | 19.00 | NOTE | |||
r-release-macos-x86_64 | 1.1.0 | 28.00 | NOTE | |||
r-release-windows-x86_64 | 1.1.0 | 6.00 | 47.00 | 53.00 | NOTE | |
r-oldrel-macos-arm64 | 1.1.0 | 20.00 | NOTE | |||
r-oldrel-macos-x86_64 | 1.1.0 | 25.00 | NOTE | |||
r-oldrel-windows-x86_64 | 1.1.0 | 6.00 | 51.00 | 57.00 | NOTE |
Version: 1.1.0
Check: CRAN incoming feasibility
Result: NOTE
Maintainer: ‘Pratheesh P. Gopinath <grapescoa@gmail.com>’
Package CITATION file contains call(s) to old-style personList() or
as.personList(). Please use c() on person objects instead.
Package CITATION file contains call(s) to old-style citEntry(). Please
use bibentry() instead.
Flavors: r-devel-linux-x86_64-debian-clang, r-devel-linux-x86_64-debian-gcc
Version: 1.1.0
Check: DESCRIPTION meta-information
Result: NOTE
Author field differs from that derived from Authors@R
Author: ‘Pratheesh P. Gopinath [aut, cre] (<https://orcid.org/0000-0003-3290-0436>), Rajender Parsad [aut], Brigit Joseph [aut], Adarsh. V.S. [aut], Kerala Agricultural University [cph] (http://www.kau.in/)’
Authors@R: ‘Pratheesh P. Gopinath [aut, cre] (ORCID: <https://orcid.org/0000-0003-3290-0436>), Rajender Parsad [aut], Brigit Joseph [aut], Adarsh. V.S. [aut], Kerala Agricultural University [cph] (url: http://www.kau.in/)’
Flavors: r-devel-linux-x86_64-debian-clang, r-devel-linux-x86_64-debian-gcc
Version: 1.1.0
Check: Rd files
Result: NOTE
checkRd: (-1) corrApp.Rd:40: Escaped LaTeX specials: \&
checkRd: (-1) crdApp.Rd:46: Escaped LaTeX specials: \&
checkRd: (-1) descApp.Rd:55: Escaped LaTeX specials: \&
checkRd: (-1) layoutApp.Rd:50: Escaped LaTeX specials: \&
checkRd: (-1) rbdApp.Rd:46: Escaped LaTeX specials: \&
checkRd: (-1) ttApp.Rd:43: Escaped LaTeX specials: \&
Flavors: r-devel-linux-x86_64-debian-clang, r-devel-linux-x86_64-debian-gcc, r-devel-linux-x86_64-fedora-clang, r-devel-linux-x86_64-fedora-gcc, r-devel-windows-x86_64, r-patched-linux-x86_64, r-release-linux-x86_64, r-release-macos-arm64, r-release-macos-x86_64, r-release-windows-x86_64, r-oldrel-macos-arm64, r-oldrel-macos-x86_64, r-oldrel-windows-x86_64
Version: 1.1.0
Check: dependencies in R code
Result: NOTE
Namespaces in Imports field not imported from:
‘Hmisc’ ‘PairedData’ ‘RColorBrewer’ ‘agricolae’ ‘corrplot’ ‘desplot’
‘dplyr’ ‘ggplot2’ ‘ggpubr’ ‘gridGraphics’ ‘gtools’ ‘kableExtra’
‘knitr’ ‘magrittr’ ‘pastecs’ ‘reshape2’ ‘rmarkdown’ ‘shinyWidgets’
‘summarytools’
All declared Imports should be used.
Flavors: r-devel-linux-x86_64-fedora-clang, r-devel-linux-x86_64-fedora-gcc
These binaries (installable software) and packages are in development.
They may not be fully stable and should be used with caution. We make no claims about them.
Health stats visible at Monitor.