Last updated on 2025-05-15 09:52:17 CEST.
Flavor | Version | Tinstall | Tcheck | Ttotal | Status | Flags |
---|---|---|---|---|---|---|
r-devel-linux-x86_64-debian-clang | 0.1.0 | 3.20 | 36.18 | 39.38 | NOTE | |
r-devel-linux-x86_64-debian-gcc | 0.1.0 | 3.06 | 27.95 | 31.01 | NOTE | |
r-devel-linux-x86_64-fedora-clang | 0.1.0 | 66.49 | NOTE | |||
r-devel-linux-x86_64-fedora-gcc | 0.1.0 | 62.77 | NOTE | |||
r-devel-windows-x86_64 | 0.1.0 | 7.00 | 55.00 | 62.00 | NOTE | |
r-patched-linux-x86_64 | 0.1.0 | 4.88 | 34.93 | 39.81 | NOTE | |
r-release-linux-x86_64 | 0.1.0 | 4.09 | 33.92 | 38.01 | NOTE | |
r-release-macos-arm64 | 0.1.0 | 25.00 | NOTE | |||
r-release-macos-x86_64 | 0.1.0 | 40.00 | NOTE | |||
r-release-windows-x86_64 | 0.1.0 | 7.00 | 58.00 | 65.00 | NOTE | |
r-oldrel-macos-arm64 | 0.1.0 | 23.00 | NOTE | |||
r-oldrel-macos-x86_64 | 0.1.0 | 32.00 | NOTE | |||
r-oldrel-windows-x86_64 | 0.1.0 | 7.00 | 62.00 | 69.00 | NOTE |
Version: 0.1.0
Check: CRAN incoming feasibility
Result: NOTE
Maintainer: ‘Matteo Farne' <matteo.farne2@unibo.it>’
No Authors@R field in DESCRIPTION.
Please add one, modifying
Authors@R: c(person(given = "Matteo",
family = "Farne'",
role = c("aut", "cre"),
email = "matteo.farne2@unibo.it"),
person(given = "Angela",
family = "Montanari",
role = "aut",
email = "angela.montanari@unibo.it"))
as necessary.
The Description field contains
Farne' and Montanari, 2018 <arXiv:1803.00374>.
Please refer to arXiv e-prints via their arXiv DOI <doi:10.48550/arXiv.YYMM.NNNNN>.
Flavors: r-devel-linux-x86_64-debian-clang, r-devel-linux-x86_64-debian-gcc
Version: 0.1.0
Check: Rd files
Result: NOTE
checkRd: (-1) Granger.inference.difference.Rd:65: Lost braces; missing escapes or markup?
65 | least one root larger than one) on bootstrapped \verb{x} and {y}.
| ^
checkRd: (-1) Granger.inference.difference.Rd:68: Lost braces; missing escapes or markup?
68 | least one root larger than one) on bootstrapped \verb{x} and {z}.
| ^
checkRd: (-1) Granger.inference.difference.Rd:71: Lost braces; missing escapes or markup?
71 | least one root larger than one) on bootstrapped \verb{x}, \verb{y} and {z}.
| ^
Flavors: r-devel-linux-x86_64-debian-clang, r-devel-linux-x86_64-debian-gcc, r-devel-linux-x86_64-fedora-clang, r-devel-linux-x86_64-fedora-gcc, r-devel-windows-x86_64, r-patched-linux-x86_64, r-release-linux-x86_64, r-release-macos-arm64, r-release-macos-x86_64, r-release-windows-x86_64, r-oldrel-macos-arm64, r-oldrel-macos-x86_64, r-oldrel-windows-x86_64
These binaries (installable software) and packages are in development.
They may not be fully stable and should be used with caution. We make no claims about them.
Health stats visible at Monitor.